{"id":2873,"date":"2026-04-22T17:52:44","date_gmt":"2026-04-22T20:52:44","guid":{"rendered":"https:\/\/repositorio.abejor.org.br\/?post_type=evento&#038;p=2873"},"modified":"2026-04-22T17:52:44","modified_gmt":"2026-04-22T20:52:44","slug":"2o-encontro-regional-sudeste-de-ensino-de-jornalismo-erejor-sudeste","status":"publish","type":"evento","link":"https:\/\/repositorio.abejor.org.br\/index.php\/evento\/2o-encontro-regional-sudeste-de-ensino-de-jornalismo-erejor-sudeste\/","title":{"rendered":"2\u00ba Encontro Regional Sudeste de Ensino de Jornalismo (Erejor Sudeste)"},"excerpt":{"rendered":"<p>A extens\u00e3o na forma\u00e7\u00e3o em Jornalismo foi a tem\u00e1tica central Erejor Sudeste 2024, que ocorreu nos dia 10 e 11 de dezembro, de forma remota.<\/p>\n<p>Organizado pelo Programa de P\u00f3s-Gradua\u00e7\u00e3o em Comunica\u00e7\u00e3o e Territorialidades da Universidade Federal do Esp\u00edrito Santo  (Poscom UFES), o evento deu foco para a curriculariza\u00e7\u00e3o da extens\u00e3o. <\/p>\n<p>Regulamentada pela Resolu\u00e7\u00e3o n\u00ba 7 MEC\/CNE\/CES, de 18 de dezembro de 2018 (CNE &#8211; Conselho Nacional de Educa\u00e7\u00e3o), a curriculariza\u00e7\u00e3o da extens\u00e3o, ou credita\u00e7\u00e3o curricular da extens\u00e3o, \u00e9 tema em pauta nos cursos de Jornalismo.<\/p>\n<p>Para quem j\u00e1 incluiu as atividades de extens\u00e3o em pelo menos 10% da carga hor\u00e1ria curricular, ou para docentes, estudantes e coordenadores de cursos que ainda estudam a altera\u00e7\u00e3o do PPC, o tema \u00e9 um excelente oportunidade para refletir sobre os desafios e trocas experi\u00eancias sobre o ensino de Jornalismo.<\/p>\n","protected":false},"featured_media":2877,"parent":0,"template":"","class_list":["post-2873","evento","type-evento","status-publish","has-post-thumbnail","hentry"],"_links":{"self":[{"href":"https:\/\/repositorio.abejor.org.br\/index.php\/wp-json\/wp\/v2\/evento\/2873","targetHints":{"allow":["GET"]}}],"collection":[{"href":"https:\/\/repositorio.abejor.org.br\/index.php\/wp-json\/wp\/v2\/evento"}],"about":[{"href":"https:\/\/repositorio.abejor.org.br\/index.php\/wp-json\/wp\/v2\/types\/evento"}],"wp:featuredmedia":[{"embeddable":true,"href":"https:\/\/repositorio.abejor.org.br\/index.php\/wp-json\/wp\/v2\/media\/2877"}],"wp:attachment":[{"href":"https:\/\/repositorio.abejor.org.br\/index.php\/wp-json\/wp\/v2\/media?parent=2873"}],"curies":[{"name":"wp","href":"https:\/\/api.w.org\/{rel}","templated":true}]}}

2º Encontro Regional Sudeste de Ensino de Jornalismo (Erejor Sudeste)

<p>A extensão na formação em Jornalismo foi a temática central Erejor Sudeste 2024, que ocorreu nos dia 10 e 11 de dezembro, de forma remota.</p>
<p>Organizado pelo Programa de Pós-Graduação em Comunicação e Territorialidades da Universidade Federal do Espírito Santo  (Poscom UFES), o evento deu foco para a curricularização da extensão. </p>
<p>Regulamentada pela Resolução nº 7 MEC/CNE/CES, de 18 de dezembro de 2018 (CNE &#8211; Conselho Nacional de Educação), a curricularização da extensão, ou creditação curricular da extensão, é tema em pauta nos cursos de Jornalismo.</p>
<p>Para quem já incluiu as atividades de extensão em pelo menos 10% da carga horária curricular, ou para docentes, estudantes e coordenadores de cursos que ainda estudam a alteração do PPC, o tema é um excelente oportunidade para refletir sobre os desafios e trocas experiências sobre o ensino de Jornalismo.</p>
