{"id":994,"date":"2023-10-07T09:04:58","date_gmt":"2023-10-07T12:04:58","guid":{"rendered":"https:\/\/repositorio.abejor.org.br\/?post_type=anal&#038;p=994"},"modified":"2023-10-07T09:04:58","modified_gmt":"2023-10-07T12:04:58","slug":"telejornalismo-na-ufca-inovacao-e-convergencia-na-producao-laboratorial","status":"publish","type":"anal","link":"https:\/\/repositorio.abejor.org.br\/?anal=telejornalismo-na-ufca-inovacao-e-convergencia-na-producao-laboratorial","title":{"rendered":"TELEJORNALISMO NA UFCA: INOVA\u00c7\u00c3O E CONVERG\u00caNCIA NA PRODU\u00c7\u00c3O LABORATORIAL"},"excerpt":{"rendered":"<p>O objetivo do relato \u00e9 verificar as altera\u00e7\u00f5es que as novas tecnologias digitais causam no ensino<br \/>\nde telejornalismo na Universidade Federal do Cariri (UFCA).<\/p>\n","protected":false},"template":"","grupo_pesquisa":[11],"class_list":["post-994","anal","type-anal","status-publish","hentry","grupo_pesquisa-pesquisa-na-graduacao"],"arquivo":{"ID":"995","post_author":"2","post_date":"2023-10-07 09:04:36","post_date_gmt":"2023-10-07 12:04:36","post_content":"","post_title":"Silvia","post_excerpt":"","post_status":"inherit","comment_status":"open","ping_status":"closed","post_password":"","post_name":"silvia","to_ping":"","pinged":"","post_modified":"2023-10-07 09:04:40","post_modified_gmt":"2023-10-07 12:04:40","post_content_filtered":"","post_parent":"994","guid":"https:\/\/repositorio.abejor.org.br\/wp-content\/uploads\/2023\/10\/Silvia.pdf","menu_order":"0","post_type":"attachment","post_mime_type":"application\/pdf","comment_count":"0","pod_item_id":"995"},"autor":"Paulo Eduardo Silva Lins Cajazeira; Jainara de Sousa Sabino; Alan Clyverton da Silva","palavras_chaves":"Ensino, Inova\u00e7\u00e3o, Tecnologias digitais, Telejornalismo","evento":[{"ID":932,"post_title":"17\u00ba Encontro Nacional de Professores de Jornalismo","post_content":"","post_excerpt":"O 17\u00ba Encontro Nacional de Professores de Jornalismo (17\u00ba ENPJ), que ocorreu entre os dias 18 a 20 de abril de 2018, em Palmas (TO). A organiza\u00e7\u00e3o local do 17\u00ba ENPJ esteve sob a responsabilidade do Curso de Jornalismo da Universidade Federal do Tocantins (UFT).","post_author":"2","post_date":"2018-04-18 07:55:44","post_date_gmt":"2018-04-18 10:55:44","post_status":"publish","comment_status":"closed","ping_status":"closed","post_password":"","post_name":"o-17o-encontro-nacional-de-professores-de-jornalismo-17o-enpj","to_ping":"","pinged":"","post_modified":"2026-04-06 20:00:11","post_modified_gmt":"2026-04-06 23:00:11","post_content_filtered":"","post_parent":0,"guid":"https:\/\/repositorio.abejor.org.br\/?post_type=evento&#038;p=932","menu_order":0,"post_type":"evento","post_mime_type":"","comment_count":"0","comments":false,"_thumbnail_id":["933","2","2023-10-07 07:51:17","2023-10-07 10:51:17","","17","","inherit","open","closed","","17","","","2023-10-07 07:51:17","2023-10-07 10:51:17","","932","https:\/\/repositorio.abejor.org.br\/wp-content\/uploads\/2023\/10\/17.jpg","0","attachment","image\/jpeg","0","933"],"id":932}],"grupo_de_pesquisa":[{"term_id":11,"name":"Pesquisa na Gradua\u00e7\u00e3o","slug":"pesquisa-na-graduacao","description":"","taxonomy":"grupo_pesquisa","parent":0,"term_taxonomy_id":11,"term_group":0,"count":316,"object_id":null,"term_order":null,"id":11}],"_links":{"self":[{"href":"https:\/\/repositorio.abejor.org.br\/index.php\/wp-json\/wp\/v2\/anal\/994","targetHints":{"allow":["GET"]}}],"collection":[{"href":"https:\/\/repositorio.abejor.org.br\/index.php\/wp-json\/wp\/v2\/anal"}],"about":[{"href":"https:\/\/repositorio.abejor.org.br\/index.php\/wp-json\/wp\/v2\/types\/anal"}],"wp:attachment":[{"href":"https:\/\/repositorio.abejor.org.br\/index.php\/wp-json\/wp\/v2\/media?parent=994"}],"wp:term":[{"taxonomy":"grupo_pesquisa","embeddable":true,"href":"https:\/\/repositorio.abejor.org.br\/index.php\/wp-json\/wp\/v2\/grupo_pesquisa?post=994"}],"curies":[{"name":"wp","href":"https:\/\/api.w.org\/{rel}","templated":true}]}}

TELEJORNALISMO NA UFCA: INOVAÇÃO E CONVERGÊNCIA NA PRODUÇÃO LABORATORIAL

<p>O objetivo do relato é verificar as alterações que as novas tecnologias digitais causam no ensino<br />
de telejornalismo na Universidade Federal do Cariri (UFCA).</p>

Ensino, Inovação, Tecnologias digitais, Telejornalismo

17º Encontro Nacional de Professores de Jornalismo

O 17º Encontro Nacional de Professores de Jornalismo (17º ENPJ), que ocorreu entre os dias 18 a 20 de abril de 2018, em Palmas (TO). A organização local do 17º ENPJ esteve sob a responsabilidade do Curso de Jornalismo da Universidade Federal do Tocantins (UFT).

Pesquisa na Graduação
