{"id":989,"date":"2023-10-07T09:00:04","date_gmt":"2023-10-07T12:00:04","guid":{"rendered":"https:\/\/repositorio.abejor.org.br\/?post_type=anal&#038;p=989"},"modified":"2023-10-07T09:00:04","modified_gmt":"2023-10-07T12:00:04","slug":"experimentando-a-indissociabilidade-na-pratica-em-sala-de-aula","status":"publish","type":"anal","link":"https:\/\/repositorio.abejor.org.br\/?anal=experimentando-a-indissociabilidade-na-pratica-em-sala-de-aula","title":{"rendered":"EXPERIMENTANDO A INDISSOCIABILIDADE NA PR\u00c1TICA, EM SALA DE AULA"},"excerpt":{"rendered":"<p> Este relato apresenta uma experi\u00eancia de constru\u00e7\u00e3o coletiva de um banco<br \/>\nde dados sobre posicionamento ideol\u00f3gico e gosto musical, feito em sala de aula, com duas<br \/>\nturmas de Teoria da Comunica\u00e7\u00e3o.<\/p>\n","protected":false},"template":"","grupo_pesquisa":[11],"class_list":["post-989","anal","type-anal","status-publish","hentry","grupo_pesquisa-pesquisa-na-graduacao"],"arquivo":{"ID":"990","post_author":"2","post_date":"2023-10-07 08:59:39","post_date_gmt":"2023-10-07 11:59:39","post_content":"","post_title":"messagi jr","post_excerpt":"","post_status":"inherit","comment_status":"open","ping_status":"closed","post_password":"","post_name":"messagi-jr","to_ping":"","pinged":"","post_modified":"2023-10-07 08:59:55","post_modified_gmt":"2023-10-07 11:59:55","post_content_filtered":"","post_parent":"989","guid":"https:\/\/repositorio.abejor.org.br\/wp-content\/uploads\/2023\/10\/messagi-jr.pdf","menu_order":"0","post_type":"attachment","post_mime_type":"application\/pdf","comment_count":"0","pod_item_id":"990"},"autor":"M\u00c1RIO MESSAGI J\u00daNIOR","palavras_chaves":"Indissociabilidade entre ensino, pesquisa e extens\u00e3o Escola de Frankfurt Pesquisa quantitativa","evento":[{"ID":932,"post_title":"17\u00ba Encontro Nacional de Professores de Jornalismo","post_content":"","post_excerpt":"O 17\u00ba Encontro Nacional de Professores de Jornalismo (17\u00ba ENPJ), que ocorreu entre os dias 18 a 20 de abril de 2018, em Palmas (TO). A organiza\u00e7\u00e3o local do 17\u00ba ENPJ esteve sob a responsabilidade do Curso de Jornalismo da Universidade Federal do Tocantins (UFT).","post_author":"2","post_date":"2018-04-18 07:55:44","post_date_gmt":"2018-04-18 10:55:44","post_status":"publish","comment_status":"closed","ping_status":"closed","post_password":"","post_name":"o-17o-encontro-nacional-de-professores-de-jornalismo-17o-enpj","to_ping":"","pinged":"","post_modified":"2026-04-06 20:00:11","post_modified_gmt":"2026-04-06 23:00:11","post_content_filtered":"","post_parent":0,"guid":"https:\/\/repositorio.abejor.org.br\/?post_type=evento&#038;p=932","menu_order":0,"post_type":"evento","post_mime_type":"","comment_count":"0","comments":false,"_thumbnail_id":["933","2","2023-10-07 07:51:17","2023-10-07 10:51:17","","17","","inherit","open","closed","","17","","","2023-10-07 07:51:17","2023-10-07 10:51:17","","932","https:\/\/repositorio.abejor.org.br\/wp-content\/uploads\/2023\/10\/17.jpg","0","attachment","image\/jpeg","0","933"],"id":932}],"grupo_de_pesquisa":[{"term_id":11,"name":"Pesquisa na Gradua\u00e7\u00e3o","slug":"pesquisa-na-graduacao","description":"","taxonomy":"grupo_pesquisa","parent":0,"term_taxonomy_id":11,"term_group":0,"count":316,"object_id":null,"term_order":null,"id":11}],"_links":{"self":[{"href":"https:\/\/repositorio.abejor.org.br\/index.php\/wp-json\/wp\/v2\/anal\/989","targetHints":{"allow":["GET"]}}],"collection":[{"href":"https:\/\/repositorio.abejor.org.br\/index.php\/wp-json\/wp\/v2\/anal"}],"about":[{"href":"https:\/\/repositorio.abejor.org.br\/index.php\/wp-json\/wp\/v2\/types\/anal"}],"wp:attachment":[{"href":"https:\/\/repositorio.abejor.org.br\/index.php\/wp-json\/wp\/v2\/media?parent=989"}],"wp:term":[{"taxonomy":"grupo_pesquisa","embeddable":true,"href":"https:\/\/repositorio.abejor.org.br\/index.php\/wp-json\/wp\/v2\/grupo_pesquisa?post=989"}],"curies":[{"name":"wp","href":"https:\/\/api.w.org\/{rel}","templated":true}]}}

EXPERIMENTANDO A INDISSOCIABILIDADE NA PRÁTICA, EM SALA DE AULA

<p> Este relato apresenta uma experiência de construção coletiva de um banco<br />
de dados sobre posicionamento ideológico e gosto musical, feito em sala de aula, com duas<br />
turmas de Teoria da Comunicação.</p>

MÁRIO MESSAGI JÚNIOR

Indissociabilidade entre ensino, pesquisa e extensão Escola de Frankfurt Pesquisa quantitativa

17º Encontro Nacional de Professores de Jornalismo

O 17º Encontro Nacional de Professores de Jornalismo (17º ENPJ), que ocorreu entre os dias 18 a 20 de abril de 2018, em Palmas (TO). A organização local do 17º ENPJ esteve sob a responsabilidade do Curso de Jornalismo da Universidade Federal do Tocantins (UFT).

Pesquisa na Graduação
