{"id":978,"date":"2023-10-07T08:40:44","date_gmt":"2023-10-07T11:40:44","guid":{"rendered":"https:\/\/repositorio.abejor.org.br\/?post_type=anal&#038;p=978"},"modified":"2023-10-07T08:40:44","modified_gmt":"2023-10-07T11:40:44","slug":"ensino-e-formacao-profissional-em-jornalismo-na-espanha-um-retrato-das-condicoes-de-oferta-e-especificidades-da-graduacao-universitaria","status":"publish","type":"anal","link":"https:\/\/repositorio.abejor.org.br\/?anal=ensino-e-formacao-profissional-em-jornalismo-na-espanha-um-retrato-das-condicoes-de-oferta-e-especificidades-da-graduacao-universitaria","title":{"rendered":"ENSINO E FORMA\u00c7\u00c3O PROFISSIONAL EM JORNALISMO NA ESPANHA: UM RETRATO DAS CONDI\u00c7\u00d5ES DE OFERTA E ESPECIFICIDADES DA GRADUA\u00c7\u00c3O UNIVERSIT\u00c1RIA"},"excerpt":{"rendered":"<p> Quais as principais caracter\u00edsticas do atual modelo organizacional do ensino<br \/>\nuniversit\u00e1rio de Jornalismo na Espanha? Esta \u00e9 a pergunta que norteia o presente texto,<br \/>\nresultado de uma investiga\u00e7\u00e3o realizada pelo autor no segundo semestre de 2017, tomando por<br \/>\nbase as atuais refer\u00eancias bibliogr\u00e1ficas sobre o tema e o funcionamento de tr\u00eas universidades<br \/>\np\u00fablicas na regi\u00e3o metropolitana da capital espanhola (Comunidade de Madrid) que ofertam<br \/>\ncursos de gradua\u00e7\u00e3o em Periodismo.<\/p>\n","protected":false},"template":"","grupo_pesquisa":[11],"class_list":["post-978","anal","type-anal","status-publish","hentry","grupo_pesquisa-pesquisa-na-graduacao"],"arquivo":{"ID":"979","post_author":"2","post_date":"2023-10-07 08:39:52","post_date_gmt":"2023-10-07 11:39:52","post_content":"","post_title":"140-479-1-PB","post_excerpt":"","post_status":"inherit","comment_status":"open","ping_status":"closed","post_password":"","post_name":"140-479-1-pb","to_ping":"","pinged":"","post_modified":"2023-10-07 08:40:37","post_modified_gmt":"2023-10-07 11:40:37","post_content_filtered":"","post_parent":"978","guid":"https:\/\/repositorio.abejor.org.br\/wp-content\/uploads\/2023\/10\/140-479-1-PB.pdf","menu_order":"0","post_type":"attachment","post_mime_type":"application\/pdf","comment_count":"0","pod_item_id":"979"},"autor":"S\u00e9rgio Luiz Gadini","palavras_chaves":"Ensino de Jornalismo na Espanha, Forma\u00e7\u00e3o period\u00edstica profissional,\nCaracter\u00edsticas da Gradua\u00e7\u00e3o em Jornalismo, Espa\u00e7o Europeu de Educa\u00e7\u00e3o Superior (EEES)","evento":[{"ID":932,"post_title":"17\u00ba Encontro Nacional de Professores de Jornalismo","post_content":"","post_excerpt":"O 17\u00ba Encontro Nacional de Professores de Jornalismo (17\u00ba ENPJ), que ocorreu entre os dias 18 a 20 de abril de 2018, em Palmas (TO). A organiza\u00e7\u00e3o local do 17\u00ba ENPJ esteve sob a responsabilidade do Curso de Jornalismo da Universidade Federal do Tocantins (UFT).","post_author":"2","post_date":"2018-04-18 07:55:44","post_date_gmt":"2018-04-18 10:55:44","post_status":"publish","comment_status":"closed","ping_status":"closed","post_password":"","post_name":"o-17o-encontro-nacional-de-professores-de-jornalismo-17o-enpj","to_ping":"","pinged":"","post_modified":"2026-04-06 20:00:11","post_modified_gmt":"2026-04-06 23:00:11","post_content_filtered":"","post_parent":0,"guid":"https:\/\/repositorio.abejor.org.br\/?post_type=evento&#038;p=932","menu_order":0,"post_type":"evento","post_mime_type":"","comment_count":"0","comments":false,"_thumbnail_id":["933","2","2023-10-07 07:51:17","2023-10-07 10:51:17","","17","","inherit","open","closed","","17","","","2023-10-07 07:51:17","2023-10-07 10:51:17","","932","https:\/\/repositorio.abejor.org.br\/wp-content\/uploads\/2023\/10\/17.jpg","0","attachment","image\/jpeg","0","933"],"id":932}],"grupo_de_pesquisa":[{"term_id":11,"name":"Pesquisa na Gradua\u00e7\u00e3o","slug":"pesquisa-na-graduacao","description":"","taxonomy":"grupo_pesquisa","parent":0,"term_taxonomy_id":11,"term_group":0,"count":316,"object_id":null,"term_order":null,"id":11}],"_links":{"self":[{"href":"https:\/\/repositorio.abejor.org.br\/index.php\/wp-json\/wp\/v2\/anal\/978","targetHints":{"allow":["GET"]}}],"collection":[{"href":"https:\/\/repositorio.abejor.org.br\/index.php\/wp-json\/wp\/v2\/anal"}],"about":[{"href":"https:\/\/repositorio.abejor.org.br\/index.php\/wp-json\/wp\/v2\/types\/anal"}],"wp:attachment":[{"href":"https:\/\/repositorio.abejor.org.br\/index.php\/wp-json\/wp\/v2\/media?parent=978"}],"wp:term":[{"taxonomy":"grupo_pesquisa","embeddable":true,"href":"https:\/\/repositorio.abejor.org.br\/index.php\/wp-json\/wp\/v2\/grupo_pesquisa?post=978"}],"curies":[{"name":"wp","href":"https:\/\/api.w.org\/{rel}","templated":true}]}}

ENSINO E FORMAÇÃO PROFISSIONAL EM JORNALISMO NA ESPANHA: UM RETRATO DAS CONDIÇÕES DE OFERTA E ESPECIFICIDADES DA GRADUAÇÃO UNIVERSITÁRIA

<p> Quais as principais características do atual modelo organizacional do ensino<br />
universitário de Jornalismo na Espanha? Esta é a pergunta que norteia o presente texto,<br />
resultado de uma investigação realizada pelo autor no segundo semestre de 2017, tomando por<br />
base as atuais referências bibliográficas sobre o tema e o funcionamento de três universidades<br />
públicas na região metropolitana da capital espanhola (Comunidade de Madrid) que ofertam<br />
cursos de graduação em Periodismo.</p>

Sérgio Luiz Gadini

Ensino de Jornalismo na Espanha, Formação periodística profissional,
Características da Graduação em Jornalismo, Espaço Europeu de Educação Superior (EEES)

17º Encontro Nacional de Professores de Jornalismo

O 17º Encontro Nacional de Professores de Jornalismo (17º ENPJ), que ocorreu entre os dias 18 a 20 de abril de 2018, em Palmas (TO). A organização local do 17º ENPJ esteve sob a responsabilidade do Curso de Jornalismo da Universidade Federal do Tocantins (UFT).

Pesquisa na Graduação
