{"id":976,"date":"2023-10-07T08:37:19","date_gmt":"2023-10-07T11:37:19","guid":{"rendered":"https:\/\/repositorio.abejor.org.br\/?post_type=anal&#038;p=976"},"modified":"2023-10-07T08:37:19","modified_gmt":"2023-10-07T11:37:19","slug":"floripa-pinhole-a-utilizacao-de-tecnicas-primitivas-de-registro-fotografico-para-o-desenvolvimento-de-habilidades-com-a-fotografia-contemporanea","status":"publish","type":"anal","link":"https:\/\/repositorio.abejor.org.br\/?anal=floripa-pinhole-a-utilizacao-de-tecnicas-primitivas-de-registro-fotografico-para-o-desenvolvimento-de-habilidades-com-a-fotografia-contemporanea","title":{"rendered":"FLORIPA PINHOLE: A UTILIZA\u00c7\u00c3O DE T\u00c9CNICAS PRIMITIVAS DE REGISTRO FOTOGR\u00c1FICO PARA O DESENVOLVIMENTO DE HABILIDADES COM A FOTOGRAFIA CONTEMPOR\u00c2NEA"},"excerpt":{"rendered":"<p>Este trabalho apresenta um relato do primeiro ano de funcionamento do Projeto de Extens\u00e3o<br \/>\nFloripa Pinhole, desenvolvido por tr\u00eas professores do curso de Jornalismo da Universidade<br \/>\nFederal de Santa Catarina e aberto \u00e0 comunidade acad\u00eamica em geral. O projeto tem como<br \/>\nprincipal objetivo fotografar a cidade de Florian\u00f3polis com uma c\u00e2mera Pinhole e, a partir das<br \/>\natividades que envolvem o processo, suscitar a curiosidade e o aprimoramento das t\u00e9cnicas<br \/>\nfotogr\u00e1ficas contempor\u00e2neas.<\/p>\n","protected":false},"template":"","grupo_pesquisa":[9],"class_list":["post-976","anal","type-anal","status-publish","hentry","grupo_pesquisa-atividades-de-extensao"],"arquivo":{"ID":"977","post_author":"2","post_date":"2023-10-07 08:36:26","post_date_gmt":"2023-10-07 11:36:26","post_content":"","post_title":"167-465-1-PB","post_excerpt":"","post_status":"inherit","comment_status":"open","ping_status":"closed","post_password":"","post_name":"167-465-1-pb","to_ping":"","pinged":"","post_modified":"2023-10-07 08:37:09","post_modified_gmt":"2023-10-07 11:37:09","post_content_filtered":"","post_parent":"976","guid":"https:\/\/repositorio.abejor.org.br\/wp-content\/uploads\/2023\/10\/167-465-1-PB.pdf","menu_order":"0","post_type":"attachment","post_mime_type":"application\/pdf","comment_count":"0","pod_item_id":"977"},"autor":"Fernando Crocomo; Fl\u00e1via Guidotti; Ivan Giacomelli","palavras_chaves":"Fotografia, Fotojornalismo, Fotografia Pinhole, Ensino de Fotojornalismo, Est\u00e9tica fotogr\u00e1fica","evento":[{"ID":932,"post_title":"17\u00ba Encontro Nacional de Professores de Jornalismo","post_content":"","post_excerpt":"O 17\u00ba Encontro Nacional de Professores de Jornalismo (17\u00ba ENPJ), que ocorreu entre os dias 18 a 20 de abril de 2018, em Palmas (TO). A organiza\u00e7\u00e3o local do 17\u00ba ENPJ esteve sob a responsabilidade do Curso de Jornalismo da Universidade Federal do Tocantins (UFT).","post_author":"2","post_date":"2018-04-18 07:55:44","post_date_gmt":"2018-04-18 10:55:44","post_status":"publish","comment_status":"closed","ping_status":"closed","post_password":"","post_name":"o-17o-encontro-nacional-de-professores-de-jornalismo-17o-enpj","to_ping":"","pinged":"","post_modified":"2026-04-06 20:00:11","post_modified_gmt":"2026-04-06 23:00:11","post_content_filtered":"","post_parent":0,"guid":"https:\/\/repositorio.abejor.org.br\/?post_type=evento&#038;p=932","menu_order":0,"post_type":"evento","post_mime_type":"","comment_count":"0","comments":false,"_thumbnail_id":["933","2","2023-10-07 07:51:17","2023-10-07 10:51:17","","17","","inherit","open","closed","","17","","","2023-10-07 07:51:17","2023-10-07 10:51:17","","932","https:\/\/repositorio.abejor.org.br\/wp-content\/uploads\/2023\/10\/17.jpg","0","attachment","image\/jpeg","0","933"],"id":932}],"grupo_de_pesquisa":[{"term_id":9,"name":"Atividades de Extens\u00e3o","slug":"atividades-de-extensao","description":"","taxonomy":"grupo_pesquisa","parent":0,"term_taxonomy_id":9,"term_group":0,"count":151,"object_id":null,"term_order":null,"id":9}],"_links":{"self":[{"href":"https:\/\/repositorio.abejor.org.br\/index.php\/wp-json\/wp\/v2\/anal\/976","targetHints":{"allow":["GET"]}}],"collection":[{"href":"https:\/\/repositorio.abejor.org.br\/index.php\/wp-json\/wp\/v2\/anal"}],"about":[{"href":"https:\/\/repositorio.abejor.org.br\/index.php\/wp-json\/wp\/v2\/types\/anal"}],"wp:attachment":[{"href":"https:\/\/repositorio.abejor.org.br\/index.php\/wp-json\/wp\/v2\/media?parent=976"}],"wp:term":[{"taxonomy":"grupo_pesquisa","embeddable":true,"href":"https:\/\/repositorio.abejor.org.br\/index.php\/wp-json\/wp\/v2\/grupo_pesquisa?post=976"}],"curies":[{"name":"wp","href":"https:\/\/api.w.org\/{rel}","templated":true}]}}

FLORIPA PINHOLE: A UTILIZAÇÃO DE TÉCNICAS PRIMITIVAS DE REGISTRO FOTOGRÁFICO PARA O DESENVOLVIMENTO DE HABILIDADES COM A FOTOGRAFIA CONTEMPORÂNEA

<p>Este trabalho apresenta um relato do primeiro ano de funcionamento do Projeto de Extensão<br />
Floripa Pinhole, desenvolvido por três professores do curso de Jornalismo da Universidade<br />
Federal de Santa Catarina e aberto à comunidade acadêmica em geral. O projeto tem como<br />
principal objetivo fotografar a cidade de Florianópolis com uma câmera Pinhole e, a partir das<br />
atividades que envolvem o processo, suscitar a curiosidade e o aprimoramento das técnicas<br />
fotográficas contemporâneas.</p>

Fernando Crocomo; Flávia Guidotti; Ivan Giacomelli

Fotografia, Fotojornalismo, Fotografia Pinhole, Ensino de Fotojornalismo, Estética fotográfica

17º Encontro Nacional de Professores de Jornalismo

O 17º Encontro Nacional de Professores de Jornalismo (17º ENPJ), que ocorreu entre os dias 18 a 20 de abril de 2018, em Palmas (TO). A organização local do 17º ENPJ esteve sob a responsabilidade do Curso de Jornalismo da Universidade Federal do Tocantins (UFT).

Atividades de Extensão
