{"id":974,"date":"2023-10-07T08:35:03","date_gmt":"2023-10-07T11:35:03","guid":{"rendered":"https:\/\/repositorio.abejor.org.br\/?post_type=anal&#038;p=974"},"modified":"2023-10-07T08:35:03","modified_gmt":"2023-10-07T11:35:03","slug":"convergencia-multimidialidade-e-jornalismo-em-formato-agencia-o-portal-mediacao-da-uninter","status":"publish","type":"anal","link":"https:\/\/repositorio.abejor.org.br\/?anal=convergencia-multimidialidade-e-jornalismo-em-formato-agencia-o-portal-mediacao-da-uninter","title":{"rendered":"CONVERG\u00caNCIA, MULTIMIDIALIDADE E JORNALISMO EM FORMATO AG\u00caNCIA: O PORTAL MEDIA\u00c7\u00c3O DA UNINTER"},"excerpt":{"rendered":"<p>O Media\u00e7\u00e3o \u00e9 um portal de not\u00edcias desenvolvido e mantido por alunos do curso<br \/>\nde jornalismo do Centro Universit\u00e1rio Internacional (Uninter), orientados por<br \/>\nprofessores, o qual constitui-se como programa de extens\u00e3o. A constitui\u00e7\u00e3o do site, al\u00e9m de<br \/>\ninforma\u00e7\u00e3o, inclui a presta\u00e7\u00e3o de servi\u00e7os para estudantes da Uninter e do<br \/>\np\u00fablico externo, e interface com uma s\u00e9rie de outras plataformas.<\/p>\n","protected":false},"template":"","grupo_pesquisa":[9],"class_list":["post-974","anal","type-anal","status-publish","hentry","grupo_pesquisa-atividades-de-extensao"],"arquivo":{"ID":"975","post_author":"2","post_date":"2023-10-07 08:34:03","post_date_gmt":"2023-10-07 11:34:03","post_content":"","post_title":"148-463-1-PB","post_excerpt":"","post_status":"inherit","comment_status":"open","ping_status":"closed","post_password":"","post_name":"148-463-1-pb","to_ping":"","pinged":"","post_modified":"2023-10-07 08:34:54","post_modified_gmt":"2023-10-07 11:34:54","post_content_filtered":"","post_parent":"974","guid":"https:\/\/repositorio.abejor.org.br\/wp-content\/uploads\/2023\/10\/148-463-1-PB.pdf","menu_order":"0","post_type":"attachment","post_mime_type":"application\/pdf","comment_count":"0","pod_item_id":"975"},"autor":"Guilherme Carvalho; Silvia Valim","palavras_chaves":"Programa de extens\u00e3o, Portal de not\u00edcias, Jornalismo digital","evento":[{"ID":932,"post_title":"17\u00ba Encontro Nacional de Professores de Jornalismo","post_content":"","post_excerpt":"O 17\u00ba Encontro Nacional de Professores de Jornalismo (17\u00ba ENPJ), que ocorreu entre os dias 18 a 20 de abril de 2018, em Palmas (TO). A organiza\u00e7\u00e3o local do 17\u00ba ENPJ esteve sob a responsabilidade do Curso de Jornalismo da Universidade Federal do Tocantins (UFT).","post_author":"2","post_date":"2018-04-18 07:55:44","post_date_gmt":"2018-04-18 10:55:44","post_status":"publish","comment_status":"closed","ping_status":"closed","post_password":"","post_name":"o-17o-encontro-nacional-de-professores-de-jornalismo-17o-enpj","to_ping":"","pinged":"","post_modified":"2026-04-06 20:00:11","post_modified_gmt":"2026-04-06 23:00:11","post_content_filtered":"","post_parent":0,"guid":"https:\/\/repositorio.abejor.org.br\/?post_type=evento&#038;p=932","menu_order":0,"post_type":"evento","post_mime_type":"","comment_count":"0","comments":false,"_thumbnail_id":["933","2","2023-10-07 07:51:17","2023-10-07 10:51:17","","17","","inherit","open","closed","","17","","","2023-10-07 07:51:17","2023-10-07 10:51:17","","932","https:\/\/repositorio.abejor.org.br\/wp-content\/uploads\/2023\/10\/17.jpg","0","attachment","image\/jpeg","0","933"],"id":932}],"grupo_de_pesquisa":[{"term_id":9,"name":"Atividades de Extens\u00e3o","slug":"atividades-de-extensao","description":"","taxonomy":"grupo_pesquisa","parent":0,"term_taxonomy_id":9,"term_group":0,"count":151,"object_id":null,"term_order":null,"id":9}],"_links":{"self":[{"href":"https:\/\/repositorio.abejor.org.br\/index.php\/wp-json\/wp\/v2\/anal\/974","targetHints":{"allow":["GET"]}}],"collection":[{"href":"https:\/\/repositorio.abejor.org.br\/index.php\/wp-json\/wp\/v2\/anal"}],"about":[{"href":"https:\/\/repositorio.abejor.org.br\/index.php\/wp-json\/wp\/v2\/types\/anal"}],"wp:attachment":[{"href":"https:\/\/repositorio.abejor.org.br\/index.php\/wp-json\/wp\/v2\/media?parent=974"}],"wp:term":[{"taxonomy":"grupo_pesquisa","embeddable":true,"href":"https:\/\/repositorio.abejor.org.br\/index.php\/wp-json\/wp\/v2\/grupo_pesquisa?post=974"}],"curies":[{"name":"wp","href":"https:\/\/api.w.org\/{rel}","templated":true}]}}

CONVERGÊNCIA, MULTIMIDIALIDADE E JORNALISMO EM FORMATO AGÊNCIA: O PORTAL MEDIAÇÃO DA UNINTER

<p>O Mediação é um portal de notícias desenvolvido e mantido por alunos do curso<br />
de jornalismo do Centro Universitário Internacional (Uninter), orientados por<br />
professores, o qual constitui-se como programa de extensão. A constituição do site, além de<br />
informação, inclui a prestação de serviços para estudantes da Uninter e do<br />
público externo, e interface com uma série de outras plataformas.</p>

Programa de extensão, Portal de notícias, Jornalismo digital

17º Encontro Nacional de Professores de Jornalismo

O 17º Encontro Nacional de Professores de Jornalismo (17º ENPJ), que ocorreu entre os dias 18 a 20 de abril de 2018, em Palmas (TO). A organização local do 17º ENPJ esteve sob a responsabilidade do Curso de Jornalismo da Universidade Federal do Tocantins (UFT).

Atividades de Extensão
