{"id":923,"date":"2023-10-06T23:42:50","date_gmt":"2023-10-07T02:42:50","guid":{"rendered":"https:\/\/repositorio.abejor.org.br\/?post_type=anal&#038;p=923"},"modified":"2023-10-06T23:42:50","modified_gmt":"2023-10-07T02:42:50","slug":"aspectos-pedagogicos-no-ensino-do-radiojornalismo","status":"publish","type":"anal","link":"https:\/\/repositorio.abejor.org.br\/?anal=aspectos-pedagogicos-no-ensino-do-radiojornalismo","title":{"rendered":"Aspectos pedag\u00f3gicos no ensino do Radiojornalismo"},"excerpt":{"rendered":"<p>Este relato trata dos procedimentos did\u00e1tico-pedag\u00f3gicos adotados na disciplina<br \/>\nRadiojornalismo B, ministrada para a turma 01, matutino, oferecida no 4\u00ba per\u00edodo do curso,<br \/>\ncujas aulas transcorreram no segundo semestre de 2015. O aspecto em destaque nesse<br \/>\ntrabalho \u00e9 o planejamento da produ\u00e7\u00e3o e edi\u00e7\u00e3o de conte\u00fados em \u00e1udio, de modo a oferecer<br \/>\nao aluno a compreens\u00e3o sobre as etapas da rotina de atividades que culminam com a difus\u00e3o<br \/>\nde informa\u00e7\u00f5es noticiosas com recursos multim\u00eddia.<\/p>\n","protected":false},"template":"","grupo_pesquisa":[],"class_list":["post-923","anal","type-anal","status-publish","hentry"],"arquivo":{"ID":"924","post_author":"2","post_date":"2023-10-06 23:42:05","post_date_gmt":"2023-10-07 02:42:05","post_content":"","post_title":"55-140-1-PB","post_excerpt":"","post_status":"inherit","comment_status":"open","ping_status":"closed","post_password":"","post_name":"55-140-1-pb","to_ping":"","pinged":"","post_modified":"2023-10-06 23:42:43","post_modified_gmt":"2023-10-07 02:42:43","post_content_filtered":"","post_parent":"923","guid":"https:\/\/repositorio.abejor.org.br\/wp-content\/uploads\/2023\/10\/55-140-1-PB.pdf","menu_order":"0","post_type":"attachment","post_mime_type":"application\/pdf","comment_count":"0","pod_item_id":"924"},"autor":"Marcel J. Cheida","palavras_chaves":"Radiojornalismo, Jornalismo, Estrat\u00e9gias de Ensino","evento":[{"ID":859,"post_title":"16\u00ba Encontro Nacional de Professores de Jornalismo","post_content":"","post_excerpt":"O 16\u00ba Encontro Nacional de Professores de Jornalismo (ENPJ) ocorreu nos dias 28, 29e 30 de setembro de 2016 em Goi\u00e2nia-GO, que recebeu organiza\u00e7\u00e3o dos cursos de Jornalismo do Estado de Goi\u00e1s (UFG, PUC, ARAGUAIA, FASAM, ALFA e OBJETIVO-Rio Verde).","post_author":"2","post_date":"2016-09-28 15:27:10","post_date_gmt":"2016-09-28 18:27:10","post_status":"publish","comment_status":"closed","ping_status":"closed","post_password":"","post_name":"16o-encontro-nacional-de-professores-de-jornalismo","to_ping":"","pinged":"","post_modified":"2023-10-11 16:35:54","post_modified_gmt":"2023-10-11 19:35:54","post_content_filtered":"","post_parent":0,"guid":"https:\/\/repositorio.abejor.org.br\/?post_type=evento&#038;p=859","menu_order":0,"post_type":"evento","post_mime_type":"","comment_count":"0","comments":false,"_thumbnail_id":["860","2","2023-10-06 15:12:54","2023-10-06 18:12:54","","homepageImage_pt_BR","","inherit","open","closed","","homepageimage_pt_br","","","2023-10-06 15:12:54","2023-10-06 18:12:54","","859","https:\/\/repositorio.abejor.org.br\/wp-content\/uploads\/2023\/10\/homepageImage_pt_BR.jpg","0","attachment","image\/jpeg","0","860"],"id":859}],"grupo_de_pesquisa":false,"_links":{"self":[{"href":"https:\/\/repositorio.abejor.org.br\/index.php\/wp-json\/wp\/v2\/anal\/923","targetHints":{"allow":["GET"]}}],"collection":[{"href":"https:\/\/repositorio.abejor.org.br\/index.php\/wp-json\/wp\/v2\/anal"}],"about":[{"href":"https:\/\/repositorio.abejor.org.br\/index.php\/wp-json\/wp\/v2\/types\/anal"}],"wp:attachment":[{"href":"https:\/\/repositorio.abejor.org.br\/index.php\/wp-json\/wp\/v2\/media?parent=923"}],"wp:term":[{"taxonomy":"grupo_pesquisa","embeddable":true,"href":"https:\/\/repositorio.abejor.org.br\/index.php\/wp-json\/wp\/v2\/grupo_pesquisa?post=923"}],"curies":[{"name":"wp","href":"https:\/\/api.w.org\/{rel}","templated":true}]}}

Aspectos pedagógicos no ensino do Radiojornalismo

<p>Este relato trata dos procedimentos didático-pedagógicos adotados na disciplina<br />
Radiojornalismo B, ministrada para a turma 01, matutino, oferecida no 4º período do curso,<br />
cujas aulas transcorreram no segundo semestre de 2015. O aspecto em destaque nesse<br />
trabalho é o planejamento da produção e edição de conteúdos em áudio, de modo a oferecer<br />
ao aluno a compreensão sobre as etapas da rotina de atividades que culminam com a difusão<br />
de informações noticiosas com recursos multimídia.</p>

Radiojornalismo, Jornalismo, Estratégias de Ensino

16º Encontro Nacional de Professores de Jornalismo

O 16º Encontro Nacional de Professores de Jornalismo (ENPJ) ocorreu nos dias 28, 29e 30 de setembro de 2016 em Goiânia-GO, que recebeu organização dos cursos de Jornalismo do Estado de Goiás (UFG, PUC, ARAGUAIA, FASAM, ALFA e OBJETIVO-Rio Verde).
