{"id":913,"date":"2023-10-06T23:30:49","date_gmt":"2023-10-07T02:30:49","guid":{"rendered":"https:\/\/repositorio.abejor.org.br\/?post_type=anal&#038;p=913"},"modified":"2023-10-06T23:30:49","modified_gmt":"2023-10-07T02:30:49","slug":"o-projeto-una-se-contra-a-lgbtfobia-construindo-uma-cultura-do-respeito-aos-direitos-humanos-e-a-diversidade-sexual-e-de-genero-no-ambiente-universitario","status":"publish","type":"anal","link":"https:\/\/repositorio.abejor.org.br\/?anal=o-projeto-una-se-contra-a-lgbtfobia-construindo-uma-cultura-do-respeito-aos-direitos-humanos-e-a-diversidade-sexual-e-de-genero-no-ambiente-universitario","title":{"rendered":"O projeto Una-se contra a LGBTfobia: construindo uma cultura do respeito aos direitos humanos e \u00e0 diversidade sexual e de g\u00eanero no ambiente universit\u00e1rio"},"excerpt":{"rendered":"<p>O projeto de extens\u00e3o Una-se contra a LGBTfobia, por meio de diversas a\u00e7\u00f5es, busca<br \/>\npromover uma cultura de respeito \u00e0 diversidade sexual e de g\u00eanero no ambiente universit\u00e1rio<br \/>\ncom foco em uma forma\u00e7\u00e3o cidad\u00e3 dos futuros profissionais. Para isso, estabelece di\u00e1logos<br \/>\ndiversos com diferentes atores sociais, tanto dentro (professores, estudantes e funcion\u00e1rios)<br \/>\nquanto fora da institui\u00e7\u00e3o (ongs, coletivos, \u00f3rgaos governamentais). <\/p>\n","protected":false},"template":"","grupo_pesquisa":[],"class_list":["post-913","anal","type-anal","status-publish","hentry"],"arquivo":{"ID":"914","post_author":"2","post_date":"2023-10-06 23:30:40","post_date_gmt":"2023-10-07 02:30:40","post_content":"","post_title":"50-134-1-PB","post_excerpt":"","post_status":"inherit","comment_status":"open","ping_status":"closed","post_password":"","post_name":"50-134-1-pb","to_ping":"","pinged":"","post_modified":"2023-10-06 23:30:43","post_modified_gmt":"2023-10-07 02:30:43","post_content_filtered":"","post_parent":"913","guid":"https:\/\/repositorio.abejor.org.br\/wp-content\/uploads\/2023\/10\/50-134-1-PB.pdf","menu_order":"0","post_type":"attachment","post_mime_type":"application\/pdf","comment_count":"0","pod_item_id":"914"},"autor":"Roberto Alves Reis","palavras_chaves":"LGBT, Direitos Humanos, Forma\u00e7\u00e3o cidad\u00e3, Comunica\u00e7\u00e3o","evento":[{"ID":859,"post_title":"16\u00ba Encontro Nacional de Professores de Jornalismo","post_content":"","post_excerpt":"O 16\u00ba Encontro Nacional de Professores de Jornalismo (ENPJ) ocorreu nos dias 28, 29e 30 de setembro de 2016 em Goi\u00e2nia-GO, que recebeu organiza\u00e7\u00e3o dos cursos de Jornalismo do Estado de Goi\u00e1s (UFG, PUC, ARAGUAIA, FASAM, ALFA e OBJETIVO-Rio Verde).","post_author":"2","post_date":"2016-09-28 15:27:10","post_date_gmt":"2016-09-28 18:27:10","post_status":"publish","comment_status":"closed","ping_status":"closed","post_password":"","post_name":"16o-encontro-nacional-de-professores-de-jornalismo","to_ping":"","pinged":"","post_modified":"2023-10-11 16:35:54","post_modified_gmt":"2023-10-11 19:35:54","post_content_filtered":"","post_parent":0,"guid":"https:\/\/repositorio.abejor.org.br\/?post_type=evento&#038;p=859","menu_order":0,"post_type":"evento","post_mime_type":"","comment_count":"0","comments":false,"_thumbnail_id":["860","2","2023-10-06 15:12:54","2023-10-06 18:12:54","","homepageImage_pt_BR","","inherit","open","closed","","homepageimage_pt_br","","","2023-10-06 15:12:54","2023-10-06 18:12:54","","859","https:\/\/repositorio.abejor.org.br\/wp-content\/uploads\/2023\/10\/homepageImage_pt_BR.jpg","0","attachment","image\/jpeg","0","860"],"id":859}],"grupo_de_pesquisa":false,"_links":{"self":[{"href":"https:\/\/repositorio.abejor.org.br\/index.php\/wp-json\/wp\/v2\/anal\/913","targetHints":{"allow":["GET"]}}],"collection":[{"href":"https:\/\/repositorio.abejor.org.br\/index.php\/wp-json\/wp\/v2\/anal"}],"about":[{"href":"https:\/\/repositorio.abejor.org.br\/index.php\/wp-json\/wp\/v2\/types\/anal"}],"wp:attachment":[{"href":"https:\/\/repositorio.abejor.org.br\/index.php\/wp-json\/wp\/v2\/media?parent=913"}],"wp:term":[{"taxonomy":"grupo_pesquisa","embeddable":true,"href":"https:\/\/repositorio.abejor.org.br\/index.php\/wp-json\/wp\/v2\/grupo_pesquisa?post=913"}],"curies":[{"name":"wp","href":"https:\/\/api.w.org\/{rel}","templated":true}]}}

O projeto Una-se contra a LGBTfobia: construindo uma cultura do respeito aos direitos humanos e à diversidade sexual e de gênero no ambiente universitário

<p>O projeto de extensão Una-se contra a LGBTfobia, por meio de diversas ações, busca<br />
promover uma cultura de respeito à diversidade sexual e de gênero no ambiente universitário<br />
com foco em uma formação cidadã dos futuros profissionais. Para isso, estabelece diálogos<br />
diversos com diferentes atores sociais, tanto dentro (professores, estudantes e funcionários)<br />
quanto fora da instituição (ongs, coletivos, órgaos governamentais). </p>

LGBT, Direitos Humanos, Formação cidadã, Comunicação

16º Encontro Nacional de Professores de Jornalismo

O 16º Encontro Nacional de Professores de Jornalismo (ENPJ) ocorreu nos dias 28, 29e 30 de setembro de 2016 em Goiânia-GO, que recebeu organização dos cursos de Jornalismo do Estado de Goiás (UFG, PUC, ARAGUAIA, FASAM, ALFA e OBJETIVO-Rio Verde).
