{"id":906,"date":"2023-10-06T23:22:02","date_gmt":"2023-10-07T02:22:02","guid":{"rendered":"https:\/\/repositorio.abejor.org.br\/?post_type=anal&#038;p=906"},"modified":"2023-10-06T23:22:02","modified_gmt":"2023-10-07T02:22:02","slug":"que-zona-e-essa-que-a-tv-mostra-resultados-da-leitura-do-discurso-midiatico-em-projeto-de-extensao","status":"publish","type":"anal","link":"https:\/\/repositorio.abejor.org.br\/?anal=que-zona-e-essa-que-a-tv-mostra-resultados-da-leitura-do-discurso-midiatico-em-projeto-de-extensao","title":{"rendered":"\u201cQue zona \u00e9 essa que a TV mostra\u201d? Resultados da leitura do discurso midi\u00e1tico em projeto de extens\u00e3o"},"excerpt":{"rendered":"<p>Este trabalho descreve e analisa oficina relacionada \u00e0 leitura do discurso midi\u00e1tico, realizada no<br \/>\nprojeto de extens\u00e3o \u201cEstigma\/Estima: Comunica\u00e7\u00e3o Audiovisual, Identidade e Participa\u00e7\u00e3o de<br \/>\nAdolescentes\u201d, em desenvolvimento no bi\u00eanio 2016\/2017, vinculado \u00e0 Faculdade de Jornalismo<br \/>\nda Pontif\u00edcia Universidade Cat\u00f3lica de Campinas (PUC-Campinas). O projeto tem como<br \/>\nobjetivo subsidiar adolescentes do Centro de Promo\u00e7\u00e3o para um Mundo Melhor (Cepromm)<br \/>\npara a elabora\u00e7\u00e3o de produtos midi\u00e1ticos, com destaque para um webdocument\u00e1rio. <\/p>\n","protected":false},"template":"","grupo_pesquisa":[],"class_list":["post-906","anal","type-anal","status-publish","hentry"],"arquivo":{"ID":"908","post_author":"2","post_date":"2023-10-06 23:21:58","post_date_gmt":"2023-10-07 02:21:58","post_content":"","post_title":"46-131-1-PB","post_excerpt":"","post_status":"inherit","comment_status":"open","ping_status":"closed","post_password":"","post_name":"46-131-1-pb","to_ping":"","pinged":"","post_modified":"2023-10-06 23:22:02","post_modified_gmt":"2023-10-07 02:22:02","post_content_filtered":"","post_parent":"906","guid":"https:\/\/repositorio.abejor.org.br\/wp-content\/uploads\/2023\/10\/46-131-1-PB.pdf","menu_order":"0","post_type":"attachment","post_mime_type":"application\/pdf","comment_count":"0","pod_item_id":"908"},"autor":"Fabiano Ormaneze","palavras_chaves":"Extens\u00e3o universit\u00e1ria, Discurso midi\u00e1tico, Jardim Itatinga, Televis\u00e3o","evento":[{"ID":859,"post_title":"16\u00ba Encontro Nacional de Professores de Jornalismo","post_content":"","post_excerpt":"O 16\u00ba Encontro Nacional de Professores de Jornalismo (ENPJ) ocorreu nos dias 28, 29e 30 de setembro de 2016 em Goi\u00e2nia-GO, que recebeu organiza\u00e7\u00e3o dos cursos de Jornalismo do Estado de Goi\u00e1s (UFG, PUC, ARAGUAIA, FASAM, ALFA e OBJETIVO-Rio Verde).","post_author":"2","post_date":"2016-09-28 15:27:10","post_date_gmt":"2016-09-28 18:27:10","post_status":"publish","comment_status":"closed","ping_status":"closed","post_password":"","post_name":"16o-encontro-nacional-de-professores-de-jornalismo","to_ping":"","pinged":"","post_modified":"2023-10-11 16:35:54","post_modified_gmt":"2023-10-11 19:35:54","post_content_filtered":"","post_parent":0,"guid":"https:\/\/repositorio.abejor.org.br\/?post_type=evento&#038;p=859","menu_order":0,"post_type":"evento","post_mime_type":"","comment_count":"0","comments":false,"_thumbnail_id":["860","2","2023-10-06 15:12:54","2023-10-06 18:12:54","","homepageImage_pt_BR","","inherit","open","closed","","homepageimage_pt_br","","","2023-10-06 15:12:54","2023-10-06 18:12:54","","859","https:\/\/repositorio.abejor.org.br\/wp-content\/uploads\/2023\/10\/homepageImage_pt_BR.jpg","0","attachment","image\/jpeg","0","860"],"id":859}],"grupo_de_pesquisa":false,"_links":{"self":[{"href":"https:\/\/repositorio.abejor.org.br\/index.php\/wp-json\/wp\/v2\/anal\/906","targetHints":{"allow":["GET"]}}],"collection":[{"href":"https:\/\/repositorio.abejor.org.br\/index.php\/wp-json\/wp\/v2\/anal"}],"about":[{"href":"https:\/\/repositorio.abejor.org.br\/index.php\/wp-json\/wp\/v2\/types\/anal"}],"wp:attachment":[{"href":"https:\/\/repositorio.abejor.org.br\/index.php\/wp-json\/wp\/v2\/media?parent=906"}],"wp:term":[{"taxonomy":"grupo_pesquisa","embeddable":true,"href":"https:\/\/repositorio.abejor.org.br\/index.php\/wp-json\/wp\/v2\/grupo_pesquisa?post=906"}],"curies":[{"name":"wp","href":"https:\/\/api.w.org\/{rel}","templated":true}]}}

“Que zona é essa que a TV mostra”? Resultados da leitura do discurso midiático em projeto de extensão

<p>Este trabalho descreve e analisa oficina relacionada à leitura do discurso midiático, realizada no<br />
projeto de extensão “Estigma/Estima: Comunicação Audiovisual, Identidade e Participação de<br />
Adolescentes”, em desenvolvimento no biênio 2016/2017, vinculado à Faculdade de Jornalismo<br />
da Pontifícia Universidade Católica de Campinas (PUC-Campinas). O projeto tem como<br />
objetivo subsidiar adolescentes do Centro de Promoção para um Mundo Melhor (Cepromm)<br />
para a elaboração de produtos midiáticos, com destaque para um webdocumentário. </p>

Extensão universitária, Discurso midiático, Jardim Itatinga, Televisão

16º Encontro Nacional de Professores de Jornalismo

O 16º Encontro Nacional de Professores de Jornalismo (ENPJ) ocorreu nos dias 28, 29e 30 de setembro de 2016 em Goiânia-GO, que recebeu organização dos cursos de Jornalismo do Estado de Goiás (UFG, PUC, ARAGUAIA, FASAM, ALFA e OBJETIVO-Rio Verde).
