{"id":904,"date":"2023-10-06T23:09:37","date_gmt":"2023-10-07T02:09:37","guid":{"rendered":"https:\/\/repositorio.abejor.org.br\/?post_type=anal&#038;p=904"},"modified":"2023-10-06T23:09:37","modified_gmt":"2023-10-07T02:09:37","slug":"educomunicacao-alem-das-limitacoes-uma-experiencia-de-extensao-universitaria-com-surdos","status":"publish","type":"anal","link":"https:\/\/repositorio.abejor.org.br\/?anal=educomunicacao-alem-das-limitacoes-uma-experiencia-de-extensao-universitaria-com-surdos","title":{"rendered":"Educomunica\u00e7\u00e3o, al\u00e9m das limita\u00e7\u00f5es: uma experi\u00eancia de extens\u00e3o universit\u00e1ria com surdos"},"excerpt":{"rendered":"<p>Esse trabalho pretende mostrar como est\u00e1 se desenvolvendo o projeto de extens\u00e3o<br \/>\n\u201cEducomunica\u00e7\u00e3o e comunica\u00e7\u00e3o audiovisual para surdos\u201d, vinculado \u00e0 Faculdade de<br \/>\nJornalismo da Pontif\u00edcia Universidade Cat\u00f3lica de Campinas (PUC-Campinas), em<br \/>\nparceria com a Comunidade \u00c9feta, da Par\u00f3quia Divino Salvador, em Campinas (SP).<\/p>\n","protected":false},"template":"","grupo_pesquisa":[],"class_list":["post-904","anal","type-anal","status-publish","hentry"],"arquivo":{"ID":"905","post_author":"2","post_date":"2023-10-06 23:09:26","post_date_gmt":"2023-10-07 02:09:26","post_content":"","post_title":"45-130-1-PB","post_excerpt":"","post_status":"inherit","comment_status":"open","ping_status":"closed","post_password":"","post_name":"45-130-1-pb","to_ping":"","pinged":"","post_modified":"2023-10-06 23:09:31","post_modified_gmt":"2023-10-07 02:09:31","post_content_filtered":"","post_parent":"904","guid":"https:\/\/repositorio.abejor.org.br\/wp-content\/uploads\/2023\/10\/45-130-1-PB.pdf","menu_order":"0","post_type":"attachment","post_mime_type":"application\/pdf","comment_count":"0","pod_item_id":"905"},"autor":"Du\u00edlio Fabbri J\u00fanior; Mineya Gimenes Fantin","palavras_chaves":"Extens\u00e3o universit\u00e1ria, Educomunica\u00e7\u00e3o, Surdos, Comunica\u00e7\u00e3o\naudiovisual","evento":[{"ID":859,"post_title":"16\u00ba Encontro Nacional de Professores de Jornalismo","post_content":"","post_excerpt":"O 16\u00ba Encontro Nacional de Professores de Jornalismo (ENPJ) ocorreu nos dias 28, 29e 30 de setembro de 2016 em Goi\u00e2nia-GO, que recebeu organiza\u00e7\u00e3o dos cursos de Jornalismo do Estado de Goi\u00e1s (UFG, PUC, ARAGUAIA, FASAM, ALFA e OBJETIVO-Rio Verde).","post_author":"2","post_date":"2016-09-28 15:27:10","post_date_gmt":"2016-09-28 18:27:10","post_status":"publish","comment_status":"closed","ping_status":"closed","post_password":"","post_name":"16o-encontro-nacional-de-professores-de-jornalismo","to_ping":"","pinged":"","post_modified":"2023-10-11 16:35:54","post_modified_gmt":"2023-10-11 19:35:54","post_content_filtered":"","post_parent":0,"guid":"https:\/\/repositorio.abejor.org.br\/?post_type=evento&#038;p=859","menu_order":0,"post_type":"evento","post_mime_type":"","comment_count":"0","comments":false,"_thumbnail_id":["860","2","2023-10-06 15:12:54","2023-10-06 18:12:54","","homepageImage_pt_BR","","inherit","open","closed","","homepageimage_pt_br","","","2023-10-06 15:12:54","2023-10-06 18:12:54","","859","https:\/\/repositorio.abejor.org.br\/wp-content\/uploads\/2023\/10\/homepageImage_pt_BR.jpg","0","attachment","image\/jpeg","0","860"],"id":859}],"grupo_de_pesquisa":false,"_links":{"self":[{"href":"https:\/\/repositorio.abejor.org.br\/index.php\/wp-json\/wp\/v2\/anal\/904","targetHints":{"allow":["GET"]}}],"collection":[{"href":"https:\/\/repositorio.abejor.org.br\/index.php\/wp-json\/wp\/v2\/anal"}],"about":[{"href":"https:\/\/repositorio.abejor.org.br\/index.php\/wp-json\/wp\/v2\/types\/anal"}],"wp:attachment":[{"href":"https:\/\/repositorio.abejor.org.br\/index.php\/wp-json\/wp\/v2\/media?parent=904"}],"wp:term":[{"taxonomy":"grupo_pesquisa","embeddable":true,"href":"https:\/\/repositorio.abejor.org.br\/index.php\/wp-json\/wp\/v2\/grupo_pesquisa?post=904"}],"curies":[{"name":"wp","href":"https:\/\/api.w.org\/{rel}","templated":true}]}}

Educomunicação, além das limitações: uma experiência de extensão universitária com surdos

<p>Esse trabalho pretende mostrar como está se desenvolvendo o projeto de extensão<br />
“Educomunicação e comunicação audiovisual para surdos”, vinculado à Faculdade de<br />
Jornalismo da Pontifícia Universidade Católica de Campinas (PUC-Campinas), em<br />
parceria com a Comunidade Éfeta, da Paróquia Divino Salvador, em Campinas (SP).</p>

Duílio Fabbri Júnior; Mineya Gimenes Fantin

Extensão universitária, Educomunicação, Surdos, Comunicação
audiovisual

16º Encontro Nacional de Professores de Jornalismo

O 16º Encontro Nacional de Professores de Jornalismo (ENPJ) ocorreu nos dias 28, 29e 30 de setembro de 2016 em Goiânia-GO, que recebeu organização dos cursos de Jornalismo do Estado de Goiás (UFG, PUC, ARAGUAIA, FASAM, ALFA e OBJETIVO-Rio Verde).
