{"id":885,"date":"2023-10-06T16:29:29","date_gmt":"2023-10-06T19:29:29","guid":{"rendered":"https:\/\/repositorio.abejor.org.br\/?post_type=anal&#038;p=885"},"modified":"2023-10-06T16:29:29","modified_gmt":"2023-10-06T19:29:29","slug":"producoes-jornalisticas-integradas-a-nova-cara-do-curso-de-jornalismo-ufg","status":"publish","type":"anal","link":"https:\/\/repositorio.abejor.org.br\/?anal=producoes-jornalisticas-integradas-a-nova-cara-do-curso-de-jornalismo-ufg","title":{"rendered":"Produ\u00e7\u00f5es jornal\u00edsticas integradas: a nova cara do curso de Jornalismo UFG"},"excerpt":{"rendered":"<p>Com este relato queremos mostrar a experi\u00eancia de articula\u00e7\u00e3o entre as disciplinas<br \/>\nlaboratoriais e pr\u00e1ticas do curso de Jornalismo da Universidade Federal de Goi\u00e1s em<br \/>\ntorno das produ\u00e7\u00f5es jornal\u00edsticas e do conhecimento. <\/p>\n","protected":false},"template":"","grupo_pesquisa":[],"class_list":["post-885","anal","type-anal","status-publish","hentry"],"arquivo":{"ID":"886","post_author":"2","post_date":"2023-10-06 16:29:10","post_date_gmt":"2023-10-06 19:29:10","post_content":"","post_title":"37-122-1-PB","post_excerpt":"","post_status":"inherit","comment_status":"open","ping_status":"closed","post_password":"","post_name":"37-122-1-pb","to_ping":"","pinged":"","post_modified":"2023-10-06 16:29:13","post_modified_gmt":"2023-10-06 19:29:13","post_content_filtered":"","post_parent":"885","guid":"https:\/\/repositorio.abejor.org.br\/wp-content\/uploads\/2023\/10\/37-122-1-PB.pdf","menu_order":"0","post_type":"attachment","post_mime_type":"application\/pdf","comment_count":"0","pod_item_id":"886"},"autor":"Angelita Pereira de Lima; Luana Silva Borges","palavras_chaves":"Ensino de jornalismo, Produ\u00e7\u00f5es laboratoriais integradas, Jornalismo\ncompartilhado, Diretrizes curriculares","evento":[{"ID":859,"post_title":"16\u00ba Encontro Nacional de Professores de Jornalismo","post_content":"","post_excerpt":"O 16\u00ba Encontro Nacional de Professores de Jornalismo (ENPJ) ocorreu nos dias 28, 29e 30 de setembro de 2016 em Goi\u00e2nia-GO, que recebeu organiza\u00e7\u00e3o dos cursos de Jornalismo do Estado de Goi\u00e1s (UFG, PUC, ARAGUAIA, FASAM, ALFA e OBJETIVO-Rio Verde).","post_author":"2","post_date":"2016-09-28 15:27:10","post_date_gmt":"2016-09-28 18:27:10","post_status":"publish","comment_status":"closed","ping_status":"closed","post_password":"","post_name":"16o-encontro-nacional-de-professores-de-jornalismo","to_ping":"","pinged":"","post_modified":"2023-10-11 16:35:54","post_modified_gmt":"2023-10-11 19:35:54","post_content_filtered":"","post_parent":0,"guid":"https:\/\/repositorio.abejor.org.br\/?post_type=evento&#038;p=859","menu_order":0,"post_type":"evento","post_mime_type":"","comment_count":"0","comments":false,"_thumbnail_id":["860","2","2023-10-06 15:12:54","2023-10-06 18:12:54","","homepageImage_pt_BR","","inherit","open","closed","","homepageimage_pt_br","","","2023-10-06 15:12:54","2023-10-06 18:12:54","","859","https:\/\/repositorio.abejor.org.br\/wp-content\/uploads\/2023\/10\/homepageImage_pt_BR.jpg","0","attachment","image\/jpeg","0","860"],"id":859}],"grupo_de_pesquisa":false,"_links":{"self":[{"href":"https:\/\/repositorio.abejor.org.br\/index.php\/wp-json\/wp\/v2\/anal\/885","targetHints":{"allow":["GET"]}}],"collection":[{"href":"https:\/\/repositorio.abejor.org.br\/index.php\/wp-json\/wp\/v2\/anal"}],"about":[{"href":"https:\/\/repositorio.abejor.org.br\/index.php\/wp-json\/wp\/v2\/types\/anal"}],"wp:attachment":[{"href":"https:\/\/repositorio.abejor.org.br\/index.php\/wp-json\/wp\/v2\/media?parent=885"}],"wp:term":[{"taxonomy":"grupo_pesquisa","embeddable":true,"href":"https:\/\/repositorio.abejor.org.br\/index.php\/wp-json\/wp\/v2\/grupo_pesquisa?post=885"}],"curies":[{"name":"wp","href":"https:\/\/api.w.org\/{rel}","templated":true}]}}

Produções jornalísticas integradas: a nova cara do curso de Jornalismo UFG

<p>Com este relato queremos mostrar a experiência de articulação entre as disciplinas<br />
laboratoriais e práticas do curso de Jornalismo da Universidade Federal de Goiás em<br />
torno das produções jornalísticas e do conhecimento. </p>

Ensino de jornalismo, Produções laboratoriais integradas, Jornalismo
compartilhado, Diretrizes curriculares

16º Encontro Nacional de Professores de Jornalismo

O 16º Encontro Nacional de Professores de Jornalismo (ENPJ) ocorreu nos dias 28, 29e 30 de setembro de 2016 em Goiânia-GO, que recebeu organização dos cursos de Jornalismo do Estado de Goiás (UFG, PUC, ARAGUAIA, FASAM, ALFA e OBJETIVO-Rio Verde).
