{"id":878,"date":"2023-10-06T16:00:50","date_gmt":"2023-10-06T19:00:50","guid":{"rendered":"https:\/\/repositorio.abejor.org.br\/?post_type=anal&#038;p=878"},"modified":"2023-10-06T16:00:50","modified_gmt":"2023-10-06T19:00:50","slug":"o-estagio-supervisionado-em-jornalismo-da-unemat-e-as-implicacoes-para-o-ensino","status":"publish","type":"anal","link":"https:\/\/repositorio.abejor.org.br\/?anal=o-estagio-supervisionado-em-jornalismo-da-unemat-e-as-implicacoes-para-o-ensino","title":{"rendered":"O Est\u00e1gio Supervisionado em Jornalismo da Unemat e as implica\u00e7\u00f5es para o ensino"},"excerpt":{"rendered":"<p>O artigo em tela apresenta a proposta pedag\u00f3gica do Est\u00e1gio Supervisionado, a partir do<br \/>\nfuncionamento program\u00e1tico da disciplina no curso de Jornalismo ofertado pela<br \/>\nUniversidade do Estado de Mato Grosso (Unemat), campus de Alto Araguaia. Pretendese colaborar com a discuss\u00e3o sobre os desafios entre teoria e pr\u00e1tica no ensino do<br \/>\nJornalismo frente \u00e0s exig\u00eancias das Novas Diretrizes Curriculares Nacionaisinstitu\u00eddas<br \/>\npela Resolu\u00e7\u00e3o do CNE4\/CES5 n\u00b01 de 27 de setembro de 2013<\/p>\n","protected":false},"template":"","grupo_pesquisa":[],"class_list":["post-878","anal","type-anal","status-publish","hentry"],"arquivo":{"ID":"879","post_author":"2","post_date":"2023-10-06 16:00:41","post_date_gmt":"2023-10-06 19:00:41","post_content":"","post_title":"34-119-1-PB","post_excerpt":"","post_status":"inherit","comment_status":"open","ping_status":"closed","post_password":"","post_name":"34-119-1-pb","to_ping":"","pinged":"","post_modified":"2023-10-06 16:00:44","post_modified_gmt":"2023-10-06 19:00:44","post_content_filtered":"","post_parent":"878","guid":"https:\/\/repositorio.abejor.org.br\/wp-content\/uploads\/2023\/10\/34-119-1-PB.pdf","menu_order":"0","post_type":"attachment","post_mime_type":"application\/pdf","comment_count":"0","pod_item_id":"879"},"autor":"Marli Barboza da Silva; Rosana Alves de Oliveira","palavras_chaves":"Diretrizes Curriculares, Ensino do Jornalismo, Est\u00e1gio\nSupervisionado Alto Araguaia","evento":[{"ID":859,"post_title":"16\u00ba Encontro Nacional de Professores de Jornalismo","post_content":"","post_excerpt":"O 16\u00ba Encontro Nacional de Professores de Jornalismo (ENPJ) ocorreu nos dias 28, 29e 30 de setembro de 2016 em Goi\u00e2nia-GO, que recebeu organiza\u00e7\u00e3o dos cursos de Jornalismo do Estado de Goi\u00e1s (UFG, PUC, ARAGUAIA, FASAM, ALFA e OBJETIVO-Rio Verde).","post_author":"2","post_date":"2016-09-28 15:27:10","post_date_gmt":"2016-09-28 18:27:10","post_status":"publish","comment_status":"closed","ping_status":"closed","post_password":"","post_name":"16o-encontro-nacional-de-professores-de-jornalismo","to_ping":"","pinged":"","post_modified":"2023-10-11 16:35:54","post_modified_gmt":"2023-10-11 19:35:54","post_content_filtered":"","post_parent":0,"guid":"https:\/\/repositorio.abejor.org.br\/?post_type=evento&#038;p=859","menu_order":0,"post_type":"evento","post_mime_type":"","comment_count":"0","comments":false,"_thumbnail_id":["860","2","2023-10-06 15:12:54","2023-10-06 18:12:54","","homepageImage_pt_BR","","inherit","open","closed","","homepageimage_pt_br","","","2023-10-06 15:12:54","2023-10-06 18:12:54","","859","https:\/\/repositorio.abejor.org.br\/wp-content\/uploads\/2023\/10\/homepageImage_pt_BR.jpg","0","attachment","image\/jpeg","0","860"],"id":859}],"grupo_de_pesquisa":false,"_links":{"self":[{"href":"https:\/\/repositorio.abejor.org.br\/index.php\/wp-json\/wp\/v2\/anal\/878","targetHints":{"allow":["GET"]}}],"collection":[{"href":"https:\/\/repositorio.abejor.org.br\/index.php\/wp-json\/wp\/v2\/anal"}],"about":[{"href":"https:\/\/repositorio.abejor.org.br\/index.php\/wp-json\/wp\/v2\/types\/anal"}],"wp:attachment":[{"href":"https:\/\/repositorio.abejor.org.br\/index.php\/wp-json\/wp\/v2\/media?parent=878"}],"wp:term":[{"taxonomy":"grupo_pesquisa","embeddable":true,"href":"https:\/\/repositorio.abejor.org.br\/index.php\/wp-json\/wp\/v2\/grupo_pesquisa?post=878"}],"curies":[{"name":"wp","href":"https:\/\/api.w.org\/{rel}","templated":true}]}}

O Estágio Supervisionado em Jornalismo da Unemat e as implicações para o ensino

<p>O artigo em tela apresenta a proposta pedagógica do Estágio Supervisionado, a partir do<br />
funcionamento programático da disciplina no curso de Jornalismo ofertado pela<br />
Universidade do Estado de Mato Grosso (Unemat), campus de Alto Araguaia. Pretendese colaborar com a discussão sobre os desafios entre teoria e prática no ensino do<br />
Jornalismo frente às exigências das Novas Diretrizes Curriculares Nacionaisinstituídas<br />
pela Resolução do CNE4/CES5 n°1 de 27 de setembro de 2013</p>

Diretrizes Curriculares, Ensino do Jornalismo, Estágio
Supervisionado Alto Araguaia

16º Encontro Nacional de Professores de Jornalismo

O 16º Encontro Nacional de Professores de Jornalismo (ENPJ) ocorreu nos dias 28, 29e 30 de setembro de 2016 em Goiânia-GO, que recebeu organização dos cursos de Jornalismo do Estado de Goiás (UFG, PUC, ARAGUAIA, FASAM, ALFA e OBJETIVO-Rio Verde).
