{"id":876,"date":"2023-10-06T15:58:34","date_gmt":"2023-10-06T18:58:34","guid":{"rendered":"https:\/\/repositorio.abejor.org.br\/?post_type=anal&#038;p=876"},"modified":"2023-10-06T15:58:34","modified_gmt":"2023-10-06T18:58:34","slug":"o-ato-interdisciplinar-como-reafirmacao-do-campo-singularidades-e-circunstancias-do-jornalismo-atua","status":"publish","type":"anal","link":"https:\/\/repositorio.abejor.org.br\/?anal=o-ato-interdisciplinar-como-reafirmacao-do-campo-singularidades-e-circunstancias-do-jornalismo-atua","title":{"rendered":"O ato interdisciplinar como reafirma\u00e7\u00e3o do campo: singularidades e circunst\u00e2ncias do jornalismo atua"},"excerpt":{"rendered":"<p>O presente artigo busca compreender como tem se instalado um estado de tens\u00e3o no<br \/>\ncampo disciplinar do jornalismo, resultante da cobertura jornal\u00edstica efetivamente<br \/>\nrealizada pelos grandes meios de comunica\u00e7\u00e3o e de um cen\u00e1rio de mudan\u00e7as do<br \/>\ncomportamento social pelas novas tecnologias da informa\u00e7\u00e3o, ao que se pode<br \/>\nacrescentar determinada falta de credibilidade\/legitimidade das media\u00e7\u00f5es e das<br \/>\nrepresenta\u00e7\u00f5es nas sociedades, particularmente na brasileira, capaz de colocar em<br \/>\nd\u00favida a validade dos valores democr\u00e1ticos.<\/p>\n","protected":false},"template":"","grupo_pesquisa":[],"class_list":["post-876","anal","type-anal","status-publish","hentry"],"arquivo":{"ID":"877","post_author":"2","post_date":"2023-10-06 15:57:21","post_date_gmt":"2023-10-06 18:57:21","post_content":"","post_title":"32-118-1-PB","post_excerpt":"","post_status":"inherit","comment_status":"open","ping_status":"closed","post_password":"","post_name":"32-118-1-pb","to_ping":"","pinged":"","post_modified":"2023-10-06 15:57:39","post_modified_gmt":"2023-10-06 18:57:39","post_content_filtered":"","post_parent":"876","guid":"https:\/\/repositorio.abejor.org.br\/wp-content\/uploads\/2023\/10\/32-118-1-PB.pdf","menu_order":"0","post_type":"attachment","post_mime_type":"application\/pdf","comment_count":"0","pod_item_id":"877"},"autor":"Jorge Arlan de Oliveira Pereira","palavras_chaves":"Jornalismo, Cobertura Jornal\u00edstica, Educa\u00e7\u00e3o em Jornalismo","evento":[{"ID":859,"post_title":"16\u00ba Encontro Nacional de Professores de Jornalismo","post_content":"","post_excerpt":"O 16\u00ba Encontro Nacional de Professores de Jornalismo (ENPJ) ocorreu nos dias 28, 29e 30 de setembro de 2016 em Goi\u00e2nia-GO, que recebeu organiza\u00e7\u00e3o dos cursos de Jornalismo do Estado de Goi\u00e1s (UFG, PUC, ARAGUAIA, FASAM, ALFA e OBJETIVO-Rio Verde).","post_author":"2","post_date":"2016-09-28 15:27:10","post_date_gmt":"2016-09-28 18:27:10","post_status":"publish","comment_status":"closed","ping_status":"closed","post_password":"","post_name":"16o-encontro-nacional-de-professores-de-jornalismo","to_ping":"","pinged":"","post_modified":"2023-10-11 16:35:54","post_modified_gmt":"2023-10-11 19:35:54","post_content_filtered":"","post_parent":0,"guid":"https:\/\/repositorio.abejor.org.br\/?post_type=evento&#038;p=859","menu_order":0,"post_type":"evento","post_mime_type":"","comment_count":"0","comments":false,"_thumbnail_id":["860","2","2023-10-06 15:12:54","2023-10-06 18:12:54","","homepageImage_pt_BR","","inherit","open","closed","","homepageimage_pt_br","","","2023-10-06 15:12:54","2023-10-06 18:12:54","","859","https:\/\/repositorio.abejor.org.br\/wp-content\/uploads\/2023\/10\/homepageImage_pt_BR.jpg","0","attachment","image\/jpeg","0","860"],"id":859}],"grupo_de_pesquisa":false,"_links":{"self":[{"href":"https:\/\/repositorio.abejor.org.br\/index.php\/wp-json\/wp\/v2\/anal\/876","targetHints":{"allow":["GET"]}}],"collection":[{"href":"https:\/\/repositorio.abejor.org.br\/index.php\/wp-json\/wp\/v2\/anal"}],"about":[{"href":"https:\/\/repositorio.abejor.org.br\/index.php\/wp-json\/wp\/v2\/types\/anal"}],"wp:attachment":[{"href":"https:\/\/repositorio.abejor.org.br\/index.php\/wp-json\/wp\/v2\/media?parent=876"}],"wp:term":[{"taxonomy":"grupo_pesquisa","embeddable":true,"href":"https:\/\/repositorio.abejor.org.br\/index.php\/wp-json\/wp\/v2\/grupo_pesquisa?post=876"}],"curies":[{"name":"wp","href":"https:\/\/api.w.org\/{rel}","templated":true}]}}

O ato interdisciplinar como reafirmação do campo: singularidades e circunstâncias do jornalismo atua

<p>O presente artigo busca compreender como tem se instalado um estado de tensão no<br />
campo disciplinar do jornalismo, resultante da cobertura jornalística efetivamente<br />
realizada pelos grandes meios de comunicação e de um cenário de mudanças do<br />
comportamento social pelas novas tecnologias da informação, ao que se pode<br />
acrescentar determinada falta de credibilidade/legitimidade das mediações e das<br />
representações nas sociedades, particularmente na brasileira, capaz de colocar em<br />
dúvida a validade dos valores democráticos.</p>

Jornalismo, Cobertura Jornalística, Educação em Jornalismo

16º Encontro Nacional de Professores de Jornalismo

O 16º Encontro Nacional de Professores de Jornalismo (ENPJ) ocorreu nos dias 28, 29e 30 de setembro de 2016 em Goiânia-GO, que recebeu organização dos cursos de Jornalismo do Estado de Goiás (UFG, PUC, ARAGUAIA, FASAM, ALFA e OBJETIVO-Rio Verde).
