{"id":818,"date":"2023-10-04T16:43:51","date_gmt":"2023-10-04T19:43:51","guid":{"rendered":"https:\/\/repositorio.abejor.org.br\/?post_type=anal&#038;p=818"},"modified":"2023-10-04T16:43:51","modified_gmt":"2023-10-04T19:43:51","slug":"bbc-brasil-x-o-globo-uso-da-ferramenta-igtv-no-instagram","status":"publish","type":"anal","link":"https:\/\/repositorio.abejor.org.br\/?anal=bbc-brasil-x-o-globo-uso-da-ferramenta-igtv-no-instagram","title":{"rendered":"BBC BRASIL X O GLOBO- USO DA FERRAMENTA IGTV NO INSTAGRAM"},"excerpt":{"rendered":"<p>O presente relat\u00f3rio \u00e9 resultado do trabalho desenvolvido durante o Programa<br \/>\nInstitucional de Bolsas de Inicia\u00e7\u00e3o Cient\u00edfica (PIBIC), sob a orienta\u00e7\u00e3o do Professor<br \/>\nRenan Colombo. A ideia central \u00e9 identificar, de maneira comparativa, entre os<br \/>\nve\u00edculos O Globo e BBC Brasil, qual dos utiliza de melhor forma a ferramenta IGTV<br \/>\ndo Instagram, e como esse m\u00e9todo pode ou n\u00e3o ser eficaz para seu p\u00fablico-alvo e para<br \/>\no jornalismo nas redes sociais. <\/p>\n","protected":false},"template":"","grupo_pesquisa":[11],"class_list":["post-818","anal","type-anal","status-publish","hentry","grupo_pesquisa-pesquisa-na-graduacao"],"arquivo":{"ID":"819","post_author":"2","post_date":"2023-10-04 16:43:31","post_date_gmt":"2023-10-04 19:43:31","post_content":"","post_title":"bbc","post_excerpt":"","post_status":"inherit","comment_status":"open","ping_status":"closed","post_password":"","post_name":"bbc","to_ping":"","pinged":"","post_modified":"2023-10-04 16:43:45","post_modified_gmt":"2023-10-04 19:43:45","post_content_filtered":"","post_parent":"818","guid":"https:\/\/repositorio.abejor.org.br\/wp-content\/uploads\/2023\/10\/bbc.pdf","menu_order":"0","post_type":"attachment","post_mime_type":"application\/pdf","comment_count":"0","pod_item_id":"819"},"autor":"Giovana Juliatto Bordini","palavras_chaves":"","evento":[{"ID":771,"post_title":"5\u00ba Encontro Regional Sul de Ensino de Jornalismo (Erejor Sul)","post_content":"","post_excerpt":"V Encontro Regional Sul de Ensino de Jornalismo (Erejor Sul) que ocorreu nos dias 18 e 19 de novembro de 2022. Organizado pela Associa\u00e7\u00e3o Brasileira de Ensino de Jornalismo (ABEJ), em parceria com o curso de Jornalismo da Pontif\u00edcia Universidade Cat\u00f3lica do Paran\u00e1 (PUCPR).","post_author":"2","post_date":"2022-11-18 13:55:16","post_date_gmt":"2022-11-18 16:55:16","post_status":"publish","comment_status":"closed","ping_status":"closed","post_password":"","post_name":"v-encontro-regional-sul-de-ensino-de-jornalismo","to_ping":"","pinged":"","post_modified":"2026-04-06 19:46:11","post_modified_gmt":"2026-04-06 22:46:11","post_content_filtered":"","post_parent":0,"guid":"https:\/\/repositorio.abejor.org.br\/?post_type=evento&#038;p=771","menu_order":0,"post_type":"evento","post_mime_type":"","comment_count":"0","comments":false,"_thumbnail_id":["774","2","2023-10-04 13:52:08","2023-10-04 16:52:08","","Bannersite.f7c05739bcc14a3180a3 (1)","","inherit","open","closed","","bannersite-f7c05739bcc14a3180a3-1","","","2023-10-04 13:52:08","2023-10-04 16:52:08","","771","https:\/\/repositorio.abejor.org.br\/wp-content\/uploads\/2023\/10\/Bannersite.f7c05739bcc14a3180a3-1.jpg","0","attachment","image\/jpeg","0","774"],"id":771}],"grupo_de_pesquisa":[{"term_id":11,"name":"Pesquisa na Gradua\u00e7\u00e3o","slug":"pesquisa-na-graduacao","description":"","taxonomy":"grupo_pesquisa","parent":0,"term_taxonomy_id":11,"term_group":0,"count":316,"object_id":null,"term_order":null,"id":11}],"_links":{"self":[{"href":"https:\/\/repositorio.abejor.org.br\/index.php\/wp-json\/wp\/v2\/anal\/818","targetHints":{"allow":["GET"]}}],"collection":[{"href":"https:\/\/repositorio.abejor.org.br\/index.php\/wp-json\/wp\/v2\/anal"}],"about":[{"href":"https:\/\/repositorio.abejor.org.br\/index.php\/wp-json\/wp\/v2\/types\/anal"}],"wp:attachment":[{"href":"https:\/\/repositorio.abejor.org.br\/index.php\/wp-json\/wp\/v2\/media?parent=818"}],"wp:term":[{"taxonomy":"grupo_pesquisa","embeddable":true,"href":"https:\/\/repositorio.abejor.org.br\/index.php\/wp-json\/wp\/v2\/grupo_pesquisa?post=818"}],"curies":[{"name":"wp","href":"https:\/\/api.w.org\/{rel}","templated":true}]}}

<p>O presente relatório é resultado do trabalho desenvolvido durante o Programa<br />
Institucional de Bolsas de Iniciação Científica (PIBIC), sob a orientação do Professor<br />
Renan Colombo. A ideia central é identificar, de maneira comparativa, entre os<br />
veículos O Globo e BBC Brasil, qual dos utiliza de melhor forma a ferramenta IGTV<br />
do Instagram, e como esse método pode ou não ser eficaz para seu público-alvo e para<br />
o jornalismo nas redes sociais. </p>

5º Encontro Regional Sul de Ensino de Jornalismo (Erejor Sul)

V Encontro Regional Sul de Ensino de Jornalismo (Erejor Sul) que ocorreu nos dias 18 e 19 de novembro de 2022. Organizado pela Associação Brasileira de Ensino de Jornalismo (ABEJ), em parceria com o curso de Jornalismo da Pontifícia Universidade Católica do Paraná (PUCPR).

Pesquisa na Graduação
