{"id":816,"date":"2023-10-04T16:42:10","date_gmt":"2023-10-04T19:42:10","guid":{"rendered":"https:\/\/repositorio.abejor.org.br\/?post_type=anal&#038;p=816"},"modified":"2023-10-04T16:42:10","modified_gmt":"2023-10-04T19:42:10","slug":"a-pesquisaaplicada-em-jornalismo-um-panorama-das-publicacoes-em-revistas-cientificas-entre-2010-e-2021","status":"publish","type":"anal","link":"https:\/\/repositorio.abejor.org.br\/?anal=a-pesquisaaplicada-em-jornalismo-um-panorama-das-publicacoes-em-revistas-cientificas-entre-2010-e-2021","title":{"rendered":"A PESQUISAAPLICADA EM JORNALISMO : UM PANORAMA DAS PUBLICA\u00c7\u00d5ES EM REVISTAS CIENT\u00cdFICAS ENTRE 2010 E 2021"},"excerpt":{"rendered":"<p>Este estudo objetiva quantificar a pesquisa aplicada e experimental nos artigos<br \/>\npublicados em revistas cient\u00edficas em busca de produ\u00e7\u00f5es acad\u00eamicas a respeito do<br \/>\ntema. <\/p>\n","protected":false},"template":"","grupo_pesquisa":[11],"class_list":["post-816","anal","type-anal","status-publish","hentry","grupo_pesquisa-pesquisa-na-graduacao"],"arquivo":{"ID":"817","post_author":"2","post_date":"2023-10-04 16:41:06","post_date_gmt":"2023-10-04 19:41:06","post_content":"","post_title":"A PESQUISAAPLICADA","post_excerpt":"","post_status":"inherit","comment_status":"open","ping_status":"closed","post_password":"","post_name":"a-pesquisaaplicada","to_ping":"","pinged":"","post_modified":"2023-10-04 16:42:02","post_modified_gmt":"2023-10-04 19:42:02","post_content_filtered":"","post_parent":"816","guid":"https:\/\/repositorio.abejor.org.br\/wp-content\/uploads\/2023\/10\/A-PESQUISAAPLICADA.pdf","menu_order":"0","post_type":"attachment","post_mime_type":"application\/pdf","comment_count":"0","pod_item_id":"817"},"autor":"Suely Gon\u00e7alves; Ana Paula de Oliveira; Guilherme Carvalho; Jeferson Ferro; Alexsandro Teixeira Ribeiro","palavras_chaves":"","evento":[{"ID":771,"post_title":"5\u00ba Encontro Regional Sul de Ensino de Jornalismo (Erejor Sul)","post_content":"","post_excerpt":"V Encontro Regional Sul de Ensino de Jornalismo (Erejor Sul) que ocorreu nos dias 18 e 19 de novembro de 2022. Organizado pela Associa\u00e7\u00e3o Brasileira de Ensino de Jornalismo (ABEJ), em parceria com o curso de Jornalismo da Pontif\u00edcia Universidade Cat\u00f3lica do Paran\u00e1 (PUCPR).","post_author":"2","post_date":"2022-11-18 13:55:16","post_date_gmt":"2022-11-18 16:55:16","post_status":"publish","comment_status":"closed","ping_status":"closed","post_password":"","post_name":"v-encontro-regional-sul-de-ensino-de-jornalismo","to_ping":"","pinged":"","post_modified":"2026-04-06 19:46:11","post_modified_gmt":"2026-04-06 22:46:11","post_content_filtered":"","post_parent":0,"guid":"https:\/\/repositorio.abejor.org.br\/?post_type=evento&#038;p=771","menu_order":0,"post_type":"evento","post_mime_type":"","comment_count":"0","comments":false,"_thumbnail_id":["774","2","2023-10-04 13:52:08","2023-10-04 16:52:08","","Bannersite.f7c05739bcc14a3180a3 (1)","","inherit","open","closed","","bannersite-f7c05739bcc14a3180a3-1","","","2023-10-04 13:52:08","2023-10-04 16:52:08","","771","https:\/\/repositorio.abejor.org.br\/wp-content\/uploads\/2023\/10\/Bannersite.f7c05739bcc14a3180a3-1.jpg","0","attachment","image\/jpeg","0","774"],"id":771}],"grupo_de_pesquisa":[{"term_id":11,"name":"Pesquisa na Gradua\u00e7\u00e3o","slug":"pesquisa-na-graduacao","description":"","taxonomy":"grupo_pesquisa","parent":0,"term_taxonomy_id":11,"term_group":0,"count":316,"object_id":null,"term_order":null,"id":11}],"_links":{"self":[{"href":"https:\/\/repositorio.abejor.org.br\/index.php\/wp-json\/wp\/v2\/anal\/816","targetHints":{"allow":["GET"]}}],"collection":[{"href":"https:\/\/repositorio.abejor.org.br\/index.php\/wp-json\/wp\/v2\/anal"}],"about":[{"href":"https:\/\/repositorio.abejor.org.br\/index.php\/wp-json\/wp\/v2\/types\/anal"}],"wp:attachment":[{"href":"https:\/\/repositorio.abejor.org.br\/index.php\/wp-json\/wp\/v2\/media?parent=816"}],"wp:term":[{"taxonomy":"grupo_pesquisa","embeddable":true,"href":"https:\/\/repositorio.abejor.org.br\/index.php\/wp-json\/wp\/v2\/grupo_pesquisa?post=816"}],"curies":[{"name":"wp","href":"https:\/\/api.w.org\/{rel}","templated":true}]}}

A PESQUISAAPLICADA EM JORNALISMO : UM PANORAMA DAS PUBLICAÇÕES EM REVISTAS CIENTÍFICAS ENTRE 2010 E 2021

<p>Este estudo objetiva quantificar a pesquisa aplicada e experimental nos artigos<br />
publicados em revistas científicas em busca de produções acadêmicas a respeito do<br />
tema. </p>

Suely Gonçalves; Ana Paula de Oliveira; Guilherme Carvalho; Jeferson Ferro; Alexsandro Teixeira Ribeiro

5º Encontro Regional Sul de Ensino de Jornalismo (Erejor Sul)

V Encontro Regional Sul de Ensino de Jornalismo (Erejor Sul) que ocorreu nos dias 18 e 19 de novembro de 2022. Organizado pela Associação Brasileira de Ensino de Jornalismo (ABEJ), em parceria com o curso de Jornalismo da Pontifícia Universidade Católica do Paraná (PUCPR).

Pesquisa na Graduação
