{"id":810,"date":"2023-10-04T16:21:44","date_gmt":"2023-10-04T19:21:44","guid":{"rendered":"https:\/\/repositorio.abejor.org.br\/?post_type=anal&#038;p=810"},"modified":"2023-10-04T16:21:44","modified_gmt":"2023-10-04T19:21:44","slug":"o-ensino-da-comunicacao-integrada","status":"publish","type":"anal","link":"https:\/\/repositorio.abejor.org.br\/?anal=o-ensino-da-comunicacao-integrada","title":{"rendered":"O ENSINO DA COMUNICA\u00c7\u00c3O INTEGRADA"},"excerpt":{"rendered":"<p>O objetivo desse relato \u00e9 descrever o processo formativo de um Laborat\u00f3rio de Cinema que envolve diferentes habilidades de comunica\u00e7\u00e3o. Atrav\u00e9s desse relato de experi\u00eancia ser\u00e1 explicado o processo do LabCine desde a etapa de pr\u00e9produ\u00e7\u00e3o at\u00e9 o evento de pr\u00e9-estreia e o processo de assessoria de imprensa do curtametragem \u201c13: Para Meninas\u201d, desenvolvido pelo laborat\u00f3rio.<\/p>\n","protected":false},"template":"","grupo_pesquisa":[13],"class_list":["post-810","anal","type-anal","status-publish","hentry","grupo_pesquisa-projetos-pedagogicos-e-metodologias-de-ensino"],"arquivo":{"ID":"811","post_author":"2","post_date":"2023-10-04 16:21:09","post_date_gmt":"2023-10-04 19:21:09","post_content":"","post_title":"ensino comunica\u00e7\u00e3o integrada","post_excerpt":"","post_status":"inherit","comment_status":"open","ping_status":"closed","post_password":"","post_name":"ensino-comunicacao-integrada","to_ping":"","pinged":"","post_modified":"2023-10-04 16:21:29","post_modified_gmt":"2023-10-04 19:21:29","post_content_filtered":"","post_parent":"810","guid":"https:\/\/repositorio.abejor.org.br\/wp-content\/uploads\/2023\/10\/ensino-comunicacao-integrada.pdf","menu_order":"0","post_type":"attachment","post_mime_type":"application\/pdf","comment_count":"0","pod_item_id":"811"},"autor":"Vivian Schmeiske Cardoso; Suyanne Tolentino de Souza","palavras_chaves":"","evento":[{"ID":771,"post_title":"5\u00ba Encontro Regional Sul de Ensino de Jornalismo (Erejor Sul)","post_content":"","post_excerpt":"V Encontro Regional Sul de Ensino de Jornalismo (Erejor Sul) que ocorreu nos dias 18 e 19 de novembro de 2022. Organizado pela Associa\u00e7\u00e3o Brasileira de Ensino de Jornalismo (ABEJ), em parceria com o curso de Jornalismo da Pontif\u00edcia Universidade Cat\u00f3lica do Paran\u00e1 (PUCPR).","post_author":"2","post_date":"2022-11-18 13:55:16","post_date_gmt":"2022-11-18 16:55:16","post_status":"publish","comment_status":"closed","ping_status":"closed","post_password":"","post_name":"v-encontro-regional-sul-de-ensino-de-jornalismo","to_ping":"","pinged":"","post_modified":"2026-04-06 19:46:11","post_modified_gmt":"2026-04-06 22:46:11","post_content_filtered":"","post_parent":0,"guid":"https:\/\/repositorio.abejor.org.br\/?post_type=evento&#038;p=771","menu_order":0,"post_type":"evento","post_mime_type":"","comment_count":"0","comments":false,"_thumbnail_id":["774","2","2023-10-04 13:52:08","2023-10-04 16:52:08","","Bannersite.f7c05739bcc14a3180a3 (1)","","inherit","open","closed","","bannersite-f7c05739bcc14a3180a3-1","","","2023-10-04 13:52:08","2023-10-04 16:52:08","","771","https:\/\/repositorio.abejor.org.br\/wp-content\/uploads\/2023\/10\/Bannersite.f7c05739bcc14a3180a3-1.jpg","0","attachment","image\/jpeg","0","774"],"id":771}],"grupo_de_pesquisa":[{"term_id":13,"name":"Projetos Pedag\u00f3gicos e Metodologias de Ensino","slug":"projetos-pedagogicos-e-metodologias-de-ensino","description":"","taxonomy":"grupo_pesquisa","parent":0,"term_taxonomy_id":13,"term_group":0,"count":162,"object_id":null,"term_order":null,"id":13}],"_links":{"self":[{"href":"https:\/\/repositorio.abejor.org.br\/index.php\/wp-json\/wp\/v2\/anal\/810","targetHints":{"allow":["GET"]}}],"collection":[{"href":"https:\/\/repositorio.abejor.org.br\/index.php\/wp-json\/wp\/v2\/anal"}],"about":[{"href":"https:\/\/repositorio.abejor.org.br\/index.php\/wp-json\/wp\/v2\/types\/anal"}],"wp:attachment":[{"href":"https:\/\/repositorio.abejor.org.br\/index.php\/wp-json\/wp\/v2\/media?parent=810"}],"wp:term":[{"taxonomy":"grupo_pesquisa","embeddable":true,"href":"https:\/\/repositorio.abejor.org.br\/index.php\/wp-json\/wp\/v2\/grupo_pesquisa?post=810"}],"curies":[{"name":"wp","href":"https:\/\/api.w.org\/{rel}","templated":true}]}}

O ENSINO DA COMUNICAÇÃO INTEGRADA

<p>O objetivo desse relato é descrever o processo formativo de um Laboratório de Cinema que envolve diferentes habilidades de comunicação. Através desse relato de experiência será explicado o processo do LabCine desde a etapa de préprodução até o evento de pré-estreia e o processo de assessoria de imprensa do curtametragem “13: Para Meninas”, desenvolvido pelo laboratório.</p>

ensino comunicação integrada

5º Encontro Regional Sul de Ensino de Jornalismo (Erejor Sul)

V Encontro Regional Sul de Ensino de Jornalismo (Erejor Sul) que ocorreu nos dias 18 e 19 de novembro de 2022. Organizado pela Associação Brasileira de Ensino de Jornalismo (ABEJ), em parceria com o curso de Jornalismo da Pontifícia Universidade Católica do Paraná (PUCPR).

Projetos Pedagógicos e Metodologias de Ensino
