{"id":693,"date":"2023-10-03T21:02:10","date_gmt":"2023-10-04T00:02:10","guid":{"rendered":"https:\/\/repositorio.abejor.org.br\/?post_type=anal&#038;p=693"},"modified":"2023-10-03T21:02:10","modified_gmt":"2023-10-04T00:02:10","slug":"a-representacao-dos-adolescentes-negros-no-jornalismo-on-line-brasileiro-g1-e-alma-preta","status":"publish","type":"anal","link":"https:\/\/repositorio.abejor.org.br\/?anal=a-representacao-dos-adolescentes-negros-no-jornalismo-on-line-brasileiro-g1-e-alma-preta","title":{"rendered":"A REPRESENTA\u00c7\u00c3O DOS ADOLESCENTES NEGROS NO JORNALISMO ON-LINE BRASILEIRO: G1 E ALMA PRETA"},"excerpt":{"rendered":"<p>O objetivo deste trabalho \u00e9 investigar a representa\u00e7\u00e3o do adolescente negro em reportagens jornal\u00edsticas<br \/>\nveiculadas em dois sites brasileiros.  Como resultados, vimos que os jovens aparecem sobretudo como v\u00edtimas de viol\u00eancia e racismo, e suas vozes est\u00e3o pouco presentes, em ambos os ve\u00edculos.<\/p>\n","protected":false},"template":"","grupo_pesquisa":[11],"class_list":["post-693","anal","type-anal","status-publish","hentry","grupo_pesquisa-pesquisa-na-graduacao"],"arquivo":{"ID":"694","post_author":"2","post_date":"2023-10-03 21:01:10","post_date_gmt":"2023-10-04 00:01:10","post_content":"","post_title":"492-1769-1-PB","post_excerpt":"","post_status":"inherit","comment_status":"open","ping_status":"closed","post_password":"","post_name":"492-1769-1-pb","to_ping":"","pinged":"","post_modified":"2023-10-03 21:01:47","post_modified_gmt":"2023-10-04 00:01:47","post_content_filtered":"","post_parent":"693","guid":"https:\/\/repositorio.abejor.org.br\/wp-content\/uploads\/2023\/10\/492-1769-1-PB.pdf","menu_order":"0","post_type":"attachment","post_mime_type":"application\/pdf","comment_count":"0","pod_item_id":"694"},"autor":"Julia Carvalho Facca; Juliana Doretto","palavras_chaves":"Adolescente negro, Adolesc\u00eancia, Jornalismo, Representa\u00e7\u00e3o, Racismo","evento":[{"ID":582,"post_title":"21\u00ba Encontro Nacional de Ensino de Jornalismo","post_content":"","post_excerpt":"21\u00ba Encontro Nacional de Ensino de Jornalismo (ENEJor), ocorreu entre os dias 20 a 22 de abril, em Teresina (PI). Organizado pelo curso de Jornalismo da Universidade Federal do Piau\u00ed, com apoio da Universidade Estadual do Piau\u00ed, Faculdade R. S\u00e1 e Centro Universit\u00e1rio Est\u00e1cio. Contou com 62 trabalhos apresentados, divididos em 6 grupos e, em cada um deles, um trabalho recebeu men\u00e7\u00e3o honrosa. No encontro, foi aprovada a Carte de Teresina, importante documento onde constam alguns compromissos para o pr\u00f3ximo ano dentro da ABEJ.  O Pr\u00eamio ABEJ foi entregue ao professor Alfredo Vizeu, da Universidade Federal da Para\u00edba (UFPB).","post_author":"2","post_date":"2022-04-20 15:55:09","post_date_gmt":"2022-04-20 18:55:09","post_status":"publish","comment_status":"closed","ping_status":"closed","post_password":"","post_name":"21o-encontro-nacional-de-ensino-de-jornalismo","to_ping":"","pinged":"","post_modified":"2023-10-11 16:45:55","post_modified_gmt":"2023-10-11 19:45:55","post_content_filtered":"","post_parent":0,"guid":"https:\/\/repositorio.abejor.org.br\/?post_type=evento&#038;p=582","menu_order":0,"post_type":"evento","post_mime_type":"","comment_count":"0","comments":false,"_thumbnail_id":["583","2","2023-10-03 15:51:23","2023-10-03 18:51:23","","","","inherit","open","closed","","whatsapp-image-2023-10-03-at-15-50-01","","","2023-10-03 15:51:29","2023-10-03 18:51:29","","582","https:\/\/repositorio.abejor.org.br\/wp-content\/uploads\/2023\/10\/WhatsApp-Image-2023-10-03-at-15.50.01.jpeg","0","attachment","image\/jpeg","0","583"],"id":582}],"grupo_de_pesquisa":[{"term_id":11,"name":"Pesquisa na Gradua\u00e7\u00e3o","slug":"pesquisa-na-graduacao","description":"","taxonomy":"grupo_pesquisa","parent":0,"term_taxonomy_id":11,"term_group":0,"count":316,"object_id":null,"term_order":null,"id":11}],"_links":{"self":[{"href":"https:\/\/repositorio.abejor.org.br\/index.php\/wp-json\/wp\/v2\/anal\/693","targetHints":{"allow":["GET"]}}],"collection":[{"href":"https:\/\/repositorio.abejor.org.br\/index.php\/wp-json\/wp\/v2\/anal"}],"about":[{"href":"https:\/\/repositorio.abejor.org.br\/index.php\/wp-json\/wp\/v2\/types\/anal"}],"wp:attachment":[{"href":"https:\/\/repositorio.abejor.org.br\/index.php\/wp-json\/wp\/v2\/media?parent=693"}],"wp:term":[{"taxonomy":"grupo_pesquisa","embeddable":true,"href":"https:\/\/repositorio.abejor.org.br\/index.php\/wp-json\/wp\/v2\/grupo_pesquisa?post=693"}],"curies":[{"name":"wp","href":"https:\/\/api.w.org\/{rel}","templated":true}]}}

A REPRESENTAÇÃO DOS ADOLESCENTES NEGROS NO JORNALISMO ON-LINE BRASILEIRO: G1 E ALMA PRETA

<p>O objetivo deste trabalho é investigar a representação do adolescente negro em reportagens jornalísticas<br />
veiculadas em dois sites brasileiros.  Como resultados, vimos que os jovens aparecem sobretudo como vítimas de violência e racismo, e suas vozes estão pouco presentes, em ambos os veículos.</p>

Adolescente negro, Adolescência, Jornalismo, Representação, Racismo

21º Encontro Nacional de Ensino de Jornalismo

21º Encontro Nacional de Ensino de Jornalismo (ENEJor), ocorreu entre os dias 20 a 22 de abril, em Teresina (PI). Organizado pelo curso de Jornalismo da Universidade Federal do Piauí, com apoio da Universidade Estadual do Piauí, Faculdade R. Sá e Centro Universitário Estácio. Contou com 62 trabalhos apresentados, divididos em 6 grupos e, em cada um deles, um trabalho recebeu menção honrosa. No encontro, foi aprovada a Carte de Teresina, importante documento onde constam alguns compromissos para o próximo ano dentro da ABEJ.  O Prêmio ABEJ foi entregue ao professor Alfredo Vizeu, da Universidade Federal da Paraíba (UFPB).

Pesquisa na Graduação
