{"id":674,"date":"2023-10-03T20:25:08","date_gmt":"2023-10-03T23:25:08","guid":{"rendered":"https:\/\/repositorio.abejor.org.br\/?post_type=anal&#038;p=674"},"modified":"2023-10-03T20:25:08","modified_gmt":"2023-10-03T23:25:08","slug":"a-formacao-do-jornalista-no-ensino-remoto-emergencial-ere-uma-analise-a-luz-da-etnografia-virtual","status":"publish","type":"anal","link":"https:\/\/repositorio.abejor.org.br\/?anal=a-formacao-do-jornalista-no-ensino-remoto-emergencial-ere-uma-analise-a-luz-da-etnografia-virtual","title":{"rendered":"A FORMA\u00c7\u00c3O DO JORNALISTA NO ENSINO REMOTO EMERGENCIAL (ERE): UMA AN\u00c1LISE \u00c0 LUZ DA ETNOGRAFIA VIRTUAL"},"excerpt":{"rendered":"<p>As alternativas e estrat\u00e9gias para a manuten\u00e7\u00e3o do ensino durante a Pandemia de Covid-19 t\u00eam sido<br \/>\namplamente debatidas nas mais diversas \u00e1reas da Educa\u00e7\u00e3o, discuss\u00e3o que alcan\u00e7ou tamb\u00e9m o ensino<br \/>\nde jornalismo. No presente trabalho, adotamos como abordagem metodol\u00f3gica a Etnografia Virtual<br \/>\n(HINE, 2004) e como instrumento de coleta de dados a observa\u00e7\u00e3o participante e o di\u00e1rio de campo,<br \/>\ncom o objetivo de compreender como se caracterizou o processo de ensino e aprendizagem no contexto<br \/>\nda forma\u00e7\u00e3o de jornalistas durante o ensino remoto emergencial (ERE). <\/p>\n","protected":false},"template":"","grupo_pesquisa":[13],"class_list":["post-674","anal","type-anal","status-publish","hentry","grupo_pesquisa-projetos-pedagogicos-e-metodologias-de-ensino"],"arquivo":{"ID":"675","post_author":"2","post_date":"2023-10-03 20:24:56","post_date_gmt":"2023-10-03 23:24:56","post_content":"","post_title":"A FORMA\u00c7\u00c3O DO JORNALISTA","post_excerpt":"","post_status":"inherit","comment_status":"open","ping_status":"closed","post_password":"","post_name":"a-formacao-do-jornalista","to_ping":"","pinged":"","post_modified":"2023-10-03 20:25:08","post_modified_gmt":"2023-10-03 23:25:08","post_content_filtered":"","post_parent":"674","guid":"https:\/\/repositorio.abejor.org.br\/wp-content\/uploads\/2023\/10\/A-FORMACAO-DO-JORNALISTA.pdf","menu_order":"0","post_type":"attachment","post_mime_type":"application\/pdf","comment_count":"0","pod_item_id":"675"},"autor":"Fl\u00e1via Moreira Mota e Mota","palavras_chaves":"Ensino de jornalismo, Ensino remoto emergencial, Etnografia virtual","evento":[{"ID":582,"post_title":"21\u00ba Encontro Nacional de Ensino de Jornalismo","post_content":"","post_excerpt":"21\u00ba Encontro Nacional de Ensino de Jornalismo (ENEJor), ocorreu entre os dias 20 a 22 de abril, em Teresina (PI). Organizado pelo curso de Jornalismo da Universidade Federal do Piau\u00ed, com apoio da Universidade Estadual do Piau\u00ed, Faculdade R. S\u00e1 e Centro Universit\u00e1rio Est\u00e1cio. Contou com 62 trabalhos apresentados, divididos em 6 grupos e, em cada um deles, um trabalho recebeu men\u00e7\u00e3o honrosa. No encontro, foi aprovada a Carte de Teresina, importante documento onde constam alguns compromissos para o pr\u00f3ximo ano dentro da ABEJ.  O Pr\u00eamio ABEJ foi entregue ao professor Alfredo Vizeu, da Universidade Federal da Para\u00edba (UFPB).","post_author":"2","post_date":"2022-04-20 15:55:09","post_date_gmt":"2022-04-20 18:55:09","post_status":"publish","comment_status":"closed","ping_status":"closed","post_password":"","post_name":"21o-encontro-nacional-de-ensino-de-jornalismo","to_ping":"","pinged":"","post_modified":"2023-10-11 16:45:55","post_modified_gmt":"2023-10-11 19:45:55","post_content_filtered":"","post_parent":0,"guid":"https:\/\/repositorio.abejor.org.br\/?post_type=evento&#038;p=582","menu_order":0,"post_type":"evento","post_mime_type":"","comment_count":"0","comments":false,"_thumbnail_id":["583","2","2023-10-03 15:51:23","2023-10-03 18:51:23","","","","inherit","open","closed","","whatsapp-image-2023-10-03-at-15-50-01","","","2023-10-03 15:51:29","2023-10-03 18:51:29","","582","https:\/\/repositorio.abejor.org.br\/wp-content\/uploads\/2023\/10\/WhatsApp-Image-2023-10-03-at-15.50.01.jpeg","0","attachment","image\/jpeg","0","583"],"id":582}],"grupo_de_pesquisa":[{"term_id":13,"name":"Projetos Pedag\u00f3gicos e Metodologias de Ensino","slug":"projetos-pedagogicos-e-metodologias-de-ensino","description":"","taxonomy":"grupo_pesquisa","parent":0,"term_taxonomy_id":13,"term_group":0,"count":162,"object_id":null,"term_order":null,"id":13}],"_links":{"self":[{"href":"https:\/\/repositorio.abejor.org.br\/index.php\/wp-json\/wp\/v2\/anal\/674","targetHints":{"allow":["GET"]}}],"collection":[{"href":"https:\/\/repositorio.abejor.org.br\/index.php\/wp-json\/wp\/v2\/anal"}],"about":[{"href":"https:\/\/repositorio.abejor.org.br\/index.php\/wp-json\/wp\/v2\/types\/anal"}],"wp:attachment":[{"href":"https:\/\/repositorio.abejor.org.br\/index.php\/wp-json\/wp\/v2\/media?parent=674"}],"wp:term":[{"taxonomy":"grupo_pesquisa","embeddable":true,"href":"https:\/\/repositorio.abejor.org.br\/index.php\/wp-json\/wp\/v2\/grupo_pesquisa?post=674"}],"curies":[{"name":"wp","href":"https:\/\/api.w.org\/{rel}","templated":true}]}}

A FORMAÇÃO DO JORNALISTA NO ENSINO REMOTO EMERGENCIAL (ERE): UMA ANÁLISE À LUZ DA ETNOGRAFIA VIRTUAL

<p>As alternativas e estratégias para a manutenção do ensino durante a Pandemia de Covid-19 têm sido<br />
amplamente debatidas nas mais diversas áreas da Educação, discussão que alcançou também o ensino<br />
de jornalismo. No presente trabalho, adotamos como abordagem metodológica a Etnografia Virtual<br />
(HINE, 2004) e como instrumento de coleta de dados a observação participante e o diário de campo,<br />
com o objetivo de compreender como se caracterizou o processo de ensino e aprendizagem no contexto<br />
da formação de jornalistas durante o ensino remoto emergencial (ERE). </p>

A FORMAÇÃO DO JORNALISTA

Flávia Moreira Mota e Mota

21º Encontro Nacional de Ensino de Jornalismo

21º Encontro Nacional de Ensino de Jornalismo (ENEJor), ocorreu entre os dias 20 a 22 de abril, em Teresina (PI). Organizado pelo curso de Jornalismo da Universidade Federal do Piauí, com apoio da Universidade Estadual do Piauí, Faculdade R. Sá e Centro Universitário Estácio. Contou com 62 trabalhos apresentados, divididos em 6 grupos e, em cada um deles, um trabalho recebeu menção honrosa. No encontro, foi aprovada a Carte de Teresina, importante documento onde constam alguns compromissos para o próximo ano dentro da ABEJ.  O Prêmio ABEJ foi entregue ao professor Alfredo Vizeu, da Universidade Federal da Paraíba (UFPB).

Projetos Pedagógicos e Metodologias de Ensino
