{"id":636,"date":"2023-10-03T18:22:54","date_gmt":"2023-10-03T21:22:54","guid":{"rendered":"https:\/\/repositorio.abejor.org.br\/?post_type=anal&#038;p=636"},"modified":"2023-10-03T18:22:54","modified_gmt":"2023-10-03T21:22:54","slug":"jornal-laboratorio-em-tempos-de-pandemia-e-plataformizacao-a-transformacao-de-esquinas","status":"publish","type":"anal","link":"https:\/\/repositorio.abejor.org.br\/?anal=jornal-laboratorio-em-tempos-de-pandemia-e-plataformizacao-a-transformacao-de-esquinas","title":{"rendered":"JORNAL-LABORAT\u00d3RIO EM TEMPOS DE PANDEMIA E PLATAFORMIZA\u00c7\u00c3O: A TRANSFORMA\u00c7\u00c3O DE ESQUINAS"},"excerpt":{"rendered":"<p>O relato reflete sobre os desafios e possibilidades, em termos de relev\u00e2ncia pedag\u00f3gica e social,<br \/>\ndos jornais-laborat\u00f3rio em tempos pand\u00eamicos e de acelera\u00e7\u00e3o da plataformiza\u00e7\u00e3o, ou seja, a<br \/>\ncentralidade das m\u00eddias sociais nos processos de comunica\u00e7\u00e3o jornal\u00edstica. Os resultados apontam para um aumento na quantidade<br \/>\nde reportagens produzidas, na audi\u00eancia geral, de textos republicados em ve\u00edculos parceiros e do<br \/>\nengajamento no curso e da atratividade do curso de jornalismo da institui\u00e7\u00e3o. <\/p>\n","protected":false},"template":"","grupo_pesquisa":[12],"class_list":["post-636","anal","type-anal","status-publish","hentry","grupo_pesquisa-producao-laboratorial-eletronicos-e-impressos"],"arquivo":{"ID":"637","post_author":"2","post_date":"2023-10-03 18:21:50","post_date_gmt":"2023-10-03 21:21:50","post_content":"","post_title":"JORNAL-LABORAT\u00d3RIO EM TEMPOS","post_excerpt":"","post_status":"inherit","comment_status":"open","ping_status":"closed","post_password":"","post_name":"jornal-laboratorio-em-tempos","to_ping":"","pinged":"","post_modified":"2023-10-03 18:22:49","post_modified_gmt":"2023-10-03 21:22:49","post_content_filtered":"","post_parent":"636","guid":"https:\/\/repositorio.abejor.org.br\/wp-content\/uploads\/2023\/10\/JORNAL-LABORATORIO-EM-TEMPOS.pdf","menu_order":"0","post_type":"attachment","post_mime_type":"application\/pdf","comment_count":"0","pod_item_id":"637"},"autor":"Rodrigo Pelegrini Ratier","palavras_chaves":"Jornal-laborat\u00f3rio, Plataformiza\u00e7\u00e3o, Ensino de jornalismo, Pr\u00e1tica jornal\u00edstica","evento":[{"ID":582,"post_title":"21\u00ba Encontro Nacional de Ensino de Jornalismo","post_content":"","post_excerpt":"21\u00ba Encontro Nacional de Ensino de Jornalismo (ENEJor), ocorreu entre os dias 20 a 22 de abril, em Teresina (PI). Organizado pelo curso de Jornalismo da Universidade Federal do Piau\u00ed, com apoio da Universidade Estadual do Piau\u00ed, Faculdade R. S\u00e1 e Centro Universit\u00e1rio Est\u00e1cio. Contou com 62 trabalhos apresentados, divididos em 6 grupos e, em cada um deles, um trabalho recebeu men\u00e7\u00e3o honrosa. No encontro, foi aprovada a Carte de Teresina, importante documento onde constam alguns compromissos para o pr\u00f3ximo ano dentro da ABEJ.  O Pr\u00eamio ABEJ foi entregue ao professor Alfredo Vizeu, da Universidade Federal da Para\u00edba (UFPB).","post_author":"2","post_date":"2022-04-20 15:55:09","post_date_gmt":"2022-04-20 18:55:09","post_status":"publish","comment_status":"closed","ping_status":"closed","post_password":"","post_name":"21o-encontro-nacional-de-ensino-de-jornalismo","to_ping":"","pinged":"","post_modified":"2023-10-11 16:45:55","post_modified_gmt":"2023-10-11 19:45:55","post_content_filtered":"","post_parent":0,"guid":"https:\/\/repositorio.abejor.org.br\/?post_type=evento&#038;p=582","menu_order":0,"post_type":"evento","post_mime_type":"","comment_count":"0","comments":false,"_thumbnail_id":["583","2","2023-10-03 15:51:23","2023-10-03 18:51:23","","","","inherit","open","closed","","whatsapp-image-2023-10-03-at-15-50-01","","","2023-10-03 15:51:29","2023-10-03 18:51:29","","582","https:\/\/repositorio.abejor.org.br\/wp-content\/uploads\/2023\/10\/WhatsApp-Image-2023-10-03-at-15.50.01.jpeg","0","attachment","image\/jpeg","0","583"],"id":582}],"grupo_de_pesquisa":[{"term_id":12,"name":"Produ\u00e7\u00e3o Laboratorial eletr\u00f4nicos e impressos","slug":"producao-laboratorial-eletronicos-e-impressos","description":"","taxonomy":"grupo_pesquisa","parent":0,"term_taxonomy_id":12,"term_group":0,"count":167,"object_id":null,"term_order":null,"id":12}],"_links":{"self":[{"href":"https:\/\/repositorio.abejor.org.br\/index.php\/wp-json\/wp\/v2\/anal\/636","targetHints":{"allow":["GET"]}}],"collection":[{"href":"https:\/\/repositorio.abejor.org.br\/index.php\/wp-json\/wp\/v2\/anal"}],"about":[{"href":"https:\/\/repositorio.abejor.org.br\/index.php\/wp-json\/wp\/v2\/types\/anal"}],"wp:attachment":[{"href":"https:\/\/repositorio.abejor.org.br\/index.php\/wp-json\/wp\/v2\/media?parent=636"}],"wp:term":[{"taxonomy":"grupo_pesquisa","embeddable":true,"href":"https:\/\/repositorio.abejor.org.br\/index.php\/wp-json\/wp\/v2\/grupo_pesquisa?post=636"}],"curies":[{"name":"wp","href":"https:\/\/api.w.org\/{rel}","templated":true}]}}

JORNAL-LABORATÓRIO EM TEMPOS DE PANDEMIA E PLATAFORMIZAÇÃO: A TRANSFORMAÇÃO DE ESQUINAS

<p>O relato reflete sobre os desafios e possibilidades, em termos de relevância pedagógica e social,<br />
dos jornais-laboratório em tempos pandêmicos e de aceleração da plataformização, ou seja, a<br />
centralidade das mídias sociais nos processos de comunicação jornalística. Os resultados apontam para um aumento na quantidade<br />
de reportagens produzidas, na audiência geral, de textos republicados em veículos parceiros e do<br />
engajamento no curso e da atratividade do curso de jornalismo da instituição. </p>

JORNAL-LABORATÓRIO EM TEMPOS

Jornal-laboratório, Plataformização, Ensino de jornalismo, Prática jornalística

21º Encontro Nacional de Ensino de Jornalismo

21º Encontro Nacional de Ensino de Jornalismo (ENEJor), ocorreu entre os dias 20 a 22 de abril, em Teresina (PI). Organizado pelo curso de Jornalismo da Universidade Federal do Piauí, com apoio da Universidade Estadual do Piauí, Faculdade R. Sá e Centro Universitário Estácio. Contou com 62 trabalhos apresentados, divididos em 6 grupos e, em cada um deles, um trabalho recebeu menção honrosa. No encontro, foi aprovada a Carte de Teresina, importante documento onde constam alguns compromissos para o próximo ano dentro da ABEJ.  O Prêmio ABEJ foi entregue ao professor Alfredo Vizeu, da Universidade Federal da Paraíba (UFPB).

Produção Laboratorial eletrônicos e impressos
