{"id":57,"date":"2023-08-10T20:27:57","date_gmt":"2023-08-10T23:27:57","guid":{"rendered":"https:\/\/repositorio.abejor.org.br\/?post_type=anal&#038;p=57"},"modified":"2023-09-13T02:22:04","modified_gmt":"2023-09-13T05:22:04","slug":"hiperinformacao-desinformacao-e-infoxicacao-o-ensino-da-reportagem-na-era-da-crise-de-credibilidade","status":"publish","type":"anal","link":"https:\/\/repositorio.abejor.org.br\/?anal=hiperinformacao-desinformacao-e-infoxicacao-o-ensino-da-reportagem-na-era-da-crise-de-credibilidade","title":{"rendered":"Hiperinforma\u00e7\u00e3o, desinforma\u00e7\u00e3o e infoxica\u00e7\u00e3o: o ensino da reportagem na era da crise de credibilidade"},"excerpt":{"rendered":"<p>O objetivo deste artigo \u00e9 discutir o lugar do ensino da reportagem, entendida com t\u00e9cnica e<br \/>\ng\u00eanero, no atual contexto de crise de credibilidade do jornalismo. Reconhecendo a emerg\u00eancia<br \/>\nde fen\u00f4menos sociais como a hiperinforma\u00e7\u00e3o, a desinforma\u00e7\u00e3o e a infoxica\u00e7\u00e3o, justifica-se a<br \/>\nimport\u00e2ncia de problematizar o atual panorama midi\u00e1tico, propiciando a reflex\u00e3o sobre as<br \/>\npossibilidades de atua\u00e7\u00e3o do jornalismo profissional. Nesse sentido, apresenta-se a reportagem<br \/>\ncomo uma alternativa f\u00e9rtil para a investiga\u00e7\u00e3o aprofundada e humanizada, o debate plural e o a<br \/>\ngarantia social da veracidade, diferenciando-se, assim, num ecossistema de informa\u00e7\u00f5es pouco<br \/>\ncr\u00edveis.<\/p>\n","protected":false},"template":"","grupo_pesquisa":[10],"class_list":["post-57","anal","type-anal","status-publish","hentry","grupo_pesquisa-ensino-de-etica-e-teorias-do-jornalismo"],"arquivo":{"ID":"58","post_author":"1","post_date":"2023-08-10 20:27:49","post_date_gmt":"2023-08-10 23:27:49","post_content":"","post_title":"222-907-1-PB","post_excerpt":"","post_status":"inherit","comment_status":"open","ping_status":"closed","post_password":"","post_name":"222-907-1-pb","to_ping":"","pinged":"","post_modified":"2023-08-10 20:27:57","post_modified_gmt":"2023-08-10 23:27:57","post_content_filtered":"","post_parent":"57","guid":"https:\/\/repositorio.abejor.org.br\/wp-content\/uploads\/2023\/08\/222-907-1-PB.pdf","menu_order":"0","post_type":"attachment","post_mime_type":"application\/pdf","comment_count":"0","pod_item_id":"58"},"autor":"Jos\u00e9 Isa\u00edas Venera","palavras_chaves":"","evento":[{"ID":37,"post_title":"18\u00ba Encontro Nacional de Professores de Jornalismo","post_content":"","post_excerpt":" 18\u00ba Encontro Nacional de Professores de Jornalismo (18\u00ba ENPJ) e o XIV Ciclo Nacional de Pesquisa em Ensino e Extens\u00e3o, promovido pela Associa\u00e7\u00e3o Brasileira de Ensino do Jornalismo (Abej), antigo F\u00f3rum Nacional de Professores de Jornalismo (FNPJ), ser\u00e1 realizado entre os dias 25 a 27 de abril de 2019, em Ponta Grossa (PR) 8\u00ba ENPJ est\u00e1 sob a responsabilidade dos Cursos de Jornalismo e do Mestrado em Jornalismo da Universidade Estadual de Ponta Grossa (UEPG) e do Curso de Jornalismo do Centro Unversit\u00e1rio Santa Am\u00e9lia (Secal) e do Curso de Jornalismo da Universidade do Centro-Oeste (Unicentro).\r\n\r\nDiversos eventos comp\u00f5em a programa\u00e7\u00e3o do 18\u00ba ENPJ, a saber: 14\u00ba Pr\u00e9-F\u00f3rum da Federa\u00e7\u00e3o Nacional de Jornalistas (FENAJ);9\u00ba Encontro FNPJ de Coordenadores de Curso de Jornalismo;14\u00ba Ciclo Nacional de Pesquisas em Ensino e Extens\u00e3o em Jornalismo. Al\u00e9m deles, est\u00e3o previstas atividades comolan\u00e7amento de livros,pain\u00e9is de debates e programa\u00e7\u00e3o cultural.\r\n\r\nPara o 18\u00ba Encontro, j\u00e1 est\u00e1 acertada, tamb\u00e9m, a realiza\u00e7\u00e3o de umPainel de debates sobre a avalia\u00e7\u00e3o dos cursos de jornalismo, com presen\u00e7a derepresentantes do INEP (muito provavelmente a sua presid\u00eancia) e, em parceria com o \u00f3rg\u00e3o.\r\n\r\n","post_author":"1","post_date":"2019-04-25 19:53:30","post_date_gmt":"2019-04-25 22:53:30","post_status":"publish","comment_status":"closed","ping_status":"closed","post_password":"","post_name":"5-evento","to_ping":"","pinged":"","post_modified":"2023-10-09 20:16:47","post_modified_gmt":"2023-10-09 23:16:47","post_content_filtered":"","post_parent":0,"guid":"https:\/\/repositorio.abejor.org.br\/?post_type=evento&#038;p=37","menu_order":0,"post_type":"evento","post_mime_type":"","comment_count":"0","comments":false,"_thumbnail_id":["173","1","2023-09-04 11:35:23","2023-09-04 14:35:23","","1547736903","","inherit","open","closed","","1547736903","","","2023-09-04 11:35:23","2023-09-04 14:35:23","","37","https:\/\/repositorio.abejor.org.br\/wp-content\/uploads\/2023\/08\/1547736903.jpg","0","attachment","image\/jpeg","0","173"],"id":37}],"grupo_de_pesquisa":[{"term_id":10,"name":"Ensino de \u00c9tica e Teorias do Jornalismo","slug":"ensino-de-etica-e-teorias-do-jornalismo","description":"","taxonomy":"grupo_pesquisa","parent":0,"term_taxonomy_id":10,"term_group":0,"count":84,"object_id":null,"term_order":null,"id":10}],"_links":{"self":[{"href":"https:\/\/repositorio.abejor.org.br\/index.php\/wp-json\/wp\/v2\/anal\/57","targetHints":{"allow":["GET"]}}],"collection":[{"href":"https:\/\/repositorio.abejor.org.br\/index.php\/wp-json\/wp\/v2\/anal"}],"about":[{"href":"https:\/\/repositorio.abejor.org.br\/index.php\/wp-json\/wp\/v2\/types\/anal"}],"wp:attachment":[{"href":"https:\/\/repositorio.abejor.org.br\/index.php\/wp-json\/wp\/v2\/media?parent=57"}],"wp:term":[{"taxonomy":"grupo_pesquisa","embeddable":true,"href":"https:\/\/repositorio.abejor.org.br\/index.php\/wp-json\/wp\/v2\/grupo_pesquisa?post=57"}],"curies":[{"name":"wp","href":"https:\/\/api.w.org\/{rel}","templated":true}]}}

Hiperinformação, desinformação e infoxicação: o ensino da reportagem na era da crise de credibilidade

<p>O objetivo deste artigo é discutir o lugar do ensino da reportagem, entendida com técnica e<br />
gênero, no atual contexto de crise de credibilidade do jornalismo. Reconhecendo a emergência<br />
de fenômenos sociais como a hiperinformação, a desinformação e a infoxicação, justifica-se a<br />
importância de problematizar o atual panorama midiático, propiciando a reflexão sobre as<br />
possibilidades de atuação do jornalismo profissional. Nesse sentido, apresenta-se a reportagem<br />
como uma alternativa fértil para a investigação aprofundada e humanizada, o debate plural e o a<br />
garantia social da veracidade, diferenciando-se, assim, num ecossistema de informações pouco<br />
críveis.</p>

José Isaías Venera

18º Encontro Nacional de Professores de Jornalismo

18º Encontro Nacional de Professores de Jornalismo (18º ENPJ) e o XIV Ciclo Nacional de Pesquisa em Ensino e Extensão, promovido pela Associação Brasileira de Ensino do Jornalismo (Abej), antigo Fórum Nacional de Professores de Jornalismo (FNPJ), será realizado entre os dias 25 a 27 de abril de 2019, em Ponta Grossa (PR) 8º ENPJ está sob a responsabilidade dos Cursos de Jornalismo e do Mestrado em Jornalismo da Universidade Estadual de Ponta Grossa (UEPG) e do Curso de Jornalismo do Centro Unversitário Santa Amélia (Secal) e do Curso de Jornalismo da Universidade do Centro-Oeste (Unicentro).

Diversos eventos compõem a programação do 18º ENPJ, a saber: 14º Pré-Fórum da Federação Nacional de Jornalistas (FENAJ);9º Encontro FNPJ de Coordenadores de Curso de Jornalismo;14º Ciclo Nacional de Pesquisas em Ensino e Extensão em Jornalismo. Além deles, estão previstas atividades comolançamento de livros,painéis de debates e programação cultural.

Para o 18º Encontro, já está acertada, também, a realização de umPainel de debates sobre a avaliação dos cursos de jornalismo, com presença derepresentantes do INEP (muito provavelmente a sua presidência) e, em parceria com o órgão.

Ensino de Ética e Teorias do Jornalismo
