{"id":557,"date":"2023-10-03T12:44:15","date_gmt":"2023-10-03T15:44:15","guid":{"rendered":"https:\/\/repositorio.abejor.org.br\/?post_type=anal&#038;p=557"},"modified":"2023-10-03T12:44:15","modified_gmt":"2023-10-03T15:44:15","slug":"divulgacao-da-osufpb-um-projeto-de-extensao-de-formacao-de-publico-para-musica-sinfonica-na-paraiba-em-meio-a-era-digital","status":"publish","type":"anal","link":"https:\/\/repositorio.abejor.org.br\/?anal=divulgacao-da-osufpb-um-projeto-de-extensao-de-formacao-de-publico-para-musica-sinfonica-na-paraiba-em-meio-a-era-digital","title":{"rendered":"DIVULGA\u00c7\u00c3O DA OSUFPB: UM PROJETO DE EXTENS\u00c3O DE FORMA\u00c7\u00c3O DE P\u00daBLICO PARA M\u00daSICA SINF\u00d4NICA NA PARA\u00cdBA EM MEIO A ERA DIGITAL"},"excerpt":{"rendered":"<p>Este relato pretende abordar as atividades desenvolvidas no projeto de extens\u00e3o da UFPB cujo intuito \u00e9 criar e manter o contato com pr\u00e1ticas estrat\u00e9gicas de divulga\u00e7\u00e3o no jornalismo cultural em torno da OSUFPB. Neste aspecto, as estrat\u00e9gias desenvolvidas perpassam pela esfera tradicional da Assessoria de Imprensa, bem como pela produ\u00e7\u00e3o de materiais gr\u00e1ficos e audiovisuais para uma produ\u00e7\u00e3o de conte\u00fado sobre a orquestra nos meios digitais.<\/p>\n","protected":false},"template":"","grupo_pesquisa":[11],"class_list":["post-557","anal","type-anal","status-publish","hentry","grupo_pesquisa-pesquisa-na-graduacao"],"arquivo":{"ID":"558","post_author":"2","post_date":"2023-10-03 12:44:01","post_date_gmt":"2023-10-03 15:44:01","post_content":"","post_title":"DIVULGA\u00c7\u00c3O DA OSUFPB","post_excerpt":"","post_status":"inherit","comment_status":"open","ping_status":"closed","post_password":"","post_name":"divulgacao-da-osufpb","to_ping":"","pinged":"","post_modified":"2023-10-03 12:44:15","post_modified_gmt":"2023-10-03 15:44:15","post_content_filtered":"","post_parent":"557","guid":"https:\/\/repositorio.abejor.org.br\/wp-content\/uploads\/2023\/10\/DIVULGACAO-DA-OSUFPB.pdf","menu_order":"0","post_type":"attachment","post_mime_type":"application\/pdf","comment_count":"0","pod_item_id":"558"},"autor":"Andr\u00e9 Firmino Faustino Dias de Almeida; Julia Rodrigues Alves da Silva; Juliana Marinho de Lima; Kananda Vit\u00f3ria Ar\u00e3o de Souza; Adeildo Vieira dos Santos","palavras_chaves":"Assessoria de Comunica\u00e7\u00e3o, M\u00fasica Sinf\u00f4nica, Forma\u00e7\u00e3o de P\u00fablico, Jornalismo Cultural, Projeto de Extens\u00e3o","evento":[{"ID":426,"post_title":"22\u00ba Encontro Nacional de Ensino de Jornalismo","post_content":"","post_excerpt":" 22\u00ba Encontro Nacional de Ensino de Jornalismo (22\u00ba ENEJor), promovido pela Associa\u00e7\u00e3o Brasileira de Ensino do Jornalismo (Abej), que ocorreu entre os dias 25 a 28 de abril de 2023, na Universidade Federal do Amazonas (UFAM).  O evento contou com 375 inscritos, 59 trabalhos aprovados para apresenta\u00e7\u00f5es nos Grupos de Pesquisa e no Grupo de Trabalho. Foi realizada a entrega do pr\u00eamio ABEJ de Personalidade de Destaque no Ensino de Jornalismo, concedida \u00e0 professora da Universidade Federal do Rio Grande do Sul, Sandra de Deus. Bem como, a homenagem ao professor do Departamento de Comunica\u00e7\u00e3o Social, professor Jo\u00e3o Bosco Ferreira e a aprova\u00e7\u00e3o da Carta de Manaus.","post_author":"2","post_date":"2023-10-02 23:45:39","post_date_gmt":"2023-10-03 02:45:39","post_status":"publish","comment_status":"closed","ping_status":"closed","post_password":"","post_name":"22o-encontro-nacional-de-ensino-de-jornalismo","to_ping":"","pinged":"","post_modified":"2023-10-11 21:07:27","post_modified_gmt":"2023-10-12 00:07:27","post_content_filtered":"","post_parent":0,"guid":"https:\/\/repositorio.abejor.org.br\/?post_type=evento&#038;p=426","menu_order":0,"post_type":"evento","post_mime_type":"","comment_count":"0","comments":false,"_thumbnail_id":["427","2","2023-10-02 22:10:34","2023-10-03 01:10:34","","WhatsApp Image 2023-10-02 at 19.11.32","","inherit","open","closed","","whatsapp-image-2023-10-02-at-19-11-32-2","","","2023-10-02 22:10:34","2023-10-03 01:10:34","","426","https:\/\/repositorio.abejor.org.br\/wp-content\/uploads\/2023\/10\/WhatsApp-Image-2023-10-02-at-19.11.32.jpeg","0","attachment","image\/jpeg","0","427"],"id":426}],"grupo_de_pesquisa":[{"term_id":11,"name":"Pesquisa na Gradua\u00e7\u00e3o","slug":"pesquisa-na-graduacao","description":"","taxonomy":"grupo_pesquisa","parent":0,"term_taxonomy_id":11,"term_group":0,"count":316,"object_id":null,"term_order":null,"id":11}],"_links":{"self":[{"href":"https:\/\/repositorio.abejor.org.br\/index.php\/wp-json\/wp\/v2\/anal\/557","targetHints":{"allow":["GET"]}}],"collection":[{"href":"https:\/\/repositorio.abejor.org.br\/index.php\/wp-json\/wp\/v2\/anal"}],"about":[{"href":"https:\/\/repositorio.abejor.org.br\/index.php\/wp-json\/wp\/v2\/types\/anal"}],"wp:attachment":[{"href":"https:\/\/repositorio.abejor.org.br\/index.php\/wp-json\/wp\/v2\/media?parent=557"}],"wp:term":[{"taxonomy":"grupo_pesquisa","embeddable":true,"href":"https:\/\/repositorio.abejor.org.br\/index.php\/wp-json\/wp\/v2\/grupo_pesquisa?post=557"}],"curies":[{"name":"wp","href":"https:\/\/api.w.org\/{rel}","templated":true}]}}

DIVULGAÇÃO DA OSUFPB: UM PROJETO DE EXTENSÃO DE FORMAÇÃO DE PÚBLICO PARA MÚSICA SINFÔNICA NA PARAÍBA EM MEIO A ERA DIGITAL

<p>Este relato pretende abordar as atividades desenvolvidas no projeto de extensão da UFPB cujo intuito é criar e manter o contato com práticas estratégicas de divulgação no jornalismo cultural em torno da OSUFPB. Neste aspecto, as estratégias desenvolvidas perpassam pela esfera tradicional da Assessoria de Imprensa, bem como pela produção de materiais gráficos e audiovisuais para uma produção de conteúdo sobre a orquestra nos meios digitais.</p>

DIVULGAÇÃO DA OSUFPB

André Firmino Faustino Dias de Almeida; Julia Rodrigues Alves da Silva; Juliana Marinho de Lima; Kananda Vitória Arão de Souza; Adeildo Vieira dos Santos

Assessoria de Comunicação, Música Sinfônica, Formação de Público, Jornalismo Cultural, Projeto de Extensão

22º Encontro Nacional de Ensino de Jornalismo

22º Encontro Nacional de Ensino de Jornalismo (22º ENEJor), promovido pela Associação Brasileira de Ensino do Jornalismo (Abej), que ocorreu entre os dias 25 a 28 de abril de 2023, na Universidade Federal do Amazonas (UFAM).  O evento contou com 375 inscritos, 59 trabalhos aprovados para apresentações nos Grupos de Pesquisa e no Grupo de Trabalho. Foi realizada a entrega do prêmio ABEJ de Personalidade de Destaque no Ensino de Jornalismo, concedida à professora da Universidade Federal do Rio Grande do Sul, Sandra de Deus. Bem como, a homenagem ao professor do Departamento de Comunicação Social, professor João Bosco Ferreira e a aprovação da Carta de Manaus.

Pesquisa na Graduação
