{"id":2953,"date":"2026-04-22T19:08:46","date_gmt":"2026-04-22T22:08:46","guid":{"rendered":"https:\/\/repositorio.abejor.org.br\/?post_type=anal&#038;p=2953"},"modified":"2026-04-22T19:08:46","modified_gmt":"2026-04-22T22:08:46","slug":"doencas-da-tireoide-sao-doencas-invisibilizada-pela-midia","status":"publish","type":"anal","link":"https:\/\/repositorio.abejor.org.br\/?anal=doencas-da-tireoide-sao-doencas-invisibilizada-pela-midia","title":{"rendered":"DOEN\u00c7AS DA TIRE\u00d3IDE : S\u00c3O DOEN\u00c7AS INVISIBILIZADA PELA M\u00cdDIA"},"excerpt":{"rendered":"","protected":false},"template":"","grupo_pesquisa":[11],"class_list":["post-2953","anal","type-anal","status-publish","hentry","grupo_pesquisa-pesquisa-na-graduacao"],"arquivo":{"ID":"2954","post_author":"2","post_date":"2026-04-22 19:08:40","post_date_gmt":"2026-04-22 22:08:40","post_content":"","post_title":"DOEN\u00c7AS DA TIRE\u00d3IDE : S\u00c3O DOEN\u00c7AS INVISIBILIZADA PELA M\u00cdDIA","post_excerpt":"","post_status":"inherit","comment_status":"open","ping_status":"closed","post_password":"","post_name":"1398598","to_ping":"","pinged":"","post_modified":"2026-04-22 19:08:46","post_modified_gmt":"2026-04-22 22:08:46","post_content_filtered":"","post_parent":"2953","guid":"https:\/\/repositorio.abejor.org.br\/wp-content\/uploads\/2026\/04\/1398598.pdf","menu_order":"0","post_type":"attachment","post_mime_type":"application\/pdf","comment_count":"0","pod_item_id":"2954"},"autor":"Leonara Santiago Moura","palavras_chaves":"Tire\u00f3ide; Doen\u00e7a-autoimune; Fertilidade feminina; Hipertireoidismo; \r\nHipotireoidismo","evento":[{"ID":2937,"post_title":"3\u00ba Encontro Regional Sudeste de Ensino de Jornalismo (Erejor Sudeste)","post_content":"","post_excerpt":"O III Encontro Regional Sudeste de Ensino de Jornalismo, o EREJOR Sudeste 2025, foi realizado nos dias 13 e 14\/11 de forma totalmente remota. O evento foi promovido pelo Centro Universit\u00e1rio Uniacademia em parceria com a ABEJ (Associa\u00e7\u00e3o Brasileira de Ensino de Jornalismo), e teve como tema Jornalismo para um mundo em transi\u00e7\u00e3o.\r\n\r\nNa programa\u00e7\u00e3o, al\u00e9m de confer\u00eancia de abertura, houveram sess\u00f5es de 05 grupos de pesquisa e de 01 grupo de trabalho voltado aos estudantes de gradua\u00e7\u00e3o e ainda uma reuni\u00e3o com os coordenadores de cursos de gradua\u00e7\u00e3o em Jornalismo da regi\u00e3o Sudeste.","post_author":"2","post_date":"2026-04-22 18:58:57","post_date_gmt":"2026-04-22 21:58:57","post_status":"publish","comment_status":"closed","ping_status":"closed","post_password":"","post_name":"3o-encontro-regional-sudeste-de-ensino-de-jornalismo-erejor-sudeste","to_ping":"","pinged":"","post_modified":"2026-04-22 18:58:57","post_modified_gmt":"2026-04-22 21:58:57","post_content_filtered":"","post_parent":0,"guid":"https:\/\/repositorio.abejor.org.br\/?post_type=evento&#038;p=2937","menu_order":0,"post_type":"evento","post_mime_type":"","comment_count":"0","comments":false,"_thumbnail_id":["2938","2","2026-04-22 18:58:49","2026-04-22 21:58:49","","topo.e1faaab70dc649a4a935","","inherit","open","closed","","topo-e1faaab70dc649a4a935","","","2026-04-22 18:58:49","2026-04-22 21:58:49","","2937","https:\/\/repositorio.abejor.org.br\/wp-content\/uploads\/2026\/04\/topo.e1faaab70dc649a4a935.webp","0","attachment","image\/webp","0","2938"],"id":2937}],"grupo_de_pesquisa":[{"term_id":11,"name":"Pesquisa na Gradua\u00e7\u00e3o","slug":"pesquisa-na-graduacao","description":"","taxonomy":"grupo_pesquisa","parent":0,"term_taxonomy_id":11,"term_group":0,"count":316,"object_id":null,"term_order":null,"id":11}],"_links":{"self":[{"href":"https:\/\/repositorio.abejor.org.br\/index.php\/wp-json\/wp\/v2\/anal\/2953","targetHints":{"allow":["GET"]}}],"collection":[{"href":"https:\/\/repositorio.abejor.org.br\/index.php\/wp-json\/wp\/v2\/anal"}],"about":[{"href":"https:\/\/repositorio.abejor.org.br\/index.php\/wp-json\/wp\/v2\/types\/anal"}],"wp:attachment":[{"href":"https:\/\/repositorio.abejor.org.br\/index.php\/wp-json\/wp\/v2\/media?parent=2953"}],"wp:term":[{"taxonomy":"grupo_pesquisa","embeddable":true,"href":"https:\/\/repositorio.abejor.org.br\/index.php\/wp-json\/wp\/v2\/grupo_pesquisa?post=2953"}],"curies":[{"name":"wp","href":"https:\/\/api.w.org\/{rel}","templated":true}]}}

DOENÇAS DA TIREÓIDE : SÃO DOENÇAS INVISIBILIZADA PELA MÍDIA

Tireóide; Doença-autoimune; Fertilidade feminina; Hipertireoidismo; 
Hipotireoidismo

3º Encontro Regional Sudeste de Ensino de Jornalismo (Erejor Sudeste)

O III Encontro Regional Sudeste de Ensino de Jornalismo, o EREJOR Sudeste 2025, foi realizado nos dias 13 e 14/11 de forma totalmente remota. O evento foi promovido pelo Centro Universitário Uniacademia em parceria com a ABEJ (Associação Brasileira de Ensino de Jornalismo), e teve como tema Jornalismo para um mundo em transição.

Na programação, além de conferência de abertura, houveram sessões de 05 grupos de pesquisa e de 01 grupo de trabalho voltado aos estudantes de graduação e ainda uma reunião com os coordenadores de cursos de graduação em Jornalismo da região Sudeste.

Pesquisa na Graduação
