{"id":2893,"date":"2026-04-22T18:24:53","date_gmt":"2026-04-22T21:24:53","guid":{"rendered":"https:\/\/repositorio.abejor.org.br\/?post_type=anal&#038;p=2893"},"modified":"2026-04-22T18:24:53","modified_gmt":"2026-04-22T21:24:53","slug":"audiovisual-e-alteridade-uma-analise-sobre-o-programa-falas-de-acesso","status":"publish","type":"anal","link":"https:\/\/repositorio.abejor.org.br\/?anal=audiovisual-e-alteridade-uma-analise-sobre-o-programa-falas-de-acesso","title":{"rendered":"AUDIOVISUAL E ALTERIDADE: UMA AN\u00c1LISE SOBRE O PROGRAMA \u201cFALAS DE ACESSO\u201d"},"excerpt":{"rendered":"<p>Este relato \u00e9 fruto da experi\u00eancia da disciplina Audiovisual e Alteridade, cursada no<br \/>\nsegundo semestre de 2024, no curso de Jornalismo da Universidade Federal Rural do<br \/>\nRio de Janeiro- UFRRJ. A partir de conceitos basilares sobre alteridade, comum e<br \/>\nestudos do audiovisual, o trabalho analisa o Programa \u201cFalas de Acesso\u201d, que faz parte<br \/>\ndo \u201cProjeto Falas\u201d, da Rede Globo de Televis\u00e3o. Com a ado\u00e7\u00e3o do m\u00e9todo da AMA<br \/>\nAn\u00e1lise da Materialidade Audiovisual (Coutinho, 2018), a proposta se sustenta a partir<br \/>\nde tr\u00eas eixos de an\u00e1lises: est\u00e9tica, discursividade e estrutura. A metodologia se amplia<br \/>\ncom uma entrevista semiestruturada com a apresentadora do programa Fl\u00e1via Cintra<br \/>\npara a obten\u00e7\u00e3o de pistas sobre os bastidores da produ\u00e7\u00e3o.<\/p>\n","protected":false},"template":"","grupo_pesquisa":[11],"class_list":["post-2893","anal","type-anal","status-publish","hentry","grupo_pesquisa-pesquisa-na-graduacao"],"arquivo":{"ID":"2894","post_author":"2","post_date":"2026-04-22 18:24:48","post_date_gmt":"2026-04-22 21:24:48","post_content":"","post_title":"AUDIOVISUAL E ALTERIDADE: UMA AN\u00c1LISE SOBRE O PROGRAMA \u201cFALAS DE ACESSO\u201d","post_excerpt":"","post_status":"inherit","comment_status":"open","ping_status":"closed","post_password":"","post_name":"1047349","to_ping":"","pinged":"","post_modified":"2026-04-22 18:24:53","post_modified_gmt":"2026-04-22 21:24:53","post_content_filtered":"","post_parent":"2893","guid":"https:\/\/repositorio.abejor.org.br\/wp-content\/uploads\/2026\/04\/1047349.pdf","menu_order":"0","post_type":"attachment","post_mime_type":"application\/pdf","comment_count":"0","pod_item_id":"2894"},"autor":"Ana Clara Tavares; Julia Motta Cavalcanti; Naiara Maria Souza do Monte; Ana Paula Goulart de Andrade; Iluska Maria da Silva Coutinho","palavras_chaves":"Audiovisual; Alteridade: \u201cFalas de Acesso\u201d","evento":[{"ID":2873,"post_title":"2\u00ba Encontro Regional Sudeste de Ensino de Jornalismo (Erejor Sudeste)","post_content":"","post_excerpt":"A extens\u00e3o na forma\u00e7\u00e3o em Jornalismo foi a tem\u00e1tica central Erejor Sudeste 2024, que ocorreu nos dia 10 e 11 de dezembro, de forma remota.\r\n\r\nOrganizado pelo Programa de P\u00f3s-Gradua\u00e7\u00e3o em Comunica\u00e7\u00e3o e Territorialidades da Universidade Federal do Esp\u00edrito Santo  (Poscom UFES), o evento deu foco para a curriculariza\u00e7\u00e3o da extens\u00e3o. \r\n\r\nRegulamentada pela Resolu\u00e7\u00e3o n\u00ba 7 MEC\/CNE\/CES, de 18 de dezembro de 2018 (CNE - Conselho Nacional de Educa\u00e7\u00e3o), a curriculariza\u00e7\u00e3o da extens\u00e3o, ou credita\u00e7\u00e3o curricular da extens\u00e3o, \u00e9 tema em pauta nos cursos de Jornalismo.\r\n\r\nPara quem j\u00e1 incluiu as atividades de extens\u00e3o em pelo menos 10% da carga hor\u00e1ria curricular, ou para docentes, estudantes e coordenadores de cursos que ainda estudam a altera\u00e7\u00e3o do PPC, o tema \u00e9 um excelente oportunidade para refletir sobre os desafios e trocas experi\u00eancias sobre o ensino de Jornalismo.\r\n\r\n","post_author":"2","post_date":"2026-04-22 17:52:44","post_date_gmt":"2026-04-22 20:52:44","post_status":"publish","comment_status":"closed","ping_status":"closed","post_password":"","post_name":"2o-encontro-regional-sudeste-de-ensino-de-jornalismo-erejor-sudeste","to_ping":"","pinged":"","post_modified":"2026-04-22 17:52:44","post_modified_gmt":"2026-04-22 20:52:44","post_content_filtered":"","post_parent":0,"guid":"https:\/\/repositorio.abejor.org.br\/?post_type=evento&#038;p=2873","menu_order":0,"post_type":"evento","post_mime_type":"","comment_count":"0","comments":false,"_thumbnail_id":["2877","2","2026-04-22 17:52:19","2026-04-22 20:52:19","","erejorsudeste.6edd3cc68cfd40bd9ab3","","inherit","open","closed","","erejorsudeste-6edd3cc68cfd40bd9ab3-2","","","2026-04-22 17:52:19","2026-04-22 20:52:19","","2873","https:\/\/repositorio.abejor.org.br\/wp-content\/uploads\/2026\/04\/erejorsudeste.6edd3cc68cfd40bd9ab3-1.jpg","0","attachment","image\/jpeg","0","2877"],"id":2873}],"grupo_de_pesquisa":[{"term_id":11,"name":"Pesquisa na Gradua\u00e7\u00e3o","slug":"pesquisa-na-graduacao","description":"","taxonomy":"grupo_pesquisa","parent":0,"term_taxonomy_id":11,"term_group":0,"count":316,"object_id":null,"term_order":null,"id":11}],"_links":{"self":[{"href":"https:\/\/repositorio.abejor.org.br\/index.php\/wp-json\/wp\/v2\/anal\/2893","targetHints":{"allow":["GET"]}}],"collection":[{"href":"https:\/\/repositorio.abejor.org.br\/index.php\/wp-json\/wp\/v2\/anal"}],"about":[{"href":"https:\/\/repositorio.abejor.org.br\/index.php\/wp-json\/wp\/v2\/types\/anal"}],"wp:attachment":[{"href":"https:\/\/repositorio.abejor.org.br\/index.php\/wp-json\/wp\/v2\/media?parent=2893"}],"wp:term":[{"taxonomy":"grupo_pesquisa","embeddable":true,"href":"https:\/\/repositorio.abejor.org.br\/index.php\/wp-json\/wp\/v2\/grupo_pesquisa?post=2893"}],"curies":[{"name":"wp","href":"https:\/\/api.w.org\/{rel}","templated":true}]}}

AUDIOVISUAL E ALTERIDADE: UMA ANÁLISE SOBRE O PROGRAMA “FALAS DE ACESSO”

<p>Este relato é fruto da experiência da disciplina Audiovisual e Alteridade, cursada no<br />
segundo semestre de 2024, no curso de Jornalismo da Universidade Federal Rural do<br />
Rio de Janeiro- UFRRJ. A partir de conceitos basilares sobre alteridade, comum e<br />
estudos do audiovisual, o trabalho analisa o Programa “Falas de Acesso”, que faz parte<br />
do “Projeto Falas”, da Rede Globo de Televisão. Com a adoção do método da AMA<br />
Análise da Materialidade Audiovisual (Coutinho, 2018), a proposta se sustenta a partir<br />
de três eixos de análises: estética, discursividade e estrutura. A metodologia se amplia<br />
com uma entrevista semiestruturada com a apresentadora do programa Flávia Cintra<br />
para a obtenção de pistas sobre os bastidores da produção.</p>

2º Encontro Regional Sudeste de Ensino de Jornalismo (Erejor Sudeste)

A extensão na formação em Jornalismo foi a temática central Erejor Sudeste 2024, que ocorreu nos dia 10 e 11 de dezembro, de forma remota.

Organizado pelo Programa de Pós-Graduação em Comunicação e Territorialidades da Universidade Federal do Espírito Santo  (Poscom UFES), o evento deu foco para a curricularização da extensão. 

Regulamentada pela Resolução nº 7 MEC/CNE/CES, de 18 de dezembro de 2018 (CNE - Conselho Nacional de Educação), a curricularização da extensão, ou creditação curricular da extensão, é tema em pauta nos cursos de Jornalismo.

Para quem já incluiu as atividades de extensão em pelo menos 10% da carga horária curricular, ou para docentes, estudantes e coordenadores de cursos que ainda estudam a alteração do PPC, o tema é um excelente oportunidade para refletir sobre os desafios e trocas experiências sobre o ensino de Jornalismo.

Pesquisa na Graduação
