{"id":2889,"date":"2026-04-22T18:22:19","date_gmt":"2026-04-22T21:22:19","guid":{"rendered":"https:\/\/repositorio.abejor.org.br\/?post_type=anal&#038;p=2889"},"modified":"2026-04-22T18:22:19","modified_gmt":"2026-04-22T21:22:19","slug":"analise-critica-da-tipificacao-da-mulher-negra-na-midia","status":"publish","type":"anal","link":"https:\/\/repositorio.abejor.org.br\/?anal=analise-critica-da-tipificacao-da-mulher-negra-na-midia","title":{"rendered":"AN\u00c1LISE CR\u00cdTICA DA TIPIFICA\u00c7\u00c3O DA MULHER NEGRA NA M\u00cdDIA"},"excerpt":{"rendered":"<p>Neste trabalho abordaremos a tipifica\u00e7\u00e3o da mulher negra na m\u00eddia brasileira, atrav\u00e9s da<br \/>\nreprodu\u00e7\u00e3o de tr\u00eas estere\u00f3tipos espec\u00edficos: subserviente, hipersexualizada e \u2018nega<br \/>\nmaluca\u2019. Segundo Biroli (2011), o compartilhamento massivo de refer\u00eancias que os<br \/>\nmeios de comunica\u00e7\u00e3o propagam contribuem para a reprodu\u00e7\u00e3o dos estere\u00f3tipos ou<br \/>\npara sua reorganiza\u00e7\u00e3o ou supera\u00e7\u00e3o. Atrav\u00e9s da an\u00e1lise de conte\u00fados audiovisuais e<br \/>\nlivros que marcaram a hist\u00f3ria da m\u00eddia brasileira, este artigo busca investigar a<br \/>\nmaneira como s\u00e3o demonstradas estas tr\u00eas figuras e quais s\u00e3o as suas influ\u00eancias na<br \/>\npercep\u00e7\u00e3o da sociedade.<\/p>\n","protected":false},"template":"","grupo_pesquisa":[11],"class_list":["post-2889","anal","type-anal","status-publish","hentry","grupo_pesquisa-pesquisa-na-graduacao"],"arquivo":{"ID":"2890","post_author":"2","post_date":"2026-04-22 18:22:14","post_date_gmt":"2026-04-22 21:22:14","post_content":"","post_title":"AN\u00c1LISE CR\u00cdTICA DA TIPIFICA\u00c7\u00c3O DA MULHER NEGRA NA M\u00cdDIA","post_excerpt":"","post_status":"inherit","comment_status":"open","ping_status":"closed","post_password":"","post_name":"1038390","to_ping":"","pinged":"","post_modified":"2026-04-22 18:22:19","post_modified_gmt":"2026-04-22 21:22:19","post_content_filtered":"","post_parent":"2889","guid":"https:\/\/repositorio.abejor.org.br\/wp-content\/uploads\/2026\/04\/1038390.pdf","menu_order":"0","post_type":"attachment","post_mime_type":"application\/pdf","comment_count":"0","pod_item_id":"2890"},"autor":"Gabriela Maia Peterle Reis; Larissa Monteiro Nascimento de Moraes; Rachel Machado; Sophia Dettman Couto; Amanda Lais Pereira Noleto","palavras_chaves":"Tipifica\u00e7\u00e3o; Mulher negra; Estere\u00f3tipo; M\u00eddia","evento":[{"ID":2873,"post_title":"2\u00ba Encontro Regional Sudeste de Ensino de Jornalismo (Erejor Sudeste)","post_content":"","post_excerpt":"A extens\u00e3o na forma\u00e7\u00e3o em Jornalismo foi a tem\u00e1tica central Erejor Sudeste 2024, que ocorreu nos dia 10 e 11 de dezembro, de forma remota.\r\n\r\nOrganizado pelo Programa de P\u00f3s-Gradua\u00e7\u00e3o em Comunica\u00e7\u00e3o e Territorialidades da Universidade Federal do Esp\u00edrito Santo  (Poscom UFES), o evento deu foco para a curriculariza\u00e7\u00e3o da extens\u00e3o. \r\n\r\nRegulamentada pela Resolu\u00e7\u00e3o n\u00ba 7 MEC\/CNE\/CES, de 18 de dezembro de 2018 (CNE - Conselho Nacional de Educa\u00e7\u00e3o), a curriculariza\u00e7\u00e3o da extens\u00e3o, ou credita\u00e7\u00e3o curricular da extens\u00e3o, \u00e9 tema em pauta nos cursos de Jornalismo.\r\n\r\nPara quem j\u00e1 incluiu as atividades de extens\u00e3o em pelo menos 10% da carga hor\u00e1ria curricular, ou para docentes, estudantes e coordenadores de cursos que ainda estudam a altera\u00e7\u00e3o do PPC, o tema \u00e9 um excelente oportunidade para refletir sobre os desafios e trocas experi\u00eancias sobre o ensino de Jornalismo.\r\n\r\n","post_author":"2","post_date":"2026-04-22 17:52:44","post_date_gmt":"2026-04-22 20:52:44","post_status":"publish","comment_status":"closed","ping_status":"closed","post_password":"","post_name":"2o-encontro-regional-sudeste-de-ensino-de-jornalismo-erejor-sudeste","to_ping":"","pinged":"","post_modified":"2026-04-22 17:52:44","post_modified_gmt":"2026-04-22 20:52:44","post_content_filtered":"","post_parent":0,"guid":"https:\/\/repositorio.abejor.org.br\/?post_type=evento&#038;p=2873","menu_order":0,"post_type":"evento","post_mime_type":"","comment_count":"0","comments":false,"_thumbnail_id":["2877","2","2026-04-22 17:52:19","2026-04-22 20:52:19","","erejorsudeste.6edd3cc68cfd40bd9ab3","","inherit","open","closed","","erejorsudeste-6edd3cc68cfd40bd9ab3-2","","","2026-04-22 17:52:19","2026-04-22 20:52:19","","2873","https:\/\/repositorio.abejor.org.br\/wp-content\/uploads\/2026\/04\/erejorsudeste.6edd3cc68cfd40bd9ab3-1.jpg","0","attachment","image\/jpeg","0","2877"],"id":2873}],"grupo_de_pesquisa":[{"term_id":11,"name":"Pesquisa na Gradua\u00e7\u00e3o","slug":"pesquisa-na-graduacao","description":"","taxonomy":"grupo_pesquisa","parent":0,"term_taxonomy_id":11,"term_group":0,"count":316,"object_id":null,"term_order":null,"id":11}],"_links":{"self":[{"href":"https:\/\/repositorio.abejor.org.br\/index.php\/wp-json\/wp\/v2\/anal\/2889","targetHints":{"allow":["GET"]}}],"collection":[{"href":"https:\/\/repositorio.abejor.org.br\/index.php\/wp-json\/wp\/v2\/anal"}],"about":[{"href":"https:\/\/repositorio.abejor.org.br\/index.php\/wp-json\/wp\/v2\/types\/anal"}],"wp:attachment":[{"href":"https:\/\/repositorio.abejor.org.br\/index.php\/wp-json\/wp\/v2\/media?parent=2889"}],"wp:term":[{"taxonomy":"grupo_pesquisa","embeddable":true,"href":"https:\/\/repositorio.abejor.org.br\/index.php\/wp-json\/wp\/v2\/grupo_pesquisa?post=2889"}],"curies":[{"name":"wp","href":"https:\/\/api.w.org\/{rel}","templated":true}]}}

ANÁLISE CRÍTICA DA TIPIFICAÇÃO DA MULHER NEGRA NA MÍDIA

<p>Neste trabalho abordaremos a tipificação da mulher negra na mídia brasileira, através da<br />
reprodução de três estereótipos específicos: subserviente, hipersexualizada e ‘nega<br />
maluca’. Segundo Biroli (2011), o compartilhamento massivo de referências que os<br />
meios de comunicação propagam contribuem para a reprodução dos estereótipos ou<br />
para sua reorganização ou superação. Através da análise de conteúdos audiovisuais e<br />
livros que marcaram a história da mídia brasileira, este artigo busca investigar a<br />
maneira como são demonstradas estas três figuras e quais são as suas influências na<br />
percepção da sociedade.</p>

Tipificação; Mulher negra; Estereótipo; Mídia

2º Encontro Regional Sudeste de Ensino de Jornalismo (Erejor Sudeste)

A extensão na formação em Jornalismo foi a temática central Erejor Sudeste 2024, que ocorreu nos dia 10 e 11 de dezembro, de forma remota.

Organizado pelo Programa de Pós-Graduação em Comunicação e Territorialidades da Universidade Federal do Espírito Santo  (Poscom UFES), o evento deu foco para a curricularização da extensão. 

Regulamentada pela Resolução nº 7 MEC/CNE/CES, de 18 de dezembro de 2018 (CNE - Conselho Nacional de Educação), a curricularização da extensão, ou creditação curricular da extensão, é tema em pauta nos cursos de Jornalismo.

Para quem já incluiu as atividades de extensão em pelo menos 10% da carga horária curricular, ou para docentes, estudantes e coordenadores de cursos que ainda estudam a alteração do PPC, o tema é um excelente oportunidade para refletir sobre os desafios e trocas experiências sobre o ensino de Jornalismo.

Pesquisa na Graduação
