{"id":2881,"date":"2026-04-22T18:06:51","date_gmt":"2026-04-22T21:06:51","guid":{"rendered":"https:\/\/repositorio.abejor.org.br\/?post_type=anal&#038;p=2881"},"modified":"2026-04-22T18:06:51","modified_gmt":"2026-04-22T21:06:51","slug":"a-cultura-ballroom-identidade-em-forma-de-glamour","status":"publish","type":"anal","link":"https:\/\/repositorio.abejor.org.br\/?anal=a-cultura-ballroom-identidade-em-forma-de-glamour","title":{"rendered":"A CULTURA BALLROOM: IDENTIDADE EM FORMA DE GLAMOUR"},"excerpt":{"rendered":"","protected":false},"template":"","grupo_pesquisa":[11],"class_list":["post-2881","anal","type-anal","status-publish","hentry","grupo_pesquisa-pesquisa-na-graduacao"],"arquivo":{"ID":"2882","post_author":"2","post_date":"2026-04-22 18:06:44","post_date_gmt":"2026-04-22 21:06:44","post_content":"","post_title":"A CULTURA BALLROOM: IDENTIDADE EM FORMA DE GLAMOUR","post_excerpt":"","post_status":"inherit","comment_status":"open","ping_status":"closed","post_password":"","post_name":"1047222","to_ping":"","pinged":"","post_modified":"2026-04-22 18:06:51","post_modified_gmt":"2026-04-22 21:06:51","post_content_filtered":"","post_parent":"2881","guid":"https:\/\/repositorio.abejor.org.br\/wp-content\/uploads\/2026\/04\/1047222.pdf","menu_order":"0","post_type":"attachment","post_mime_type":"application\/pdf","comment_count":"0","pod_item_id":"2882"},"autor":"Sofia Souto Silva; Ana Paula Faria Santos Semi\u00e3o; Mell Carvalho Muniz; Luisa Serrano Do Nascimento Campana; Ana Clara Barbosa; Geovana Carvalho Cassamali; K\u00e1tia Fraga","palavras_chaves":"","evento":[{"ID":2873,"post_title":"2\u00ba Encontro Regional Sudeste de Ensino de Jornalismo (Erejor Sudeste)","post_content":"","post_excerpt":"A extens\u00e3o na forma\u00e7\u00e3o em Jornalismo foi a tem\u00e1tica central Erejor Sudeste 2024, que ocorreu nos dia 10 e 11 de dezembro, de forma remota.\r\n\r\nOrganizado pelo Programa de P\u00f3s-Gradua\u00e7\u00e3o em Comunica\u00e7\u00e3o e Territorialidades da Universidade Federal do Esp\u00edrito Santo  (Poscom UFES), o evento deu foco para a curriculariza\u00e7\u00e3o da extens\u00e3o. \r\n\r\nRegulamentada pela Resolu\u00e7\u00e3o n\u00ba 7 MEC\/CNE\/CES, de 18 de dezembro de 2018 (CNE - Conselho Nacional de Educa\u00e7\u00e3o), a curriculariza\u00e7\u00e3o da extens\u00e3o, ou credita\u00e7\u00e3o curricular da extens\u00e3o, \u00e9 tema em pauta nos cursos de Jornalismo.\r\n\r\nPara quem j\u00e1 incluiu as atividades de extens\u00e3o em pelo menos 10% da carga hor\u00e1ria curricular, ou para docentes, estudantes e coordenadores de cursos que ainda estudam a altera\u00e7\u00e3o do PPC, o tema \u00e9 um excelente oportunidade para refletir sobre os desafios e trocas experi\u00eancias sobre o ensino de Jornalismo.\r\n\r\n","post_author":"2","post_date":"2026-04-22 17:52:44","post_date_gmt":"2026-04-22 20:52:44","post_status":"publish","comment_status":"closed","ping_status":"closed","post_password":"","post_name":"2o-encontro-regional-sudeste-de-ensino-de-jornalismo-erejor-sudeste","to_ping":"","pinged":"","post_modified":"2026-04-22 17:52:44","post_modified_gmt":"2026-04-22 20:52:44","post_content_filtered":"","post_parent":0,"guid":"https:\/\/repositorio.abejor.org.br\/?post_type=evento&#038;p=2873","menu_order":0,"post_type":"evento","post_mime_type":"","comment_count":"0","comments":false,"_thumbnail_id":["2877","2","2026-04-22 17:52:19","2026-04-22 20:52:19","","erejorsudeste.6edd3cc68cfd40bd9ab3","","inherit","open","closed","","erejorsudeste-6edd3cc68cfd40bd9ab3-2","","","2026-04-22 17:52:19","2026-04-22 20:52:19","","2873","https:\/\/repositorio.abejor.org.br\/wp-content\/uploads\/2026\/04\/erejorsudeste.6edd3cc68cfd40bd9ab3-1.jpg","0","attachment","image\/jpeg","0","2877"],"id":2873}],"grupo_de_pesquisa":[{"term_id":11,"name":"Pesquisa na Gradua\u00e7\u00e3o","slug":"pesquisa-na-graduacao","description":"","taxonomy":"grupo_pesquisa","parent":0,"term_taxonomy_id":11,"term_group":0,"count":316,"object_id":null,"term_order":null,"id":11}],"_links":{"self":[{"href":"https:\/\/repositorio.abejor.org.br\/index.php\/wp-json\/wp\/v2\/anal\/2881","targetHints":{"allow":["GET"]}}],"collection":[{"href":"https:\/\/repositorio.abejor.org.br\/index.php\/wp-json\/wp\/v2\/anal"}],"about":[{"href":"https:\/\/repositorio.abejor.org.br\/index.php\/wp-json\/wp\/v2\/types\/anal"}],"wp:attachment":[{"href":"https:\/\/repositorio.abejor.org.br\/index.php\/wp-json\/wp\/v2\/media?parent=2881"}],"wp:term":[{"taxonomy":"grupo_pesquisa","embeddable":true,"href":"https:\/\/repositorio.abejor.org.br\/index.php\/wp-json\/wp\/v2\/grupo_pesquisa?post=2881"}],"curies":[{"name":"wp","href":"https:\/\/api.w.org\/{rel}","templated":true}]}}

Sofia Souto Silva; Ana Paula Faria Santos Semião; Mell Carvalho Muniz; Luisa Serrano Do Nascimento Campana; Ana Clara Barbosa; Geovana Carvalho Cassamali; Kátia Fraga

2º Encontro Regional Sudeste de Ensino de Jornalismo (Erejor Sudeste)

A extensão na formação em Jornalismo foi a temática central Erejor Sudeste 2024, que ocorreu nos dia 10 e 11 de dezembro, de forma remota.

Organizado pelo Programa de Pós-Graduação em Comunicação e Territorialidades da Universidade Federal do Espírito Santo  (Poscom UFES), o evento deu foco para a curricularização da extensão. 

Regulamentada pela Resolução nº 7 MEC/CNE/CES, de 18 de dezembro de 2018 (CNE - Conselho Nacional de Educação), a curricularização da extensão, ou creditação curricular da extensão, é tema em pauta nos cursos de Jornalismo.

Para quem já incluiu as atividades de extensão em pelo menos 10% da carga horária curricular, ou para docentes, estudantes e coordenadores de cursos que ainda estudam a alteração do PPC, o tema é um excelente oportunidade para refletir sobre os desafios e trocas experiências sobre o ensino de Jornalismo.

Pesquisa na Graduação
