{"id":2823,"date":"2026-04-09T18:26:13","date_gmt":"2026-04-09T21:26:13","guid":{"rendered":"https:\/\/repositorio.abejor.org.br\/?post_type=anal&#038;p=2823"},"modified":"2026-04-09T18:26:13","modified_gmt":"2026-04-09T21:26:13","slug":"educacao-em-cena-o-espetaculo-da-excelencia-e-o-silencio-das-margens","status":"publish","type":"anal","link":"https:\/\/repositorio.abejor.org.br\/?anal=educacao-em-cena-o-espetaculo-da-excelencia-e-o-silencio-das-margens","title":{"rendered":"EDUCA\u00c7\u00c3O EM CENA: O ESPET\u00c1CULO DA EXCEL\u00caNCIA E O SIL\u00caNCIO DAS MARGENS"},"excerpt":{"rendered":"","protected":false},"template":"","grupo_pesquisa":[11],"class_list":["post-2823","anal","type-anal","status-publish","hentry","grupo_pesquisa-pesquisa-na-graduacao"],"arquivo":{"ID":"2824","post_author":"2","post_date":"2026-04-09 18:26:07","post_date_gmt":"2026-04-09 21:26:07","post_content":"","post_title":"EDUCA\u00c7\u00c3O EM CENA: O ESPET\u00c1CULO DA EXCEL\u00caNCIA E O SIL\u00caNCIO DAS MARGENS","post_excerpt":"","post_status":"inherit","comment_status":"open","ping_status":"closed","post_password":"","post_name":"1251031","to_ping":"","pinged":"","post_modified":"2026-04-09 18:26:13","post_modified_gmt":"2026-04-09 21:26:13","post_content_filtered":"","post_parent":"2823","guid":"https:\/\/repositorio.abejor.org.br\/wp-content\/uploads\/2026\/04\/1251031.pdf","menu_order":"0","post_type":"attachment","post_mime_type":"application\/pdf","comment_count":"0","pod_item_id":"2824"},"autor":"Thaila Vit\u00f3ria Santos Vieira; Thamyres Sousa de Oluveira","palavras_chaves":"","evento":[{"ID":2746,"post_title":"3\u00ba Encontro Regional Nordeste de Ensino de Jornalismo (Erejor Nordeste)","post_content":"","post_excerpt":"O III Encontro Regional Nordeste de Ensino de Jornalismo ocorreu nos dias 18 e 19 de setembro de 2025. Um evento 100% online, organizado pela Associa\u00e7\u00e3o Brasileira de Ensino de Jornalismo (ABEJ), em parceria com o curso de Jornalismo da Universidade Federal do Maranh\u00e3o\/Campus Imperatriz e do Programa de P\u00f3s-Gradua\u00e7\u00e3o em Comunica\u00e7\u00e3o da mesma institui\u00e7\u00e3o. \r\n\r\nEduca\u00e7\u00e3o midi\u00e1tica no contexto do Nordeste brasileiro foi a tem\u00e1tica do evento que busca integrar viv\u00eancias diversas da pr\u00e1tica de educa\u00e7\u00e3o midi\u00e1tica, destacando potencialidades, inventividade e desafios enfrentados na regi\u00e3o. O terceiro EREJOR Nordeste celebra a for\u00e7a e o protagonismo do ensino, da pesquisa e da extens\u00e3o em jornalismo desenvolvidos nos cursos nordestinos. ","post_author":"2","post_date":"2026-04-09 00:00:58","post_date_gmt":"2026-04-09 03:00:58","post_status":"publish","comment_status":"closed","ping_status":"closed","post_password":"","post_name":"3o-encontro-regional-nordeste-de-ensino-de-jornalismo-erejor-nordeste","to_ping":"","pinged":"","post_modified":"2026-04-09 00:00:58","post_modified_gmt":"2026-04-09 03:00:58","post_content_filtered":"","post_parent":0,"guid":"https:\/\/repositorio.abejor.org.br\/?post_type=evento&#038;p=2746","menu_order":0,"post_type":"evento","post_mime_type":"","comment_count":"0","comments":false,"_thumbnail_id":["2747","2","2026-04-09 00:00:54","2026-04-09 03:00:54","","IIIEREJOR.cf81aa2449d945e2935a","","inherit","open","closed","","iiierejor-cf81aa2449d945e2935a","","","2026-04-09 00:00:54","2026-04-09 03:00:54","","2746","https:\/\/repositorio.abejor.org.br\/wp-content\/uploads\/2026\/04\/IIIEREJOR.cf81aa2449d945e2935a.webp","0","attachment","image\/webp","0","2747"],"id":2746}],"grupo_de_pesquisa":[{"term_id":11,"name":"Pesquisa na Gradua\u00e7\u00e3o","slug":"pesquisa-na-graduacao","description":"","taxonomy":"grupo_pesquisa","parent":0,"term_taxonomy_id":11,"term_group":0,"count":316,"object_id":null,"term_order":null,"id":11}],"_links":{"self":[{"href":"https:\/\/repositorio.abejor.org.br\/index.php\/wp-json\/wp\/v2\/anal\/2823","targetHints":{"allow":["GET"]}}],"collection":[{"href":"https:\/\/repositorio.abejor.org.br\/index.php\/wp-json\/wp\/v2\/anal"}],"about":[{"href":"https:\/\/repositorio.abejor.org.br\/index.php\/wp-json\/wp\/v2\/types\/anal"}],"wp:attachment":[{"href":"https:\/\/repositorio.abejor.org.br\/index.php\/wp-json\/wp\/v2\/media?parent=2823"}],"wp:term":[{"taxonomy":"grupo_pesquisa","embeddable":true,"href":"https:\/\/repositorio.abejor.org.br\/index.php\/wp-json\/wp\/v2\/grupo_pesquisa?post=2823"}],"curies":[{"name":"wp","href":"https:\/\/api.w.org\/{rel}","templated":true}]}}

EDUCAÇÃO EM CENA: O ESPETÁCULO DA EXCELÊNCIA E O SILÊNCIO DAS MARGENS

Thaila Vitória Santos Vieira; Thamyres Sousa de Oluveira

3º Encontro Regional Nordeste de Ensino de Jornalismo (Erejor Nordeste)

O III Encontro Regional Nordeste de Ensino de Jornalismo ocorreu nos dias 18 e 19 de setembro de 2025. Um evento 100% online, organizado pela Associação Brasileira de Ensino de Jornalismo (ABEJ), em parceria com o curso de Jornalismo da Universidade Federal do Maranhão/Campus Imperatriz e do Programa de Pós-Graduação em Comunicação da mesma instituição. 

Educação midiática no contexto do Nordeste brasileiro foi a temática do evento que busca integrar vivências diversas da prática de educação midiática, destacando potencialidades, inventividade e desafios enfrentados na região. O terceiro EREJOR Nordeste celebra a força e o protagonismo do ensino, da pesquisa e da extensão em jornalismo desenvolvidos nos cursos nordestinos.

Pesquisa na Graduação
