{"id":2787,"date":"2026-04-09T18:04:53","date_gmt":"2026-04-09T21:04:53","guid":{"rendered":"https:\/\/repositorio.abejor.org.br\/?post_type=anal&#038;p=2787"},"modified":"2026-04-09T18:04:53","modified_gmt":"2026-04-09T21:04:53","slug":"o-fazer-jornalistico-televisivo-na-pratica","status":"publish","type":"anal","link":"https:\/\/repositorio.abejor.org.br\/?anal=o-fazer-jornalistico-televisivo-na-pratica","title":{"rendered":"O FAZER JORNAL\u00cdSTICO TELEVISIVO NA PR\u00c1TICA"},"excerpt":{"rendered":"","protected":false},"template":"","grupo_pesquisa":[11],"class_list":["post-2787","anal","type-anal","status-publish","hentry","grupo_pesquisa-pesquisa-na-graduacao"],"arquivo":{"ID":"2788","post_author":"2","post_date":"2026-04-09 18:04:45","post_date_gmt":"2026-04-09 21:04:45","post_content":"","post_title":"O FAZER JORNAL\u00cdSTICO TELEVISIVO NA PR\u00c1TICA","post_excerpt":"","post_status":"inherit","comment_status":"open","ping_status":"closed","post_password":"","post_name":"1048689","to_ping":"","pinged":"","post_modified":"2026-04-09 18:04:53","post_modified_gmt":"2026-04-09 21:04:53","post_content_filtered":"","post_parent":"2787","guid":"https:\/\/repositorio.abejor.org.br\/wp-content\/uploads\/2026\/04\/1048689.pdf","menu_order":"0","post_type":"attachment","post_mime_type":"application\/pdf","comment_count":"0","pod_item_id":"2788"},"autor":"Isadora Martins Otto; Gabriela Marques","palavras_chaves":"","evento":[{"ID":2743,"post_title":"2\u00ba Encontro Regional Centro-Oeste de Ensino de Jornalismo (Erejor Centro-Oeste)","post_content":"","post_excerpt":"A  Universidade do Estado de Mato Grosso (Unemat), campus Tangar\u00e1 da Serra, sediou o 2\u00b0 Encontro Regional Centro-Oeste de Ensino de Jornalismo (Erejor Centro-Oeste). O evento foi realizado na modalidade remota e aconteceu nos dias 06 e 07 de dezembro de 2024, sob coordena\u00e7\u00e3o da Associa\u00e7\u00e3o Brasileira de Ensino de Jornalismo (Abej) e dos Cursos de Jornalismo da Unemat, ofertados em Tangar\u00e1 da Serra e em Rondon\u00f3polis.\r\n\r\nTema: Not\u00edcia quente: Dilemas da cobertura jornal\u00edstica em tempos de crise clim\u00e1tica\r\n\r\n\r\n","post_author":"2","post_date":"2026-04-08 23:49:38","post_date_gmt":"2026-04-09 02:49:38","post_status":"publish","comment_status":"closed","ping_status":"closed","post_password":"","post_name":"2o-encontro-regional-centro-oeste-de-ensino-de-jornalismo-erejor-centro-oeste","to_ping":"","pinged":"","post_modified":"2026-04-08 23:49:38","post_modified_gmt":"2026-04-09 02:49:38","post_content_filtered":"","post_parent":0,"guid":"https:\/\/repositorio.abejor.org.br\/?post_type=evento&#038;p=2743","menu_order":0,"post_type":"evento","post_mime_type":"","comment_count":"0","comments":false,"_thumbnail_id":["2744","2","2026-04-08 23:49:32","2026-04-09 02:49:32","","Designsemnome.f19d23c6d9ce414eb46d","","inherit","open","closed","","designsemnome-f19d23c6d9ce414eb46d","","","2026-04-08 23:49:32","2026-04-09 02:49:32","","2743","https:\/\/repositorio.abejor.org.br\/wp-content\/uploads\/2026\/04\/Designsemnome.f19d23c6d9ce414eb46d.webp","0","attachment","image\/webp","0","2744"],"id":2743}],"grupo_de_pesquisa":[{"term_id":11,"name":"Pesquisa na Gradua\u00e7\u00e3o","slug":"pesquisa-na-graduacao","description":"","taxonomy":"grupo_pesquisa","parent":0,"term_taxonomy_id":11,"term_group":0,"count":316,"object_id":null,"term_order":null,"id":11}],"_links":{"self":[{"href":"https:\/\/repositorio.abejor.org.br\/index.php\/wp-json\/wp\/v2\/anal\/2787","targetHints":{"allow":["GET"]}}],"collection":[{"href":"https:\/\/repositorio.abejor.org.br\/index.php\/wp-json\/wp\/v2\/anal"}],"about":[{"href":"https:\/\/repositorio.abejor.org.br\/index.php\/wp-json\/wp\/v2\/types\/anal"}],"wp:attachment":[{"href":"https:\/\/repositorio.abejor.org.br\/index.php\/wp-json\/wp\/v2\/media?parent=2787"}],"wp:term":[{"taxonomy":"grupo_pesquisa","embeddable":true,"href":"https:\/\/repositorio.abejor.org.br\/index.php\/wp-json\/wp\/v2\/grupo_pesquisa?post=2787"}],"curies":[{"name":"wp","href":"https:\/\/api.w.org\/{rel}","templated":true}]}}

O FAZER JORNALÍSTICO TELEVISIVO NA PRÁTICA

2º Encontro Regional Centro-Oeste de Ensino de Jornalismo (Erejor Centro-Oeste)

A  Universidade do Estado de Mato Grosso (Unemat), campus Tangará da Serra, sediou o 2° Encontro Regional Centro-Oeste de Ensino de Jornalismo (Erejor Centro-Oeste). O evento foi realizado na modalidade remota e aconteceu nos dias 06 e 07 de dezembro de 2024, sob coordenação da Associação Brasileira de Ensino de Jornalismo (Abej) e dos Cursos de Jornalismo da Unemat, ofertados em Tangará da Serra e em Rondonópolis.

Tema: Notícia quente: Dilemas da cobertura jornalística em tempos de crise climática

Pesquisa na Graduação
