{"id":2735,"date":"2026-04-08T23:41:08","date_gmt":"2026-04-09T02:41:08","guid":{"rendered":"https:\/\/repositorio.abejor.org.br\/?post_type=anal&#038;p=2735"},"modified":"2026-04-08T23:41:08","modified_gmt":"2026-04-09T02:41:08","slug":"quando-estudantes-ganham-voz-o-jogo-da-aprendizagem-nas-ondas-da-radio-universitaria","status":"publish","type":"anal","link":"https:\/\/repositorio.abejor.org.br\/?anal=quando-estudantes-ganham-voz-o-jogo-da-aprendizagem-nas-ondas-da-radio-universitaria","title":{"rendered":"QUANDO ESTUDANTES GANHAM VOZ: O JOGO DA APRENDIZAGEM NAS ONDAS DA R\u00c1DIO UNIVERSIT\u00c1RIA"},"excerpt":{"rendered":"<p>O projeto de extens\u00e3o \u201cDoutores da Bola\u201d, vinculado ao curso de Jornalismo da<br \/>\nUniversidade Federal de Goi\u00e1s (UFG), completa 25 anos de exist\u00eancia em 2025,<br \/>\nconsolidando-se como uma das a\u00e7\u00f5es extensionistas mais duradouras e significativas da<br \/>\nFaculdade de Informa\u00e7\u00e3o e Comunica\u00e7\u00e3o (FIC). O presente relato analisa a trajet\u00f3ria do<br \/>\nprojeto, seus resultados e o processo pedag\u00f3gico que transforma a pr\u00e1tica radiof\u00f4nica em<br \/>\ninstrumento de qualifica\u00e7\u00e3o que integra a forma\u00e7\u00e3o te\u00f3rica e pr\u00e1tica em jornalismo<br \/>\nesportivo, em um ambiente que une o exerc\u00edcio profissional, a reflex\u00e3o cr\u00edtica e o<br \/>\ncompromisso social. A experi\u00eancia demonstra como a articula\u00e7\u00e3o entre ensino, pesquisa<br \/>\ne extens\u00e3o potencializa o protagonismo discente e refor\u00e7a o compromisso da universidade<br \/>\ncom a democratiza\u00e7\u00e3o da Comunica\u00e7\u00e3o.<\/p>\n","protected":false},"template":"","grupo_pesquisa":[11],"class_list":["post-2735","anal","type-anal","status-publish","hentry","grupo_pesquisa-pesquisa-na-graduacao"],"arquivo":{"ID":"2736","post_author":"2","post_date":"2026-04-08 23:41:03","post_date_gmt":"2026-04-09 02:41:03","post_content":"","post_title":"QUANDO ESTUDANTES GANHAM VOZ: O JOGO DA APRENDIZAGEM NAS ONDAS DA R\u00c1DIO UNIVERSIT\u00c1RIA","post_excerpt":"","post_status":"inherit","comment_status":"open","ping_status":"closed","post_password":"","post_name":"1358110","to_ping":"","pinged":"","post_modified":"2026-04-08 23:41:08","post_modified_gmt":"2026-04-09 02:41:08","post_content_filtered":"","post_parent":"2735","guid":"https:\/\/repositorio.abejor.org.br\/wp-content\/uploads\/2026\/04\/1358110.pdf","menu_order":"0","post_type":"attachment","post_mime_type":"application\/pdf","comment_count":"0","pod_item_id":"2736"},"autor":"Alfredo Jos\u00e9 Lopes Costa; Enio Jos\u00e9 Pazini Figueiredo; Ricardo Pavan","palavras_chaves":"Jornalismo esportivo; extens\u00e3o universit\u00e1ria; r\u00e1dio universit\u00e1ria; \r\ncidadania; comunica\u00e7\u00e3o p\u00fablica","evento":[{"ID":2682,"post_title":"3\u00ba Encontro Regional Norte e Centro-Oeste de Ensino de Jornalismo (Erejor Norte\/Centro-Oeste)","post_content":"","post_excerpt":"O 3\u00ba Encontro de Ensino de Jornalismo das Regi\u00f5es Norte e Centro-Oeste (EREJOR Norte\/Centro-Oeste 2025) foi realizado em formato online, nos dias 16 e 17 de outubro, com o tema: Territ\u00f3rios de Biodiversidade: A Forma\u00e7\u00e3o e a Pr\u00e1tica Jornal\u00edstica no Norte e Centro-Oeste.\r\n\r\nO evento foi um espa\u00e7o de encontro, troca e reflex\u00e3o sobre o ensino, a pesquisa e a pr\u00e1tica do Jornalismo, reunindo professores, pesquisadores, profissionais e estudantes das duas regi\u00f5es.\r\n\r\nAs atividades inclu\u00edram mesas de debate, apresenta\u00e7\u00e3o de pesquisas, oficinas, relatos de experi\u00eancias e espa\u00e7os de articula\u00e7\u00e3o institucional. A programa\u00e7\u00e3o tamb\u00e9m buscou valorizar o papel do Jornalismo na cobertura de temas ambientais e na rela\u00e7\u00e3o com os territ\u00f3rios de biodiversidade, em sintonia com os desafios contempor\u00e2neos, como a cobertura da COP30.","post_author":"2","post_date":"2026-04-08 23:02:27","post_date_gmt":"2026-04-09 02:02:27","post_status":"publish","comment_status":"closed","ping_status":"closed","post_password":"","post_name":"3o-encontro-regional-norte-e-centro-oeste-de-ensino-de-jornalismo-erejor-norte-centro-oeste","to_ping":"","pinged":"","post_modified":"2026-04-08 23:02:27","post_modified_gmt":"2026-04-09 02:02:27","post_content_filtered":"","post_parent":0,"guid":"https:\/\/repositorio.abejor.org.br\/?post_type=evento&#038;p=2682","menu_order":0,"post_type":"evento","post_mime_type":"","comment_count":"0","comments":false,"_thumbnail_id":["2683","2","2026-04-08 23:01:42","2026-04-09 02:01:42","","EREJOR_logosite.d09a942741a84d219bc1","","inherit","open","closed","","erejor_logosite-d09a942741a84d219bc1","","","2026-04-08 23:01:42","2026-04-09 02:01:42","","2682","https:\/\/repositorio.abejor.org.br\/wp-content\/uploads\/2026\/04\/EREJOR_logosite.d09a942741a84d219bc1.webp","0","attachment","image\/webp","0","2683"],"id":2682}],"grupo_de_pesquisa":[{"term_id":11,"name":"Pesquisa na Gradua\u00e7\u00e3o","slug":"pesquisa-na-graduacao","description":"","taxonomy":"grupo_pesquisa","parent":0,"term_taxonomy_id":11,"term_group":0,"count":316,"object_id":null,"term_order":null,"id":11}],"_links":{"self":[{"href":"https:\/\/repositorio.abejor.org.br\/index.php\/wp-json\/wp\/v2\/anal\/2735","targetHints":{"allow":["GET"]}}],"collection":[{"href":"https:\/\/repositorio.abejor.org.br\/index.php\/wp-json\/wp\/v2\/anal"}],"about":[{"href":"https:\/\/repositorio.abejor.org.br\/index.php\/wp-json\/wp\/v2\/types\/anal"}],"wp:attachment":[{"href":"https:\/\/repositorio.abejor.org.br\/index.php\/wp-json\/wp\/v2\/media?parent=2735"}],"wp:term":[{"taxonomy":"grupo_pesquisa","embeddable":true,"href":"https:\/\/repositorio.abejor.org.br\/index.php\/wp-json\/wp\/v2\/grupo_pesquisa?post=2735"}],"curies":[{"name":"wp","href":"https:\/\/api.w.org\/{rel}","templated":true}]}}

QUANDO ESTUDANTES GANHAM VOZ: O JOGO DA APRENDIZAGEM NAS ONDAS DA RÁDIO UNIVERSITÁRIA

<p>O projeto de extensão “Doutores da Bola”, vinculado ao curso de Jornalismo da<br />
Universidade Federal de Goiás (UFG), completa 25 anos de existência em 2025,<br />
consolidando-se como uma das ações extensionistas mais duradouras e significativas da<br />
Faculdade de Informação e Comunicação (FIC). O presente relato analisa a trajetória do<br />
projeto, seus resultados e o processo pedagógico que transforma a prática radiofônica em<br />
instrumento de qualificação que integra a formação teórica e prática em jornalismo<br />
esportivo, em um ambiente que une o exercício profissional, a reflexão crítica e o<br />
compromisso social. A experiência demonstra como a articulação entre ensino, pesquisa<br />
e extensão potencializa o protagonismo discente e reforça o compromisso da universidade<br />
com a democratização da Comunicação.</p>

Alfredo José Lopes Costa; Enio José Pazini Figueiredo; Ricardo Pavan

Jornalismo esportivo; extensão universitária; rádio universitária; 
cidadania; comunicação pública

3º Encontro Regional Norte e Centro-Oeste de Ensino de Jornalismo (Erejor Norte/Centro-Oeste)

O 3º Encontro de Ensino de Jornalismo das Regiões Norte e Centro-Oeste (EREJOR Norte/Centro-Oeste 2025) foi realizado em formato online, nos dias 16 e 17 de outubro, com o tema: Territórios de Biodiversidade: A Formação e a Prática Jornalística no Norte e Centro-Oeste.

O evento foi um espaço de encontro, troca e reflexão sobre o ensino, a pesquisa e a prática do Jornalismo, reunindo professores, pesquisadores, profissionais e estudantes das duas regiões.

As atividades incluíram mesas de debate, apresentação de pesquisas, oficinas, relatos de experiências e espaços de articulação institucional. A programação também buscou valorizar o papel do Jornalismo na cobertura de temas ambientais e na relação com os territórios de biodiversidade, em sintonia com os desafios contemporâneos, como a cobertura da COP30.

Pesquisa na Graduação
