{"id":2707,"date":"2026-04-08T23:25:17","date_gmt":"2026-04-09T02:25:17","guid":{"rendered":"https:\/\/repositorio.abejor.org.br\/?post_type=anal&#038;p=2707"},"modified":"2026-04-08T23:25:17","modified_gmt":"2026-04-09T02:25:17","slug":"discussoes-sobre-jornalismo-e-meio-ambiente-com-destaque-para-o-telejornalismo-goiano","status":"publish","type":"anal","link":"https:\/\/repositorio.abejor.org.br\/?anal=discussoes-sobre-jornalismo-e-meio-ambiente-com-destaque-para-o-telejornalismo-goiano","title":{"rendered":"DISCUSS\u00d5ES SOBRE JORNALISMO E MEIO AMBIENTE COM DESTAQUE PARA O TELEJORNALISMO GOIANO"},"excerpt":{"rendered":"","protected":false},"template":"","grupo_pesquisa":[15],"class_list":["post-2707","anal","type-anal","status-publish","hentry","grupo_pesquisa-producao-cientifica"],"arquivo":{"ID":"2708","post_author":"2","post_date":"2026-04-08 23:25:10","post_date_gmt":"2026-04-09 02:25:10","post_content":"","post_title":"DISCUSS\u00d5ES SOBRE JORNALISMO E MEIO AMBIENTE COM DESTAQUE PARA O TELEJORNALISMO GOIANO","post_excerpt":"","post_status":"inherit","comment_status":"open","ping_status":"closed","post_password":"","post_name":"1357135","to_ping":"","pinged":"","post_modified":"2026-04-08 23:25:17","post_modified_gmt":"2026-04-09 02:25:17","post_content_filtered":"","post_parent":"2707","guid":"https:\/\/repositorio.abejor.org.br\/wp-content\/uploads\/2026\/04\/1357135.pdf","menu_order":"0","post_type":"attachment","post_mime_type":"application\/pdf","comment_count":"0","pod_item_id":"2708"},"autor":"Marina Moreira Lopes de Faria; Alessandra Pinto de Carvalho; Rosana Maria Ribeiro Borges","palavras_chaves":"","evento":[{"ID":2682,"post_title":"3\u00ba Encontro Regional Norte e Centro-Oeste de Ensino de Jornalismo (Erejor Norte\/Centro-Oeste)","post_content":"","post_excerpt":"O 3\u00ba Encontro de Ensino de Jornalismo das Regi\u00f5es Norte e Centro-Oeste (EREJOR Norte\/Centro-Oeste 2025) foi realizado em formato online, nos dias 16 e 17 de outubro, com o tema: Territ\u00f3rios de Biodiversidade: A Forma\u00e7\u00e3o e a Pr\u00e1tica Jornal\u00edstica no Norte e Centro-Oeste.\r\n\r\nO evento foi um espa\u00e7o de encontro, troca e reflex\u00e3o sobre o ensino, a pesquisa e a pr\u00e1tica do Jornalismo, reunindo professores, pesquisadores, profissionais e estudantes das duas regi\u00f5es.\r\n\r\nAs atividades inclu\u00edram mesas de debate, apresenta\u00e7\u00e3o de pesquisas, oficinas, relatos de experi\u00eancias e espa\u00e7os de articula\u00e7\u00e3o institucional. A programa\u00e7\u00e3o tamb\u00e9m buscou valorizar o papel do Jornalismo na cobertura de temas ambientais e na rela\u00e7\u00e3o com os territ\u00f3rios de biodiversidade, em sintonia com os desafios contempor\u00e2neos, como a cobertura da COP30.","post_author":"2","post_date":"2026-04-08 23:02:27","post_date_gmt":"2026-04-09 02:02:27","post_status":"publish","comment_status":"closed","ping_status":"closed","post_password":"","post_name":"3o-encontro-regional-norte-e-centro-oeste-de-ensino-de-jornalismo-erejor-norte-centro-oeste","to_ping":"","pinged":"","post_modified":"2026-04-08 23:02:27","post_modified_gmt":"2026-04-09 02:02:27","post_content_filtered":"","post_parent":0,"guid":"https:\/\/repositorio.abejor.org.br\/?post_type=evento&#038;p=2682","menu_order":0,"post_type":"evento","post_mime_type":"","comment_count":"0","comments":false,"_thumbnail_id":["2683","2","2026-04-08 23:01:42","2026-04-09 02:01:42","","EREJOR_logosite.d09a942741a84d219bc1","","inherit","open","closed","","erejor_logosite-d09a942741a84d219bc1","","","2026-04-08 23:01:42","2026-04-09 02:01:42","","2682","https:\/\/repositorio.abejor.org.br\/wp-content\/uploads\/2026\/04\/EREJOR_logosite.d09a942741a84d219bc1.webp","0","attachment","image\/webp","0","2683"],"id":2682}],"grupo_de_pesquisa":[{"term_id":15,"name":"Produ\u00e7\u00e3o Cient\u00edfica","slug":"producao-cientifica","description":"","taxonomy":"grupo_pesquisa","parent":0,"term_taxonomy_id":15,"term_group":0,"count":101,"object_id":null,"term_order":null,"id":15}],"_links":{"self":[{"href":"https:\/\/repositorio.abejor.org.br\/index.php\/wp-json\/wp\/v2\/anal\/2707","targetHints":{"allow":["GET"]}}],"collection":[{"href":"https:\/\/repositorio.abejor.org.br\/index.php\/wp-json\/wp\/v2\/anal"}],"about":[{"href":"https:\/\/repositorio.abejor.org.br\/index.php\/wp-json\/wp\/v2\/types\/anal"}],"wp:attachment":[{"href":"https:\/\/repositorio.abejor.org.br\/index.php\/wp-json\/wp\/v2\/media?parent=2707"}],"wp:term":[{"taxonomy":"grupo_pesquisa","embeddable":true,"href":"https:\/\/repositorio.abejor.org.br\/index.php\/wp-json\/wp\/v2\/grupo_pesquisa?post=2707"}],"curies":[{"name":"wp","href":"https:\/\/api.w.org\/{rel}","templated":true}]}}

DISCUSSÕES SOBRE JORNALISMO E MEIO AMBIENTE COM DESTAQUE PARA O TELEJORNALISMO GOIANO

3º Encontro Regional Norte e Centro-Oeste de Ensino de Jornalismo (Erejor Norte/Centro-Oeste)

O 3º Encontro de Ensino de Jornalismo das Regiões Norte e Centro-Oeste (EREJOR Norte/Centro-Oeste 2025) foi realizado em formato online, nos dias 16 e 17 de outubro, com o tema: Territórios de Biodiversidade: A Formação e a Prática Jornalística no Norte e Centro-Oeste.

O evento foi um espaço de encontro, troca e reflexão sobre o ensino, a pesquisa e a prática do Jornalismo, reunindo professores, pesquisadores, profissionais e estudantes das duas regiões.

As atividades incluíram mesas de debate, apresentação de pesquisas, oficinas, relatos de experiências e espaços de articulação institucional. A programação também buscou valorizar o papel do Jornalismo na cobertura de temas ambientais e na relação com os territórios de biodiversidade, em sintonia com os desafios contemporâneos, como a cobertura da COP30.

Produção Científica
