{"id":2705,"date":"2026-04-08T23:23:43","date_gmt":"2026-04-09T02:23:43","guid":{"rendered":"https:\/\/repositorio.abejor.org.br\/?post_type=anal&#038;p=2705"},"modified":"2026-04-08T23:23:43","modified_gmt":"2026-04-09T02:23:43","slug":"desafios-e-esperancas-jornalismo-ambiental-e-a-pratica-na-midia-tocantinense","status":"publish","type":"anal","link":"https:\/\/repositorio.abejor.org.br\/?anal=desafios-e-esperancas-jornalismo-ambiental-e-a-pratica-na-midia-tocantinense","title":{"rendered":"DESAFIOS E ESPERAN\u00c7AS: JORNALISMO AMBIENTAL E A PR\u00c1TICA NA M\u00cdDIA TOCANTINENSE"},"excerpt":{"rendered":"<p>O artigo prop\u00f5e uma an\u00e1lise diagn\u00f3stica do jornalismo de temas ambientais no Tocantins,<br \/>\nna Amaz\u00f4nia Legal, diferenciando o Jornalismo Ambiental (ideal, cr\u00edtico e educativo) da<br \/>\nmera Cobertura de Meio Ambiente (factual e descritiva). A pesquisa avalia a qualidade<br \/>\nda cobertura nos principais ve\u00edculos locais, baseada na literatura e nos crit\u00e9rios de<br \/>\nContextualiza\u00e7\u00e3o, Sensibiliza\u00e7\u00e3o, Precis\u00e3o e Pluralidade (Bueno, 2007). O diagn\u00f3stico<br \/>\nrevela que a pr\u00e1tica no Tocantins se limita majoritariamente \u00e0 notifica\u00e7\u00e3o do evento e das<br \/>\na\u00e7\u00f5es das autoridades, falhando no aprofundamento das causas e na fun\u00e7\u00e3o educativa.<br \/>\nEspecialistas corroboram essa fragilidade, apontando o forte lobby pol\u00edtico do<br \/>\nagroneg\u00f3cio como fator inibidor da coragem editorial. Conclui-se que superar esse<br \/>\nest\u00e1gio factual exige da m\u00eddia regional investimento em especializa\u00e7\u00e3o e postura corajosa<br \/>\npara politizar o debate e promover o engajamento socioambiental.<\/p>\n","protected":false},"template":"","grupo_pesquisa":[11],"class_list":["post-2705","anal","type-anal","status-publish","hentry","grupo_pesquisa-pesquisa-na-graduacao"],"arquivo":{"ID":"2706","post_author":"2","post_date":"2026-04-08 23:23:38","post_date_gmt":"2026-04-09 02:23:38","post_content":"","post_title":"DESAFIOS E ESPERAN\u00c7AS: JORNALISMO AMBIENTAL E A PR\u00c1TICA NA M\u00cdDIA TOCANTINENSE","post_excerpt":"","post_status":"inherit","comment_status":"open","ping_status":"closed","post_password":"","post_name":"1364789","to_ping":"","pinged":"","post_modified":"2026-04-08 23:23:43","post_modified_gmt":"2026-04-09 02:23:43","post_content_filtered":"","post_parent":"2705","guid":"https:\/\/repositorio.abejor.org.br\/wp-content\/uploads\/2026\/04\/1364789.pdf","menu_order":"0","post_type":"attachment","post_mime_type":"application\/pdf","comment_count":"0","pod_item_id":"2706"},"autor":"Marluce Zacariotti Paulo Louren\u00e7o Oliveira Dias; Karyne Fernanda Assun\u00e7\u00e3o Costa","palavras_chaves":"","evento":[{"ID":2682,"post_title":"3\u00ba Encontro Regional Norte e Centro-Oeste de Ensino de Jornalismo (Erejor Norte\/Centro-Oeste)","post_content":"","post_excerpt":"O 3\u00ba Encontro de Ensino de Jornalismo das Regi\u00f5es Norte e Centro-Oeste (EREJOR Norte\/Centro-Oeste 2025) foi realizado em formato online, nos dias 16 e 17 de outubro, com o tema: Territ\u00f3rios de Biodiversidade: A Forma\u00e7\u00e3o e a Pr\u00e1tica Jornal\u00edstica no Norte e Centro-Oeste.\r\n\r\nO evento foi um espa\u00e7o de encontro, troca e reflex\u00e3o sobre o ensino, a pesquisa e a pr\u00e1tica do Jornalismo, reunindo professores, pesquisadores, profissionais e estudantes das duas regi\u00f5es.\r\n\r\nAs atividades inclu\u00edram mesas de debate, apresenta\u00e7\u00e3o de pesquisas, oficinas, relatos de experi\u00eancias e espa\u00e7os de articula\u00e7\u00e3o institucional. A programa\u00e7\u00e3o tamb\u00e9m buscou valorizar o papel do Jornalismo na cobertura de temas ambientais e na rela\u00e7\u00e3o com os territ\u00f3rios de biodiversidade, em sintonia com os desafios contempor\u00e2neos, como a cobertura da COP30.","post_author":"2","post_date":"2026-04-08 23:02:27","post_date_gmt":"2026-04-09 02:02:27","post_status":"publish","comment_status":"closed","ping_status":"closed","post_password":"","post_name":"3o-encontro-regional-norte-e-centro-oeste-de-ensino-de-jornalismo-erejor-norte-centro-oeste","to_ping":"","pinged":"","post_modified":"2026-04-08 23:02:27","post_modified_gmt":"2026-04-09 02:02:27","post_content_filtered":"","post_parent":0,"guid":"https:\/\/repositorio.abejor.org.br\/?post_type=evento&#038;p=2682","menu_order":0,"post_type":"evento","post_mime_type":"","comment_count":"0","comments":false,"_thumbnail_id":["2683","2","2026-04-08 23:01:42","2026-04-09 02:01:42","","EREJOR_logosite.d09a942741a84d219bc1","","inherit","open","closed","","erejor_logosite-d09a942741a84d219bc1","","","2026-04-08 23:01:42","2026-04-09 02:01:42","","2682","https:\/\/repositorio.abejor.org.br\/wp-content\/uploads\/2026\/04\/EREJOR_logosite.d09a942741a84d219bc1.webp","0","attachment","image\/webp","0","2683"],"id":2682}],"grupo_de_pesquisa":[{"term_id":11,"name":"Pesquisa na Gradua\u00e7\u00e3o","slug":"pesquisa-na-graduacao","description":"","taxonomy":"grupo_pesquisa","parent":0,"term_taxonomy_id":11,"term_group":0,"count":316,"object_id":null,"term_order":null,"id":11}],"_links":{"self":[{"href":"https:\/\/repositorio.abejor.org.br\/index.php\/wp-json\/wp\/v2\/anal\/2705","targetHints":{"allow":["GET"]}}],"collection":[{"href":"https:\/\/repositorio.abejor.org.br\/index.php\/wp-json\/wp\/v2\/anal"}],"about":[{"href":"https:\/\/repositorio.abejor.org.br\/index.php\/wp-json\/wp\/v2\/types\/anal"}],"wp:attachment":[{"href":"https:\/\/repositorio.abejor.org.br\/index.php\/wp-json\/wp\/v2\/media?parent=2705"}],"wp:term":[{"taxonomy":"grupo_pesquisa","embeddable":true,"href":"https:\/\/repositorio.abejor.org.br\/index.php\/wp-json\/wp\/v2\/grupo_pesquisa?post=2705"}],"curies":[{"name":"wp","href":"https:\/\/api.w.org\/{rel}","templated":true}]}}

DESAFIOS E ESPERANÇAS: JORNALISMO AMBIENTAL E A PRÁTICA NA MÍDIA TOCANTINENSE

<p>O artigo propõe uma análise diagnóstica do jornalismo de temas ambientais no Tocantins,<br />
na Amazônia Legal, diferenciando o Jornalismo Ambiental (ideal, crítico e educativo) da<br />
mera Cobertura de Meio Ambiente (factual e descritiva). A pesquisa avalia a qualidade<br />
da cobertura nos principais veículos locais, baseada na literatura e nos critérios de<br />
Contextualização, Sensibilização, Precisão e Pluralidade (Bueno, 2007). O diagnóstico<br />
revela que a prática no Tocantins se limita majoritariamente à notificação do evento e das<br />
ações das autoridades, falhando no aprofundamento das causas e na função educativa.<br />
Especialistas corroboram essa fragilidade, apontando o forte lobby político do<br />
agronegócio como fator inibidor da coragem editorial. Conclui-se que superar esse<br />
estágio factual exige da mídia regional investimento em especialização e postura corajosa<br />
para politizar o debate e promover o engajamento socioambiental.</p>

Marluce Zacariotti Paulo Lourenço Oliveira Dias; Karyne Fernanda Assunção Costa

3º Encontro Regional Norte e Centro-Oeste de Ensino de Jornalismo (Erejor Norte/Centro-Oeste)

O 3º Encontro de Ensino de Jornalismo das Regiões Norte e Centro-Oeste (EREJOR Norte/Centro-Oeste 2025) foi realizado em formato online, nos dias 16 e 17 de outubro, com o tema: Territórios de Biodiversidade: A Formação e a Prática Jornalística no Norte e Centro-Oeste.

O evento foi um espaço de encontro, troca e reflexão sobre o ensino, a pesquisa e a prática do Jornalismo, reunindo professores, pesquisadores, profissionais e estudantes das duas regiões.

As atividades incluíram mesas de debate, apresentação de pesquisas, oficinas, relatos de experiências e espaços de articulação institucional. A programação também buscou valorizar o papel do Jornalismo na cobertura de temas ambientais e na relação com os territórios de biodiversidade, em sintonia com os desafios contemporâneos, como a cobertura da COP30.

Pesquisa na Graduação
