{"id":2703,"date":"2026-04-08T23:22:19","date_gmt":"2026-04-09T02:22:19","guid":{"rendered":"https:\/\/repositorio.abejor.org.br\/?post_type=anal&#038;p=2703"},"modified":"2026-04-08T23:22:19","modified_gmt":"2026-04-09T02:22:19","slug":"cultura-visual-contemporanea-analise-do-disco-amazonia-do-quinteto-violado","status":"publish","type":"anal","link":"https:\/\/repositorio.abejor.org.br\/?anal=cultura-visual-contemporanea-analise-do-disco-amazonia-do-quinteto-violado","title":{"rendered":"CULTURA VISUAL CONTEMPOR\u00c2NEA: AN\u00c1LISE DO DISCO AMAZ\u00d4NIA DO QUINTETO VIOLADO"},"excerpt":{"rendered":"<p>Este relato de experi\u00eancia analisa a rela\u00e7\u00e3o entre est\u00e9tica, comunica\u00e7\u00e3o e cultura visual,<br \/>\ntendo como estudo de caso o \u00e1lbum Amaz\u00f4nia, lan\u00e7ado em 1980 pelo grupo Quinteto<br \/>\nViolado. A investiga\u00e7\u00e3o busca compreender de que forma a imagem da capa do disco,<br \/>\naliada ao conte\u00fado musical, constr\u00f3i sentidos culturais e ambientais, dialogando com os<br \/>\ndebates da \u00e9poca e permanecendo atual na era digital. O estudo adota uma abordagem<br \/>\nte\u00f3rico-cr\u00edtica, apoiada em autores como Walter Benjamin, Marshall McLuhan, L\u00facia<br \/>\nSantaella e Luiz Beltr\u00e3o, al\u00e9m de uma an\u00e1lise semi\u00f3tica e contextual do projeto gr\u00e1fico<br \/>\ndo disco. Destaca-se, ainda, o conceito de folkcomunica\u00e7\u00e3o, que ajuda a interpretar o<br \/>\npapel do Quinteto Violado como mediador entre tradi\u00e7\u00e3o popular e ind\u00fastria cultural. <\/p>\n","protected":false},"template":"","grupo_pesquisa":[11],"class_list":["post-2703","anal","type-anal","status-publish","hentry","grupo_pesquisa-pesquisa-na-graduacao"],"arquivo":{"ID":"2704","post_author":"2","post_date":"2026-04-08 23:22:14","post_date_gmt":"2026-04-09 02:22:14","post_content":"","post_title":"CULTURA VISUAL CONTEMPOR\u00c2NEA: AN\u00c1LISE DO DISCO AMAZ\u00d4NIA DO QUINTETO VIOLADO","post_excerpt":"","post_status":"inherit","comment_status":"open","ping_status":"closed","post_password":"","post_name":"1361020","to_ping":"","pinged":"","post_modified":"2026-04-08 23:22:19","post_modified_gmt":"2026-04-09 02:22:19","post_content_filtered":"","post_parent":"2703","guid":"https:\/\/repositorio.abejor.org.br\/wp-content\/uploads\/2026\/04\/1361020.pdf","menu_order":"0","post_type":"attachment","post_mime_type":"application\/pdf","comment_count":"0","pod_item_id":"2704"},"autor":"Aldrin Bentes Pontes; Clifton Morais Correia","palavras_chaves":"Est\u00e9tica; Cultura visual; Folkcomunica\u00e7\u00e3o; M\u00fasica brasileira; \r\nAmaz\u00f4nia","evento":[{"ID":2682,"post_title":"3\u00ba Encontro Regional Norte e Centro-Oeste de Ensino de Jornalismo (Erejor Norte\/Centro-Oeste)","post_content":"","post_excerpt":"O 3\u00ba Encontro de Ensino de Jornalismo das Regi\u00f5es Norte e Centro-Oeste (EREJOR Norte\/Centro-Oeste 2025) foi realizado em formato online, nos dias 16 e 17 de outubro, com o tema: Territ\u00f3rios de Biodiversidade: A Forma\u00e7\u00e3o e a Pr\u00e1tica Jornal\u00edstica no Norte e Centro-Oeste.\r\n\r\nO evento foi um espa\u00e7o de encontro, troca e reflex\u00e3o sobre o ensino, a pesquisa e a pr\u00e1tica do Jornalismo, reunindo professores, pesquisadores, profissionais e estudantes das duas regi\u00f5es.\r\n\r\nAs atividades inclu\u00edram mesas de debate, apresenta\u00e7\u00e3o de pesquisas, oficinas, relatos de experi\u00eancias e espa\u00e7os de articula\u00e7\u00e3o institucional. A programa\u00e7\u00e3o tamb\u00e9m buscou valorizar o papel do Jornalismo na cobertura de temas ambientais e na rela\u00e7\u00e3o com os territ\u00f3rios de biodiversidade, em sintonia com os desafios contempor\u00e2neos, como a cobertura da COP30.","post_author":"2","post_date":"2026-04-08 23:02:27","post_date_gmt":"2026-04-09 02:02:27","post_status":"publish","comment_status":"closed","ping_status":"closed","post_password":"","post_name":"3o-encontro-regional-norte-e-centro-oeste-de-ensino-de-jornalismo-erejor-norte-centro-oeste","to_ping":"","pinged":"","post_modified":"2026-04-08 23:02:27","post_modified_gmt":"2026-04-09 02:02:27","post_content_filtered":"","post_parent":0,"guid":"https:\/\/repositorio.abejor.org.br\/?post_type=evento&#038;p=2682","menu_order":0,"post_type":"evento","post_mime_type":"","comment_count":"0","comments":false,"_thumbnail_id":["2683","2","2026-04-08 23:01:42","2026-04-09 02:01:42","","EREJOR_logosite.d09a942741a84d219bc1","","inherit","open","closed","","erejor_logosite-d09a942741a84d219bc1","","","2026-04-08 23:01:42","2026-04-09 02:01:42","","2682","https:\/\/repositorio.abejor.org.br\/wp-content\/uploads\/2026\/04\/EREJOR_logosite.d09a942741a84d219bc1.webp","0","attachment","image\/webp","0","2683"],"id":2682}],"grupo_de_pesquisa":[{"term_id":11,"name":"Pesquisa na Gradua\u00e7\u00e3o","slug":"pesquisa-na-graduacao","description":"","taxonomy":"grupo_pesquisa","parent":0,"term_taxonomy_id":11,"term_group":0,"count":316,"object_id":null,"term_order":null,"id":11}],"_links":{"self":[{"href":"https:\/\/repositorio.abejor.org.br\/index.php\/wp-json\/wp\/v2\/anal\/2703","targetHints":{"allow":["GET"]}}],"collection":[{"href":"https:\/\/repositorio.abejor.org.br\/index.php\/wp-json\/wp\/v2\/anal"}],"about":[{"href":"https:\/\/repositorio.abejor.org.br\/index.php\/wp-json\/wp\/v2\/types\/anal"}],"wp:attachment":[{"href":"https:\/\/repositorio.abejor.org.br\/index.php\/wp-json\/wp\/v2\/media?parent=2703"}],"wp:term":[{"taxonomy":"grupo_pesquisa","embeddable":true,"href":"https:\/\/repositorio.abejor.org.br\/index.php\/wp-json\/wp\/v2\/grupo_pesquisa?post=2703"}],"curies":[{"name":"wp","href":"https:\/\/api.w.org\/{rel}","templated":true}]}}

CULTURA VISUAL CONTEMPORÂNEA: ANÁLISE DO DISCO AMAZÔNIA DO QUINTETO VIOLADO

<p>Este relato de experiência analisa a relação entre estética, comunicação e cultura visual,<br />
tendo como estudo de caso o álbum Amazônia, lançado em 1980 pelo grupo Quinteto<br />
Violado. A investigação busca compreender de que forma a imagem da capa do disco,<br />
aliada ao conteúdo musical, constrói sentidos culturais e ambientais, dialogando com os<br />
debates da época e permanecendo atual na era digital. O estudo adota uma abordagem<br />
teórico-crítica, apoiada em autores como Walter Benjamin, Marshall McLuhan, Lúcia<br />
Santaella e Luiz Beltrão, além de uma análise semiótica e contextual do projeto gráfico<br />
do disco. Destaca-se, ainda, o conceito de folkcomunicação, que ajuda a interpretar o<br />
papel do Quinteto Violado como mediador entre tradição popular e indústria cultural. </p>

Estética; Cultura visual; Folkcomunicação; Música brasileira; 
Amazônia

3º Encontro Regional Norte e Centro-Oeste de Ensino de Jornalismo (Erejor Norte/Centro-Oeste)

O 3º Encontro de Ensino de Jornalismo das Regiões Norte e Centro-Oeste (EREJOR Norte/Centro-Oeste 2025) foi realizado em formato online, nos dias 16 e 17 de outubro, com o tema: Territórios de Biodiversidade: A Formação e a Prática Jornalística no Norte e Centro-Oeste.

O evento foi um espaço de encontro, troca e reflexão sobre o ensino, a pesquisa e a prática do Jornalismo, reunindo professores, pesquisadores, profissionais e estudantes das duas regiões.

As atividades incluíram mesas de debate, apresentação de pesquisas, oficinas, relatos de experiências e espaços de articulação institucional. A programação também buscou valorizar o papel do Jornalismo na cobertura de temas ambientais e na relação com os territórios de biodiversidade, em sintonia com os desafios contemporâneos, como a cobertura da COP30.

Pesquisa na Graduação
