{"id":2701,"date":"2026-04-08T23:21:12","date_gmt":"2026-04-09T02:21:12","guid":{"rendered":"https:\/\/repositorio.abejor.org.br\/?post_type=anal&#038;p=2701"},"modified":"2026-04-08T23:21:12","modified_gmt":"2026-04-09T02:21:12","slug":"criando-aplicacoes-de-reportagem-com-ia-a-experiencia-do-jornal-laboratorio-lab-noticias","status":"publish","type":"anal","link":"https:\/\/repositorio.abejor.org.br\/?anal=criando-aplicacoes-de-reportagem-com-ia-a-experiencia-do-jornal-laboratorio-lab-noticias","title":{"rendered":"CRIANDO APLICA\u00c7\u00d5ES DE REPORTAGEM COM IA: A EXPERI\u00caNCIA DO JORNAL-LABORAT\u00d3RIO LAB NOT\u00cdCIAS"},"excerpt":{"rendered":"<p>Este relato descreve e analisa a constru\u00e7\u00e3o de aplica\u00e7\u00f5es de reportagem<br \/>\ndesenvolvidas com t\u00e9cnicas de Processamento de Linguagem Natural (PLN) e modelos<br \/>\nde linguagem (LLMs\/SLMs) no \u00e2mbito da disciplina laboratorial Reda\u00e7\u00e3o com<br \/>\nProcessamento de Linguagem Natural, do curso de Jornalismo da UFG. Com base em 38<br \/>\naplica\u00e7\u00f5es produzidas pelos estudantes, examinamos ganhos editoriais, limita\u00e7\u00f5es e<br \/>\nvieses documentados durante o desenvolvimento, utilizando a Teoria Fundamentada<br \/>\n(Charmaz, 2009) para a cria\u00e7\u00e3o de categorias anal\u00edticas. Os resultados indicam potencial<br \/>\nsignificativo para a incorpora\u00e7\u00e3o de elementos de acessibilidade, interatividade e blocos<br \/>\nmultim\u00eddia din\u00e2micos nas reportagens; por outro lado, evidenciam problemas recorrentes<br \/>\ncomo imprecis\u00f5es, bases de dados insuficientes, dificuldades de integra\u00e7\u00e3o autom\u00e1tica e<br \/>\nvieses na sele\u00e7\u00e3o de fontes pelos modelos (Diakopoulos et al., 2024; Barboza &#038; Caldas,<br \/>\n2025). Conclu\u00edmos com recomenda\u00e7\u00f5es pr\u00e1ticas para a ado\u00e7\u00e3o respons\u00e1vel dessas<br \/>\nferramentas em ambientes formativos e redacionais. <\/p>\n","protected":false},"template":"","grupo_pesquisa":[12],"class_list":["post-2701","anal","type-anal","status-publish","hentry","grupo_pesquisa-producao-laboratorial-eletronicos-e-impressos"],"arquivo":{"ID":"2702","post_author":"2","post_date":"2026-04-08 23:21:07","post_date_gmt":"2026-04-09 02:21:07","post_content":"","post_title":"CRIANDO APLICA\u00c7\u00d5ES DE REPORTAGEM COM IA: A EXPERI\u00caNCIA DO JORNAL-LABORAT\u00d3RIO LAB NOT\u00cdCIAS","post_excerpt":"","post_status":"inherit","comment_status":"open","ping_status":"closed","post_password":"","post_name":"1361257","to_ping":"","pinged":"","post_modified":"2026-04-08 23:21:12","post_modified_gmt":"2026-04-09 02:21:12","post_content_filtered":"","post_parent":"2701","guid":"https:\/\/repositorio.abejor.org.br\/wp-content\/uploads\/2026\/04\/1361257.pdf","menu_order":"0","post_type":"attachment","post_mime_type":"application\/pdf","comment_count":"0","pod_item_id":"2702"},"autor":"Rani\u00ea Solarevisky de Jesus","palavras_chaves":"Jornalismo; Intelig\u00eancia Artificial; Vibe Coding; Reportagem; \r\nAcessibilidade","evento":[{"ID":2682,"post_title":"3\u00ba Encontro Regional Norte e Centro-Oeste de Ensino de Jornalismo (Erejor Norte\/Centro-Oeste)","post_content":"","post_excerpt":"O 3\u00ba Encontro de Ensino de Jornalismo das Regi\u00f5es Norte e Centro-Oeste (EREJOR Norte\/Centro-Oeste 2025) foi realizado em formato online, nos dias 16 e 17 de outubro, com o tema: Territ\u00f3rios de Biodiversidade: A Forma\u00e7\u00e3o e a Pr\u00e1tica Jornal\u00edstica no Norte e Centro-Oeste.\r\n\r\nO evento foi um espa\u00e7o de encontro, troca e reflex\u00e3o sobre o ensino, a pesquisa e a pr\u00e1tica do Jornalismo, reunindo professores, pesquisadores, profissionais e estudantes das duas regi\u00f5es.\r\n\r\nAs atividades inclu\u00edram mesas de debate, apresenta\u00e7\u00e3o de pesquisas, oficinas, relatos de experi\u00eancias e espa\u00e7os de articula\u00e7\u00e3o institucional. A programa\u00e7\u00e3o tamb\u00e9m buscou valorizar o papel do Jornalismo na cobertura de temas ambientais e na rela\u00e7\u00e3o com os territ\u00f3rios de biodiversidade, em sintonia com os desafios contempor\u00e2neos, como a cobertura da COP30.","post_author":"2","post_date":"2026-04-08 23:02:27","post_date_gmt":"2026-04-09 02:02:27","post_status":"publish","comment_status":"closed","ping_status":"closed","post_password":"","post_name":"3o-encontro-regional-norte-e-centro-oeste-de-ensino-de-jornalismo-erejor-norte-centro-oeste","to_ping":"","pinged":"","post_modified":"2026-04-08 23:02:27","post_modified_gmt":"2026-04-09 02:02:27","post_content_filtered":"","post_parent":0,"guid":"https:\/\/repositorio.abejor.org.br\/?post_type=evento&#038;p=2682","menu_order":0,"post_type":"evento","post_mime_type":"","comment_count":"0","comments":false,"_thumbnail_id":["2683","2","2026-04-08 23:01:42","2026-04-09 02:01:42","","EREJOR_logosite.d09a942741a84d219bc1","","inherit","open","closed","","erejor_logosite-d09a942741a84d219bc1","","","2026-04-08 23:01:42","2026-04-09 02:01:42","","2682","https:\/\/repositorio.abejor.org.br\/wp-content\/uploads\/2026\/04\/EREJOR_logosite.d09a942741a84d219bc1.webp","0","attachment","image\/webp","0","2683"],"id":2682}],"grupo_de_pesquisa":[{"term_id":12,"name":"Produ\u00e7\u00e3o Laboratorial eletr\u00f4nicos e impressos","slug":"producao-laboratorial-eletronicos-e-impressos","description":"","taxonomy":"grupo_pesquisa","parent":0,"term_taxonomy_id":12,"term_group":0,"count":167,"object_id":null,"term_order":null,"id":12}],"_links":{"self":[{"href":"https:\/\/repositorio.abejor.org.br\/index.php\/wp-json\/wp\/v2\/anal\/2701","targetHints":{"allow":["GET"]}}],"collection":[{"href":"https:\/\/repositorio.abejor.org.br\/index.php\/wp-json\/wp\/v2\/anal"}],"about":[{"href":"https:\/\/repositorio.abejor.org.br\/index.php\/wp-json\/wp\/v2\/types\/anal"}],"wp:attachment":[{"href":"https:\/\/repositorio.abejor.org.br\/index.php\/wp-json\/wp\/v2\/media?parent=2701"}],"wp:term":[{"taxonomy":"grupo_pesquisa","embeddable":true,"href":"https:\/\/repositorio.abejor.org.br\/index.php\/wp-json\/wp\/v2\/grupo_pesquisa?post=2701"}],"curies":[{"name":"wp","href":"https:\/\/api.w.org\/{rel}","templated":true}]}}

CRIANDO APLICAÇÕES DE REPORTAGEM COM IA: A EXPERIÊNCIA DO JORNAL-LABORATÓRIO LAB NOTÍCIAS

<p>Este relato descreve e analisa a construção de aplicações de reportagem<br />
desenvolvidas com técnicas de Processamento de Linguagem Natural (PLN) e modelos<br />
de linguagem (LLMs/SLMs) no âmbito da disciplina laboratorial Redação com<br />
Processamento de Linguagem Natural, do curso de Jornalismo da UFG. Com base em 38<br />
aplicações produzidas pelos estudantes, examinamos ganhos editoriais, limitações e<br />
vieses documentados durante o desenvolvimento, utilizando a Teoria Fundamentada<br />
(Charmaz, 2009) para a criação de categorias analíticas. Os resultados indicam potencial<br />
significativo para a incorporação de elementos de acessibilidade, interatividade e blocos<br />
multimídia dinâmicos nas reportagens; por outro lado, evidenciam problemas recorrentes<br />
como imprecisões, bases de dados insuficientes, dificuldades de integração automática e<br />
vieses na seleção de fontes pelos modelos (Diakopoulos et al., 2024; Barboza &#038; Caldas,<br />
2025). Concluímos com recomendações práticas para a adoção responsável dessas<br />
ferramentas em ambientes formativos e redacionais. </p>

Raniê Solarevisky de Jesus

Jornalismo; Inteligência Artificial; Vibe Coding; Reportagem; 
Acessibilidade

3º Encontro Regional Norte e Centro-Oeste de Ensino de Jornalismo (Erejor Norte/Centro-Oeste)

O 3º Encontro de Ensino de Jornalismo das Regiões Norte e Centro-Oeste (EREJOR Norte/Centro-Oeste 2025) foi realizado em formato online, nos dias 16 e 17 de outubro, com o tema: Territórios de Biodiversidade: A Formação e a Prática Jornalística no Norte e Centro-Oeste.

O evento foi um espaço de encontro, troca e reflexão sobre o ensino, a pesquisa e a prática do Jornalismo, reunindo professores, pesquisadores, profissionais e estudantes das duas regiões.

As atividades incluíram mesas de debate, apresentação de pesquisas, oficinas, relatos de experiências e espaços de articulação institucional. A programação também buscou valorizar o papel do Jornalismo na cobertura de temas ambientais e na relação com os territórios de biodiversidade, em sintonia com os desafios contemporâneos, como a cobertura da COP30.

Produção Laboratorial eletrônicos e impressos
