{"id":2692,"date":"2026-04-08T23:13:16","date_gmt":"2026-04-09T02:13:16","guid":{"rendered":"https:\/\/repositorio.abejor.org.br\/?post_type=anal&#038;p=2692"},"modified":"2026-04-08T23:13:16","modified_gmt":"2026-04-09T02:13:16","slug":"a-modesta-presenca-das-regioes-norte-e-centro-oeste-no-mapa-da-midia-negra-brasileira-mmnb-1-da-necessidade-de-visibilizar-e-fortalecer-a-interseccionalidade-como-fundadora-de-midias-alternativas","status":"publish","type":"anal","link":"https:\/\/repositorio.abejor.org.br\/?anal=a-modesta-presenca-das-regioes-norte-e-centro-oeste-no-mapa-da-midia-negra-brasileira-mmnb-1-da-necessidade-de-visibilizar-e-fortalecer-a-interseccionalidade-como-fundadora-de-midias-alternativas","title":{"rendered":"A MODESTA PRESEN\u00c7A DAS REGI\u00d5ES NORTE E CENTRO-OESTE NO MAPA DA M\u00cdDIA NEGRA BRASILEIRA (MMNB) 1 . DA NECESSIDADE DE VISIBILIZAR E FORTALECER A INTERSECCIONALIDADE COMO FUNDADORA DE M\u00cdDIAS ALTERNATIVAS"},"excerpt":{"rendered":"<p>O estudo destaca  uma alta concentra\u00e7\u00e3o da m\u00eddia negra identificada no Mapa da M\u00eddia<br \/>\nNegra Brasileira (MMNB) na Reg\u00e3o Sudeste, com quase 50% dos ve\u00edculos nessa regi\u00e3o.<br \/>\nEm seguida,  a Regi\u00e3o Nordeste ficou em segundo lugar, com 20,09 % dos ve\u00edculos.<br \/>\nConsiderando o enfoque principal do nosso artigo, iremos destacar, da Figura 1 acima, a<br \/>\nmodesta presen\u00e7a de ve\u00edculos do MMNB da Regi\u00e3o Norte (na Figura 1 n\u00e3o aparece<br \/>\nsequer um ve\u00edculo, mas os mesmos podem estar dilu\u00eddos na categoria \u2018n\u00e3o informado\u2019). A categoria \u2018n\u00e3o informado\u2019 diz respeito a ve\u00edculos que n\u00e3o possu\u00edam, em qualquer parte<br \/>\ndo ambiente digital, uma informa\u00e7\u00e3o sobre o local (Cidade\/Estado\/Regi\u00e3o) de produ\u00e7\u00e3o.<br \/>\nAqui no levantamento da Figura 1, temos indicativo que ser\u00e1 necess\u00e1rio incorporar, em<br \/>\netapa futura, o estudo que tamb\u00e9m realizamos sobre podcasters negras e ind\u00edgenas das<br \/>\nRegi\u00f5es Centro-Oeste e Norte.    A dimens\u00e3o Extens\u00e3o do projeto realiza-se por meio da<br \/>\nintegra\u00e7\u00e3o do trip\u00e9 Ensino\/Pesquisa\/Extens\u00e3o e pela troca de saberes que compreendemos<br \/>\ntem sido realizada nas ocasi\u00f5es de extens\u00e3o nas quais debatemos o projeto, mas,<br \/>\nessencialmente, se materializar\u00e1 quando disponibilizarmos, com meta para o ano de 2027,<br \/>\na base do MMNB para consulta aberta, em um reposit\u00f3rio que tamb\u00e9m acolher\u00e1 sugest\u00f5es<br \/>\nde inser\u00e7\u00e3o via interface tecnol\u00f3gica, de modo que o MMNB seja plural e d\u00ea visibilidade<br \/>\n\u00e0s in\u00fameras iniciativas sociais de M\u00eddia Negra no Brasil, inclusive nas Regi\u00f5es Norte e<br \/>\nCentro-Oeste, as quais parecem merecer aprofundamento de pesquisas. <\/p>\n","protected":false},"template":"","grupo_pesquisa":[9],"class_list":["post-2692","anal","type-anal","status-publish","hentry","grupo_pesquisa-atividades-de-extensao"],"arquivo":{"ID":"2693","post_author":"2","post_date":"2026-04-08 23:13:09","post_date_gmt":"2026-04-09 02:13:09","post_content":"","post_title":"A MODESTA PRESEN\u00c7A DAS REGI\u00d5ES NORTE E CENTRO-OESTE NO MAPA DA M\u00cdDIA NEGRA BRASILEIRA (MMNB) 1 . DA NECESSIDADE DE VISIBILIZAR E FORTALECER A INTERSECCIONALIDADE COMO FUNDADORA DE M\u00cdDIAS ALTERNATIVAS","post_excerpt":"","post_status":"inherit","comment_status":"open","ping_status":"closed","post_password":"","post_name":"1364682","to_ping":"","pinged":"","post_modified":"2026-04-08 23:13:16","post_modified_gmt":"2026-04-09 02:13:16","post_content_filtered":"","post_parent":"2692","guid":"https:\/\/repositorio.abejor.org.br\/wp-content\/uploads\/2026\/04\/1364682.pdf","menu_order":"0","post_type":"attachment","post_mime_type":"application\/pdf","comment_count":"0","pod_item_id":"2693"},"autor":"Dione Oliveira Moura; Valmir Araujo","palavras_chaves":"Jornalismo, M\u00eddia Negra, Norte, Centro-Oeste, MMNB","evento":[{"ID":2682,"post_title":"3\u00ba Encontro Regional Norte e Centro-Oeste de Ensino de Jornalismo (Erejor Norte\/Centro-Oeste)","post_content":"","post_excerpt":"O 3\u00ba Encontro de Ensino de Jornalismo das Regi\u00f5es Norte e Centro-Oeste (EREJOR Norte\/Centro-Oeste 2025) foi realizado em formato online, nos dias 16 e 17 de outubro, com o tema: Territ\u00f3rios de Biodiversidade: A Forma\u00e7\u00e3o e a Pr\u00e1tica Jornal\u00edstica no Norte e Centro-Oeste.\r\n\r\nO evento foi um espa\u00e7o de encontro, troca e reflex\u00e3o sobre o ensino, a pesquisa e a pr\u00e1tica do Jornalismo, reunindo professores, pesquisadores, profissionais e estudantes das duas regi\u00f5es.\r\n\r\nAs atividades inclu\u00edram mesas de debate, apresenta\u00e7\u00e3o de pesquisas, oficinas, relatos de experi\u00eancias e espa\u00e7os de articula\u00e7\u00e3o institucional. A programa\u00e7\u00e3o tamb\u00e9m buscou valorizar o papel do Jornalismo na cobertura de temas ambientais e na rela\u00e7\u00e3o com os territ\u00f3rios de biodiversidade, em sintonia com os desafios contempor\u00e2neos, como a cobertura da COP30.","post_author":"2","post_date":"2026-04-08 23:02:27","post_date_gmt":"2026-04-09 02:02:27","post_status":"publish","comment_status":"closed","ping_status":"closed","post_password":"","post_name":"3o-encontro-regional-norte-e-centro-oeste-de-ensino-de-jornalismo-erejor-norte-centro-oeste","to_ping":"","pinged":"","post_modified":"2026-04-08 23:02:27","post_modified_gmt":"2026-04-09 02:02:27","post_content_filtered":"","post_parent":0,"guid":"https:\/\/repositorio.abejor.org.br\/?post_type=evento&#038;p=2682","menu_order":0,"post_type":"evento","post_mime_type":"","comment_count":"0","comments":false,"_thumbnail_id":["2683","2","2026-04-08 23:01:42","2026-04-09 02:01:42","","EREJOR_logosite.d09a942741a84d219bc1","","inherit","open","closed","","erejor_logosite-d09a942741a84d219bc1","","","2026-04-08 23:01:42","2026-04-09 02:01:42","","2682","https:\/\/repositorio.abejor.org.br\/wp-content\/uploads\/2026\/04\/EREJOR_logosite.d09a942741a84d219bc1.webp","0","attachment","image\/webp","0","2683"],"id":2682}],"grupo_de_pesquisa":[{"term_id":9,"name":"Atividades de Extens\u00e3o","slug":"atividades-de-extensao","description":"","taxonomy":"grupo_pesquisa","parent":0,"term_taxonomy_id":9,"term_group":0,"count":151,"object_id":null,"term_order":null,"id":9}],"_links":{"self":[{"href":"https:\/\/repositorio.abejor.org.br\/index.php\/wp-json\/wp\/v2\/anal\/2692","targetHints":{"allow":["GET"]}}],"collection":[{"href":"https:\/\/repositorio.abejor.org.br\/index.php\/wp-json\/wp\/v2\/anal"}],"about":[{"href":"https:\/\/repositorio.abejor.org.br\/index.php\/wp-json\/wp\/v2\/types\/anal"}],"wp:attachment":[{"href":"https:\/\/repositorio.abejor.org.br\/index.php\/wp-json\/wp\/v2\/media?parent=2692"}],"wp:term":[{"taxonomy":"grupo_pesquisa","embeddable":true,"href":"https:\/\/repositorio.abejor.org.br\/index.php\/wp-json\/wp\/v2\/grupo_pesquisa?post=2692"}],"curies":[{"name":"wp","href":"https:\/\/api.w.org\/{rel}","templated":true}]}}

A MODESTA PRESENÇA DAS REGIÕES NORTE E CENTRO-OESTE NO MAPA DA MÍDIA NEGRA BRASILEIRA (MMNB) 1 . DA NECESSIDADE DE VISIBILIZAR E FORTALECER A INTERSECCIONALIDADE COMO FUNDADORA DE MÍDIAS ALTERNATIVAS

<p>O estudo destaca  uma alta concentração da mídia negra identificada no Mapa da Mídia<br />
Negra Brasileira (MMNB) na Regão Sudeste, com quase 50% dos veículos nessa região.<br />
Em seguida,  a Região Nordeste ficou em segundo lugar, com 20,09 % dos veículos.<br />
Considerando o enfoque principal do nosso artigo, iremos destacar, da Figura 1 acima, a<br />
modesta presença de veículos do MMNB da Região Norte (na Figura 1 não aparece<br />
sequer um veículo, mas os mesmos podem estar diluídos na categoria ‘não informado’). A categoria ‘não informado’ diz respeito a veículos que não possuíam, em qualquer parte<br />
do ambiente digital, uma informação sobre o local (Cidade/Estado/Região) de produção.<br />
Aqui no levantamento da Figura 1, temos indicativo que será necessário incorporar, em<br />
etapa futura, o estudo que também realizamos sobre podcasters negras e indígenas das<br />
Regiões Centro-Oeste e Norte.    A dimensão Extensão do projeto realiza-se por meio da<br />
integração do tripé Ensino/Pesquisa/Extensão e pela troca de saberes que compreendemos<br />
tem sido realizada nas ocasiões de extensão nas quais debatemos o projeto, mas,<br />
essencialmente, se materializará quando disponibilizarmos, com meta para o ano de 2027,<br />
a base do MMNB para consulta aberta, em um repositório que também acolherá sugestões<br />
de inserção via interface tecnológica, de modo que o MMNB seja plural e dê visibilidade<br />
às inúmeras iniciativas sociais de Mídia Negra no Brasil, inclusive nas Regiões Norte e<br />
Centro-Oeste, as quais parecem merecer aprofundamento de pesquisas. </p>

Jornalismo, Mídia Negra, Norte, Centro-Oeste, MMNB

3º Encontro Regional Norte e Centro-Oeste de Ensino de Jornalismo (Erejor Norte/Centro-Oeste)

O 3º Encontro de Ensino de Jornalismo das Regiões Norte e Centro-Oeste (EREJOR Norte/Centro-Oeste 2025) foi realizado em formato online, nos dias 16 e 17 de outubro, com o tema: Territórios de Biodiversidade: A Formação e a Prática Jornalística no Norte e Centro-Oeste.

O evento foi um espaço de encontro, troca e reflexão sobre o ensino, a pesquisa e a prática do Jornalismo, reunindo professores, pesquisadores, profissionais e estudantes das duas regiões.

As atividades incluíram mesas de debate, apresentação de pesquisas, oficinas, relatos de experiências e espaços de articulação institucional. A programação também buscou valorizar o papel do Jornalismo na cobertura de temas ambientais e na relação com os territórios de biodiversidade, em sintonia com os desafios contemporâneos, como a cobertura da COP30.

Atividades de Extensão
