{"id":2690,"date":"2026-04-08T23:11:41","date_gmt":"2026-04-09T02:11:41","guid":{"rendered":"https:\/\/repositorio.abejor.org.br\/?post_type=anal&#038;p=2690"},"modified":"2026-04-08T23:11:41","modified_gmt":"2026-04-09T02:11:41","slug":"a-inteligencia-artificial-bate-as-portas-das-redacoes-jornalisticas-e-assessorias-de-imprensa-em-goiania-desafios-eticos-produtividade-e-precarizacao","status":"publish","type":"anal","link":"https:\/\/repositorio.abejor.org.br\/?anal=a-inteligencia-artificial-bate-as-portas-das-redacoes-jornalisticas-e-assessorias-de-imprensa-em-goiania-desafios-eticos-produtividade-e-precarizacao","title":{"rendered":"A INTELIG\u00caNCIA ARTIFICIAL BATE \u00c0S PORTAS DAS REDA\u00c7\u00d5ES JORNAL\u00cdSTICAS E ASSESSORIAS DE IMPRENSA EM GOI\u00c2NIA: DESAFIOS \u00c9TICOS, PRODUTIVIDADE E PRECARIZA\u00c7\u00c3O"},"excerpt":{"rendered":"<p>Este trabalho analisa os impactos da intelig\u00eancia artificial (IA) nas rotinas produtivas de<br \/>\njornalistas e assessores de imprensa em Goi\u00e2nia (GO), com foco em desafios \u00e9ticos,<br \/>\nprodutividade e precariza\u00e7\u00e3o do trabalho. A pesquisa, de car\u00e1ter qualitativo e<br \/>\nexplorat\u00f3rio, foi desenvolvida com base em entrevistas semiestruturadas com quatro<br \/>\nprofissionais da \u00e1rea \u2013 dois atuantes em reda\u00e7\u00f5es e dois em assessorias de imprensa. Os<br \/>\nresultados revelam que, embora o uso de ferramentas como ChatGPT e Gemini AI esteja<br \/>\namplamente disseminado, ainda n\u00e3o h\u00e1 diretrizes \u00e9ticas ou normativas que orientem sua<br \/>\naplica\u00e7\u00e3o. A IA \u00e9 percebida como instrumento de apoio, mas tamb\u00e9m como fator de risco<br \/>\n\u00e0 credibilidade e \u00e0 qualidade do Jornalismo. Conclui-se que a tecnologia amplia a<br \/>\nagilidade e a efici\u00eancia, mas demanda supervis\u00e3o humana cr\u00edtica e respons\u00e1vel para n\u00e3o<br \/>\ncomprometer o valor informativo e a fun\u00e7\u00e3o social do jornalismo.<\/p>\n","protected":false},"template":"","grupo_pesquisa":[11],"class_list":["post-2690","anal","type-anal","status-publish","hentry","grupo_pesquisa-pesquisa-na-graduacao"],"arquivo":{"ID":"2691","post_author":"2","post_date":"2026-04-08 23:11:04","post_date_gmt":"2026-04-09 02:11:04","post_content":"","post_title":"A INTELIG\u00caNCIA ARTIFICIAL BATE \u00c0S PORTAS DAS REDA\u00c7\u00d5ES JORNAL\u00cdSTICAS E ASSESSORIAS DE IMPRENSA EM GOI\u00c2NIA: DESAFIOS \u00c9TICOS, PRODUTIVIDADE E PRECARIZA\u00c7\u00c3O","post_excerpt":"","post_status":"inherit","comment_status":"open","ping_status":"closed","post_password":"","post_name":"1356905","to_ping":"","pinged":"","post_modified":"2026-04-08 23:11:41","post_modified_gmt":"2026-04-09 02:11:41","post_content_filtered":"","post_parent":"2690","guid":"https:\/\/repositorio.abejor.org.br\/wp-content\/uploads\/2026\/04\/1356905.pdf","menu_order":"0","post_type":"attachment","post_mime_type":"application\/pdf","comment_count":"0","pod_item_id":"2691"},"autor":"Alfredo Jos\u00e9 Lopes Costa; Tayn\u00e1 Aparecida Sousa de Freitas; Rani\u00ea Solarevisky de Jesus","palavras_chaves":"Intelig\u00eancia Artificial; Jornalismo; \u00c9tica; Produtividade; Precariza\u00e7\u00e3o","evento":[{"ID":2682,"post_title":"3\u00ba Encontro Regional Norte e Centro-Oeste de Ensino de Jornalismo (Erejor Norte\/Centro-Oeste)","post_content":"","post_excerpt":"O 3\u00ba Encontro de Ensino de Jornalismo das Regi\u00f5es Norte e Centro-Oeste (EREJOR Norte\/Centro-Oeste 2025) foi realizado em formato online, nos dias 16 e 17 de outubro, com o tema: Territ\u00f3rios de Biodiversidade: A Forma\u00e7\u00e3o e a Pr\u00e1tica Jornal\u00edstica no Norte e Centro-Oeste.\r\n\r\nO evento foi um espa\u00e7o de encontro, troca e reflex\u00e3o sobre o ensino, a pesquisa e a pr\u00e1tica do Jornalismo, reunindo professores, pesquisadores, profissionais e estudantes das duas regi\u00f5es.\r\n\r\nAs atividades inclu\u00edram mesas de debate, apresenta\u00e7\u00e3o de pesquisas, oficinas, relatos de experi\u00eancias e espa\u00e7os de articula\u00e7\u00e3o institucional. A programa\u00e7\u00e3o tamb\u00e9m buscou valorizar o papel do Jornalismo na cobertura de temas ambientais e na rela\u00e7\u00e3o com os territ\u00f3rios de biodiversidade, em sintonia com os desafios contempor\u00e2neos, como a cobertura da COP30.","post_author":"2","post_date":"2026-04-08 23:02:27","post_date_gmt":"2026-04-09 02:02:27","post_status":"publish","comment_status":"closed","ping_status":"closed","post_password":"","post_name":"3o-encontro-regional-norte-e-centro-oeste-de-ensino-de-jornalismo-erejor-norte-centro-oeste","to_ping":"","pinged":"","post_modified":"2026-04-08 23:02:27","post_modified_gmt":"2026-04-09 02:02:27","post_content_filtered":"","post_parent":0,"guid":"https:\/\/repositorio.abejor.org.br\/?post_type=evento&#038;p=2682","menu_order":0,"post_type":"evento","post_mime_type":"","comment_count":"0","comments":false,"_thumbnail_id":["2683","2","2026-04-08 23:01:42","2026-04-09 02:01:42","","EREJOR_logosite.d09a942741a84d219bc1","","inherit","open","closed","","erejor_logosite-d09a942741a84d219bc1","","","2026-04-08 23:01:42","2026-04-09 02:01:42","","2682","https:\/\/repositorio.abejor.org.br\/wp-content\/uploads\/2026\/04\/EREJOR_logosite.d09a942741a84d219bc1.webp","0","attachment","image\/webp","0","2683"],"id":2682}],"grupo_de_pesquisa":[{"term_id":11,"name":"Pesquisa na Gradua\u00e7\u00e3o","slug":"pesquisa-na-graduacao","description":"","taxonomy":"grupo_pesquisa","parent":0,"term_taxonomy_id":11,"term_group":0,"count":316,"object_id":null,"term_order":null,"id":11}],"_links":{"self":[{"href":"https:\/\/repositorio.abejor.org.br\/index.php\/wp-json\/wp\/v2\/anal\/2690","targetHints":{"allow":["GET"]}}],"collection":[{"href":"https:\/\/repositorio.abejor.org.br\/index.php\/wp-json\/wp\/v2\/anal"}],"about":[{"href":"https:\/\/repositorio.abejor.org.br\/index.php\/wp-json\/wp\/v2\/types\/anal"}],"wp:attachment":[{"href":"https:\/\/repositorio.abejor.org.br\/index.php\/wp-json\/wp\/v2\/media?parent=2690"}],"wp:term":[{"taxonomy":"grupo_pesquisa","embeddable":true,"href":"https:\/\/repositorio.abejor.org.br\/index.php\/wp-json\/wp\/v2\/grupo_pesquisa?post=2690"}],"curies":[{"name":"wp","href":"https:\/\/api.w.org\/{rel}","templated":true}]}}

A INTELIGÊNCIA ARTIFICIAL BATE ÀS PORTAS DAS REDAÇÕES JORNALÍSTICAS E ASSESSORIAS DE IMPRENSA EM GOIÂNIA: DESAFIOS ÉTICOS, PRODUTIVIDADE E PRECARIZAÇÃO

<p>Este trabalho analisa os impactos da inteligência artificial (IA) nas rotinas produtivas de<br />
jornalistas e assessores de imprensa em Goiânia (GO), com foco em desafios éticos,<br />
produtividade e precarização do trabalho. A pesquisa, de caráter qualitativo e<br />
exploratório, foi desenvolvida com base em entrevistas semiestruturadas com quatro<br />
profissionais da área – dois atuantes em redações e dois em assessorias de imprensa. Os<br />
resultados revelam que, embora o uso de ferramentas como ChatGPT e Gemini AI esteja<br />
amplamente disseminado, ainda não há diretrizes éticas ou normativas que orientem sua<br />
aplicação. A IA é percebida como instrumento de apoio, mas também como fator de risco<br />
à credibilidade e à qualidade do Jornalismo. Conclui-se que a tecnologia amplia a<br />
agilidade e a eficiência, mas demanda supervisão humana crítica e responsável para não<br />
comprometer o valor informativo e a função social do jornalismo.</p>

Alfredo José Lopes Costa; Tayná Aparecida Sousa de Freitas; Raniê Solarevisky de Jesus

Inteligência Artificial; Jornalismo; Ética; Produtividade; Precarização

3º Encontro Regional Norte e Centro-Oeste de Ensino de Jornalismo (Erejor Norte/Centro-Oeste)

O 3º Encontro de Ensino de Jornalismo das Regiões Norte e Centro-Oeste (EREJOR Norte/Centro-Oeste 2025) foi realizado em formato online, nos dias 16 e 17 de outubro, com o tema: Territórios de Biodiversidade: A Formação e a Prática Jornalística no Norte e Centro-Oeste.

O evento foi um espaço de encontro, troca e reflexão sobre o ensino, a pesquisa e a prática do Jornalismo, reunindo professores, pesquisadores, profissionais e estudantes das duas regiões.

As atividades incluíram mesas de debate, apresentação de pesquisas, oficinas, relatos de experiências e espaços de articulação institucional. A programação também buscou valorizar o papel do Jornalismo na cobertura de temas ambientais e na relação com os territórios de biodiversidade, em sintonia com os desafios contemporâneos, como a cobertura da COP30.

Pesquisa na Graduação
