{"id":2644,"date":"2026-04-08T22:28:38","date_gmt":"2026-04-09T01:28:38","guid":{"rendered":"https:\/\/repositorio.abejor.org.br\/?post_type=anal&#038;p=2644"},"modified":"2026-04-08T22:28:38","modified_gmt":"2026-04-09T01:28:38","slug":"desertos-de-noticia-na-regiao-dos-campos-gerais-veiculos-jornalisticos-no-entorno-de-ponta-grossa-pr","status":"publish","type":"anal","link":"https:\/\/repositorio.abejor.org.br\/?anal=desertos-de-noticia-na-regiao-dos-campos-gerais-veiculos-jornalisticos-no-entorno-de-ponta-grossa-pr","title":{"rendered":"DESERTOS DE NOT\u00cdCIA NA REGI\u00c3O DOS CAMPOS GERAIS: VE\u00cdCULOS JORNAL\u00cdSTICOS NO ENTORNO DE PONTA GROSSA (PR)"},"excerpt":{"rendered":"","protected":false},"template":"","grupo_pesquisa":[15],"class_list":["post-2644","anal","type-anal","status-publish","hentry","grupo_pesquisa-producao-cientifica"],"arquivo":{"ID":"2645","post_author":"2","post_date":"2026-04-08 22:28:34","post_date_gmt":"2026-04-09 01:28:34","post_content":"","post_title":"DESERTOS DE NOT\u00cdCIA NA REGI\u00c3O DOS CAMPOS GERAIS: VE\u00cdCULOS JORNAL\u00cdSTICOS NO ENTORNO DE PONTA GROSSA (PR)","post_excerpt":"","post_status":"inherit","comment_status":"open","ping_status":"closed","post_password":"","post_name":"777719","to_ping":"","pinged":"","post_modified":"2026-04-08 22:28:38","post_modified_gmt":"2026-04-09 01:28:38","post_content_filtered":"","post_parent":"2644","guid":"https:\/\/repositorio.abejor.org.br\/wp-content\/uploads\/2026\/04\/777719.pdf","menu_order":"0","post_type":"attachment","post_mime_type":"application\/pdf","comment_count":"0","pod_item_id":"2645"},"autor":"Rafael Schoenherr","palavras_chaves":"","evento":[{"ID":2623,"post_title":"6\u00ba Encontro Regional Sul de Ensino de Jornalismo (Erejor Sul)","post_content":"","post_excerpt":"O VI Encontro Regional Sul de Ensino de Jornalismo (Erejor Sul) ocorreu nos dias 24 e 25 de novembro de 2023. Um evento 100% online, organizado pela Associa\u00e7\u00e3o Brasileira de Ensino de Jornalismo (ABEJ), em parceria com o curso de Jornalismo da Pontif\u00edcia Universidade Cat\u00f3lica do Rio Grande do Sul (PUCRS).\r\n\r\nEm meio \u00e0s mudan\u00e7as tecnol\u00f3gicas, sugere-se uma compreens\u00e3o dos alunos com o passado e a mem\u00f3ria. Como os cursos de gradua\u00e7\u00e3o podem contribuir na preserva\u00e7\u00e3o da hist\u00f3ria do Jornalismo em \u00e2mbito local ou regional? Quais s\u00e3o as dificuldades em manter a documenta\u00e7\u00e3o de arquivos ou acervos de jornais e fotografias digitalizados? Assim, o VI Erejor Sul prop\u00f4s para 2023 a tem\u00e1tica: \"Desafios e tend\u00eancias do ensino de hist\u00f3ria em Jornalismo\".","post_author":"2","post_date":"2026-04-07 20:29:06","post_date_gmt":"2026-04-07 23:29:06","post_status":"publish","comment_status":"closed","ping_status":"closed","post_password":"","post_name":"6o-encontro-regional-sul-de-ensino-de-jornalismo-erejor-sul","to_ping":"","pinged":"","post_modified":"2026-04-08 23:50:53","post_modified_gmt":"2026-04-09 02:50:53","post_content_filtered":"","post_parent":0,"guid":"https:\/\/repositorio.abejor.org.br\/?post_type=evento&#038;p=2623","menu_order":0,"post_type":"evento","post_mime_type":"","comment_count":"0","comments":false,"_thumbnail_id":["2624","2","2026-04-07 20:28:53","2026-04-07 23:28:53","","bannersiteatt.adeeb87971f6429bb76c","","inherit","open","closed","","bannersiteatt-adeeb87971f6429bb76c","","","2026-04-07 20:28:53","2026-04-07 23:28:53","","2623","https:\/\/repositorio.abejor.org.br\/wp-content\/uploads\/2026\/04\/bannersiteatt.adeeb87971f6429bb76c.webp","0","attachment","image\/webp","0","2624"],"id":2623}],"grupo_de_pesquisa":[{"term_id":15,"name":"Produ\u00e7\u00e3o Cient\u00edfica","slug":"producao-cientifica","description":"","taxonomy":"grupo_pesquisa","parent":0,"term_taxonomy_id":15,"term_group":0,"count":101,"object_id":null,"term_order":null,"id":15}],"_links":{"self":[{"href":"https:\/\/repositorio.abejor.org.br\/index.php\/wp-json\/wp\/v2\/anal\/2644","targetHints":{"allow":["GET"]}}],"collection":[{"href":"https:\/\/repositorio.abejor.org.br\/index.php\/wp-json\/wp\/v2\/anal"}],"about":[{"href":"https:\/\/repositorio.abejor.org.br\/index.php\/wp-json\/wp\/v2\/types\/anal"}],"wp:attachment":[{"href":"https:\/\/repositorio.abejor.org.br\/index.php\/wp-json\/wp\/v2\/media?parent=2644"}],"wp:term":[{"taxonomy":"grupo_pesquisa","embeddable":true,"href":"https:\/\/repositorio.abejor.org.br\/index.php\/wp-json\/wp\/v2\/grupo_pesquisa?post=2644"}],"curies":[{"name":"wp","href":"https:\/\/api.w.org\/{rel}","templated":true}]}}

DESERTOS DE NOTÍCIA NA REGIÃO DOS CAMPOS GERAIS: VEÍCULOS JORNALÍSTICOS NO ENTORNO DE PONTA GROSSA (PR)

6º Encontro Regional Sul de Ensino de Jornalismo (Erejor Sul)

O VI Encontro Regional Sul de Ensino de Jornalismo (Erejor Sul) ocorreu nos dias 24 e 25 de novembro de 2023. Um evento 100% online, organizado pela Associação Brasileira de Ensino de Jornalismo (ABEJ), em parceria com o curso de Jornalismo da Pontifícia Universidade Católica do Rio Grande do Sul (PUCRS).

Em meio às mudanças tecnológicas, sugere-se uma compreensão dos alunos com o passado e a memória. Como os cursos de graduação podem contribuir na preservação da história do Jornalismo em âmbito local ou regional? Quais são as dificuldades em manter a documentação de arquivos ou acervos de jornais e fotografias digitalizados? Assim, o VI Erejor Sul propôs para 2023 a temática: "Desafios e tendências do ensino de história em Jornalismo".

Produção Científica
