{"id":2615,"date":"2026-04-06T19:38:07","date_gmt":"2026-04-06T22:38:07","guid":{"rendered":"https:\/\/repositorio.abejor.org.br\/?post_type=anal&#038;p=2615"},"modified":"2026-04-06T19:38:07","modified_gmt":"2026-04-06T22:38:07","slug":"religiao-dissidencia-e-extensao-universitaria-em-um-territorio-de-desigualdades-o-caso-do-instituto-bom-pastor","status":"publish","type":"anal","link":"https:\/\/repositorio.abejor.org.br\/?anal=religiao-dissidencia-e-extensao-universitaria-em-um-territorio-de-desigualdades-o-caso-do-instituto-bom-pastor","title":{"rendered":"RELIGI\u00c3O, DISSID\u00caNCIA E EXTENS\u00c3O UNIVERSIT\u00c1RIA EM UM TERRIT\u00d3RIO DE DESIGUALDADES: O CASO DO INSTITUTO BOM PASTOR"},"excerpt":{"rendered":"","protected":false},"template":"","grupo_pesquisa":[9],"class_list":["post-2615","anal","type-anal","status-publish","hentry","grupo_pesquisa-atividades-de-extensao"],"arquivo":{"ID":"2616","post_author":"2","post_date":"2026-04-06 19:38:02","post_date_gmt":"2026-04-06 22:38:02","post_content":"","post_title":"RELIGI\u00c3O, DISSID\u00caNCIA E EXTENS\u00c3O UNIVERSIT\u00c1RIA EM UM TERRIT\u00d3RIO DE DESIGUALDADES: O CASO DO INSTITUTO BOM PASTOR","post_excerpt":"","post_status":"inherit","comment_status":"open","ping_status":"closed","post_password":"","post_name":"1376564","to_ping":"","pinged":"","post_modified":"2026-04-06 19:38:07","post_modified_gmt":"2026-04-06 22:38:07","post_content_filtered":"","post_parent":"2615","guid":"https:\/\/repositorio.abejor.org.br\/wp-content\/uploads\/2026\/04\/1376564.pdf","menu_order":"0","post_type":"attachment","post_mime_type":"application\/pdf","comment_count":"0","pod_item_id":"2616"},"autor":"Jos\u00e9 Carlos Fernandes; Maria Fernanda Costa da Silva; Gustavo Aleixo de Sousa; Daniela Beatriz Mila; Thailine Lopes de Souza da Paz","palavras_chaves":"","evento":[{"ID":2502,"post_title":"8\u00ba Encontro Regional Sul de Ensino de Jornalismo (Erejor Sul)","post_content":"","post_excerpt":"Em meio \u00e0 crescente crise clim\u00e1tica e ao avan\u00e7o de pr\u00e1ticas nocivas ao meio ambiente, o ciberativismo ambiental emerge como uma for\u00e7a coletiva que se articula principalmente nas redes sociais. Jovens, movimentos sociais e organiza\u00e7\u00f5es utilizam os meios digitais para denunciar crimes ambientais, pressionar autoridades, propor alternativas sustent\u00e1veis e sensibilizar a sociedade. Nesse cen\u00e1rio, o jornalismo ganha um papel fundamental: o de investigar, verificar e amplificar essas pautas, contribuindo para o fortalecimento da cidadania e do debate p\u00fablico qualificado.\r\n\r\nDiante de um contexto em que \u201co agro \u00e9 pop\u201d, mas tamb\u00e9m pode ser t\u00f3xico, o Erejor Sul traz como tema \u201cJornalismo em cena: ciberativismo ambiental\u201d, ao propor reflex\u00f5es sobre o papel do Jornalismo em um universo no qual a tecnologia serve tanto para empoderar vozes, mobilizar grupos e comunidades, desafiar estruturas tradicionais de poder e promover mudan\u00e7as, quanto para difundir campanhas de desinforma\u00e7\u00e3o e manipula\u00e7\u00e3o.\r\n\r\nO grande desafio, portanto, \u00e9 compreender: como lidar com esses dilemas e de que forma utilizar o ciberativismo de maneira positiva e transformadora? Nesse sentido, convidamos professores e acad\u00eamicos de Jornalismo da regi\u00e3o Sul a se juntarem a n\u00f3s para debater, refletir e construir caminhos sobre esses e outros temas fundamentais.\r\n\r\nO VIII Encontro Regional Sul de Ensino de Jornalismo (Erejor Sul) ser\u00e1 realizado nos dias 31 de outubro e 1\u00ba de novembro, em formato 100% online. O evento \u00e9 promovido pela Associa\u00e7\u00e3o Brasileira de Ensino de Jornalismo (ABEJ), em parceria com o curso de Jornalismo do Centro Universit\u00e1rio Funda\u00e7\u00e3o Assis Gurgacz (FAG), de Cascavel (PR).","post_author":"2","post_date":"2026-04-05 22:10:35","post_date_gmt":"2026-04-06 01:10:35","post_status":"publish","comment_status":"closed","ping_status":"closed","post_password":"","post_name":"8o-encontro-regional-sul-de-ensino-de-jornalismo-erejor-sul","to_ping":"","pinged":"","post_modified":"2026-04-06 17:47:11","post_modified_gmt":"2026-04-06 20:47:11","post_content_filtered":"","post_parent":0,"guid":"https:\/\/repositorio.abejor.org.br\/?post_type=evento&#038;p=2502","menu_order":0,"post_type":"evento","post_mime_type":"","comment_count":"0","comments":false,"_thumbnail_id":["2503","2","2026-04-05 22:09:18","2026-04-06 01:09:18","","BannerSite.0a947ff6b4f94b68b4ba","","inherit","open","closed","","bannersite-0a947ff6b4f94b68b4ba","","","2026-04-05 22:09:18","2026-04-06 01:09:18","","2502","https:\/\/repositorio.abejor.org.br\/wp-content\/uploads\/2026\/04\/BannerSite.0a947ff6b4f94b68b4ba.webp","0","attachment","image\/webp","0","2503"],"id":2502}],"grupo_de_pesquisa":[{"term_id":9,"name":"Atividades de Extens\u00e3o","slug":"atividades-de-extensao","description":"","taxonomy":"grupo_pesquisa","parent":0,"term_taxonomy_id":9,"term_group":0,"count":151,"object_id":null,"term_order":null,"id":9}],"_links":{"self":[{"href":"https:\/\/repositorio.abejor.org.br\/index.php\/wp-json\/wp\/v2\/anal\/2615","targetHints":{"allow":["GET"]}}],"collection":[{"href":"https:\/\/repositorio.abejor.org.br\/index.php\/wp-json\/wp\/v2\/anal"}],"about":[{"href":"https:\/\/repositorio.abejor.org.br\/index.php\/wp-json\/wp\/v2\/types\/anal"}],"wp:attachment":[{"href":"https:\/\/repositorio.abejor.org.br\/index.php\/wp-json\/wp\/v2\/media?parent=2615"}],"wp:term":[{"taxonomy":"grupo_pesquisa","embeddable":true,"href":"https:\/\/repositorio.abejor.org.br\/index.php\/wp-json\/wp\/v2\/grupo_pesquisa?post=2615"}],"curies":[{"name":"wp","href":"https:\/\/api.w.org\/{rel}","templated":true}]}}

RELIGIÃO, DISSIDÊNCIA E EXTENSÃO UNIVERSITÁRIA EM UM TERRITÓRIO DE DESIGUALDADES: O CASO DO INSTITUTO BOM PASTOR

José Carlos Fernandes; Maria Fernanda Costa da Silva; Gustavo Aleixo de Sousa; Daniela Beatriz Mila; Thailine Lopes de Souza da Paz

8º Encontro Regional Sul de Ensino de Jornalismo (Erejor Sul)

Em meio à crescente crise climática e ao avanço de práticas nocivas ao meio ambiente, o ciberativismo ambiental emerge como uma força coletiva que se articula principalmente nas redes sociais. Jovens, movimentos sociais e organizações utilizam os meios digitais para denunciar crimes ambientais, pressionar autoridades, propor alternativas sustentáveis e sensibilizar a sociedade. Nesse cenário, o jornalismo ganha um papel fundamental: o de investigar, verificar e amplificar essas pautas, contribuindo para o fortalecimento da cidadania e do debate público qualificado.

Diante de um contexto em que “o agro é pop”, mas também pode ser tóxico, o Erejor Sul traz como tema “Jornalismo em cena: ciberativismo ambiental”, ao propor reflexões sobre o papel do Jornalismo em um universo no qual a tecnologia serve tanto para empoderar vozes, mobilizar grupos e comunidades, desafiar estruturas tradicionais de poder e promover mudanças, quanto para difundir campanhas de desinformação e manipulação.

O grande desafio, portanto, é compreender: como lidar com esses dilemas e de que forma utilizar o ciberativismo de maneira positiva e transformadora? Nesse sentido, convidamos professores e acadêmicos de Jornalismo da região Sul a se juntarem a nós para debater, refletir e construir caminhos sobre esses e outros temas fundamentais.

O VIII Encontro Regional Sul de Ensino de Jornalismo (Erejor Sul) será realizado nos dias 31 de outubro e 1º de novembro, em formato 100% online. O evento é promovido pela Associação Brasileira de Ensino de Jornalismo (ABEJ), em parceria com o curso de Jornalismo do Centro Universitário Fundação Assis Gurgacz (FAG), de Cascavel (PR).

Atividades de Extensão
