{"id":2487,"date":"2025-06-04T19:00:49","date_gmt":"2025-06-04T22:00:49","guid":{"rendered":"https:\/\/repositorio.abejor.org.br\/?post_type=anal&#038;p=2487"},"modified":"2025-06-04T19:00:49","modified_gmt":"2025-06-04T22:00:49","slug":"radiojornalismo-local-um-debate-sobre-desafios-e-contribuicoes-nas-relacoes-com-as-comunidades-e-o-ouvinte","status":"publish","type":"anal","link":"https:\/\/repositorio.abejor.org.br\/?anal=radiojornalismo-local-um-debate-sobre-desafios-e-contribuicoes-nas-relacoes-com-as-comunidades-e-o-ouvinte","title":{"rendered":"RADIOJORNALISMO LOCAL: UM DEBATE SOBRE DESAFIOS E CONTRIBUI\u00c7\u00d5ES NAS RELA\u00c7\u00d5ES COM AS COMUNIDADES E O OUVINTE"},"excerpt":{"rendered":"<p>O seguinte trabalho tem como objetivo debater sobre a relev\u00e2ncia do radiojornalismo local. A pesquisa busca destacar a import\u00e2ncia do r\u00e1dio na constru\u00e7\u00e3o da identidade das comunidades e na divulga\u00e7\u00e3o de informa\u00e7\u00f5es de interesse p\u00fablico. O estudo discute as caracter\u00edsticas do r\u00e1dio como meio de comunica\u00e7\u00e3o, que, apesar dos desafios impostos pela era digital, continua a desempenhar um papel fundamental na proximidade com o p\u00fablico e na veicula\u00e7\u00e3o de not\u00edcias locais<\/p>\n","protected":false},"template":"","grupo_pesquisa":[12],"class_list":["post-2487","anal","type-anal","status-publish","hentry","grupo_pesquisa-producao-laboratorial-eletronicos-e-impressos"],"arquivo":{"ID":"2488","post_author":"4","post_date":"2025-06-04 19:00:05","post_date_gmt":"2025-06-04 22:00:05","post_content":"","post_title":"RADIOJORNALISMO LOCAL UM DEBATE SOBRE DESAFIOS E CONTRIBUI\u00c7\u00d5ES NAS RELA\u00c7\u00d5ES COM AS COMUNIDADES E O OUVINTE","post_excerpt":"","post_status":"inherit","comment_status":"open","ping_status":"closed","post_password":"","post_name":"radiojornalismo-local-um-debate-sobre-desafios-e-contribuicoes-nas-relacoes-com-as-comunidades-e-o-ouvinte-2","to_ping":"","pinged":"","post_modified":"2025-06-04 19:00:49","post_modified_gmt":"2025-06-04 22:00:49","post_content_filtered":"","post_parent":"2487","guid":"https:\/\/repositorio.abejor.org.br\/wp-content\/uploads\/2025\/06\/RADIOJORNALISMO-LOCAL-UM-DEBATE-SOBRE-DESAFIOS-E-CONTRIBUICOES-NAS-RELACOES-COM-AS-COMUNIDADES-E-O-OUVINTE.pdf","menu_order":"0","post_type":"attachment","post_mime_type":"application\/pdf","comment_count":"0","pod_item_id":"2488"},"autor":"DANIELY NEIVERTH, Guilherme Carvalho","palavras_chaves":"Radiojornalismo\r\nRadiojornalismo local\r\nR\u00e1dio no Brasil","evento":[{"ID":2304,"post_title":"24\u00ba Encontro Nacional de Ensino de Jornalismo","post_content":"","post_excerpt":"A Associa\u00e7\u00e3o Brasileira de Ensino de Jornalismo (ABEJ) realizou o seu 24\u00ba Encontro Nacional de Ensino de Jornalismo (ENEJor),  sediado pela Pontif\u00edcia Universidade Cat\u00f3lica do Paran\u00e1, em Curitiba. O evento ocorreu entre os dias 28 e 30 de abril de 2025, em formato h\u00edbrido. Mais de 180 pessoas se inscreveram de mais de 30 institui\u00e7\u00f5es de todas as regi\u00f5es do Brasil. O evento registrou 86 apresenta\u00e7\u00f5es no 20\u00ba Ciclo Nacional de Pesquisas em Ensino e Extens\u00e3o em Jornalismo.","post_author":"2","post_date":"2025-06-02 14:59:45","post_date_gmt":"2025-06-02 17:59:45","post_status":"publish","comment_status":"closed","ping_status":"closed","post_password":"","post_name":"24a-enejor","to_ping":"","pinged":"","post_modified":"2026-04-06 18:20:13","post_modified_gmt":"2026-04-06 21:20:13","post_content_filtered":"","post_parent":0,"guid":"https:\/\/repositorio.abejor.org.br\/?post_type=evento&#038;p=2304","menu_order":0,"post_type":"evento","post_mime_type":"","comment_count":"0","comments":false,"_thumbnail_id":["2305","2","2025-06-02 14:54:05","2025-06-02 17:54:05","","\u2601\ufe0f-GaloD_142novo","","inherit","open","closed","","%e2%98%81%ef%b8%8f-galod_142novo","","","2025-06-02 14:54:05","2025-06-02 17:54:05","","2304","https:\/\/repositorio.abejor.org.br\/wp-content\/uploads\/2025\/06\/\u2601\ufe0f-GaloD_142novo.png","0","attachment","image\/png","0","2305"],"id":2304}],"grupo_de_pesquisa":[{"term_id":12,"name":"Produ\u00e7\u00e3o Laboratorial eletr\u00f4nicos e impressos","slug":"producao-laboratorial-eletronicos-e-impressos","description":"","taxonomy":"grupo_pesquisa","parent":0,"term_taxonomy_id":12,"term_group":0,"count":167,"object_id":null,"term_order":null,"id":12}],"_links":{"self":[{"href":"https:\/\/repositorio.abejor.org.br\/index.php\/wp-json\/wp\/v2\/anal\/2487","targetHints":{"allow":["GET"]}}],"collection":[{"href":"https:\/\/repositorio.abejor.org.br\/index.php\/wp-json\/wp\/v2\/anal"}],"about":[{"href":"https:\/\/repositorio.abejor.org.br\/index.php\/wp-json\/wp\/v2\/types\/anal"}],"wp:attachment":[{"href":"https:\/\/repositorio.abejor.org.br\/index.php\/wp-json\/wp\/v2\/media?parent=2487"}],"wp:term":[{"taxonomy":"grupo_pesquisa","embeddable":true,"href":"https:\/\/repositorio.abejor.org.br\/index.php\/wp-json\/wp\/v2\/grupo_pesquisa?post=2487"}],"curies":[{"name":"wp","href":"https:\/\/api.w.org\/{rel}","templated":true}]}}

RADIOJORNALISMO LOCAL: UM DEBATE SOBRE DESAFIOS E CONTRIBUIÇÕES NAS RELAÇÕES COM AS COMUNIDADES E O OUVINTE

<p>O seguinte trabalho tem como objetivo debater sobre a relevância do radiojornalismo local. A pesquisa busca destacar a importância do rádio na construção da identidade das comunidades e na divulgação de informações de interesse público. O estudo discute as características do rádio como meio de comunicação, que, apesar dos desafios impostos pela era digital, continua a desempenhar um papel fundamental na proximidade com o público e na veiculação de notícias locais</p>

RADIOJORNALISMO LOCAL UM DEBATE SOBRE DESAFIOS E CONTRIBUIÇÕES NAS RELAÇÕES COM AS COMUNIDADES E O OUVINTE

Radiojornalismo
Radiojornalismo local
Rádio no Brasil

24º Encontro Nacional de Ensino de Jornalismo

A Associação Brasileira de Ensino de Jornalismo (ABEJ) realizou o seu 24º Encontro Nacional de Ensino de Jornalismo (ENEJor),  sediado pela Pontifícia Universidade Católica do Paraná, em Curitiba. O evento ocorreu entre os dias 28 e 30 de abril de 2025, em formato híbrido. Mais de 180 pessoas se inscreveram de mais de 30 instituições de todas as regiões do Brasil. O evento registrou 86 apresentações no 20º Ciclo Nacional de Pesquisas em Ensino e Extensão em Jornalismo.

Produção Laboratorial eletrônicos e impressos
