{"id":2471,"date":"2025-06-04T18:45:53","date_gmt":"2025-06-04T21:45:53","guid":{"rendered":"https:\/\/repositorio.abejor.org.br\/?post_type=anal&#038;p=2471"},"modified":"2025-06-04T18:45:53","modified_gmt":"2025-06-04T21:45:53","slug":"a-experiencia-da-producao-de-um-blog-laboratorio-em-jornalismo-na-ufpr-da-pauta-geral-a-emergencia-climatica-em-pauta","status":"publish","type":"anal","link":"https:\/\/repositorio.abejor.org.br\/?anal=a-experiencia-da-producao-de-um-blog-laboratorio-em-jornalismo-na-ufpr-da-pauta-geral-a-emergencia-climatica-em-pauta","title":{"rendered":"A EXPERI\u00caNCIA DA PRODU\u00c7\u00c3O DE UM BLOG-LABORAT\u00d3RIO EM JORNALISMO NA UFPR: DA PAUTA GERAL \u00c0 EMERG\u00caNCIA CLIM\u00c1TICA EM PAUTA"},"excerpt":{"rendered":"<p>Este relato de experi\u00eancia apresenta a produ\u00e7\u00e3o jornal\u00edstica desenvolvida na disciplina obrigat\u00f3ria de Reda\u00e7\u00e3o Jornal\u00edstica II, do curso de Jornalismo, da Universidade Federal do Paran\u00e1, por meio de um blog-laborat\u00f3rio, com cobertura local em editorias diversas, que se desenvolve h\u00e1 cerca de treze anos.<\/p>\n","protected":false},"template":"","grupo_pesquisa":[12],"class_list":["post-2471","anal","type-anal","status-publish","hentry","grupo_pesquisa-producao-laboratorial-eletronicos-e-impressos"],"arquivo":{"ID":"2472","post_author":"4","post_date":"2025-06-04 18:44:35","post_date_gmt":"2025-06-04 21:44:35","post_content":"","post_title":"A EXPERI\u00caNCIA DA PRODU\u00c7\u00c3O DE UM BLOG-LABORAT\u00d3RIO EM JORNALISMO NA UFPR","post_excerpt":"","post_status":"inherit","comment_status":"open","ping_status":"closed","post_password":"","post_name":"a-experiencia-da-producao-de-um-blog-laboratorio-em-jornalismo-na-ufpr","to_ping":"","pinged":"","post_modified":"2025-06-04 18:45:53","post_modified_gmt":"2025-06-04 21:45:53","post_content_filtered":"","post_parent":"2471","guid":"https:\/\/repositorio.abejor.org.br\/wp-content\/uploads\/2025\/06\/A-EXPERIENCIA-DA-PRODUCAO-DE-UM-BLOG-LABORATORIO-EM-JORNALISMO-NA-UFPR.pdf","menu_order":"0","post_type":"attachment","post_mime_type":"application\/pdf","comment_count":"0","pod_item_id":"2472"},"autor":"MYRIAN REGINA DEL VECCHIO-LIMA, Criselli Montip\u00f3","palavras_chaves":"Reda\u00e7\u00e3o Jornal\u00edstica,\r\nEnsino,\r\nProdu\u00e7\u00e3o laboratorial,\r\nReportagem multim\u00eddia,\r\nEmerg\u00eancia clim\u00e1tica","evento":[{"ID":2304,"post_title":"24\u00ba Encontro Nacional de Ensino de Jornalismo","post_content":"","post_excerpt":"A Associa\u00e7\u00e3o Brasileira de Ensino de Jornalismo (ABEJ) realizou o seu 24\u00ba Encontro Nacional de Ensino de Jornalismo (ENEJor),  sediado pela Pontif\u00edcia Universidade Cat\u00f3lica do Paran\u00e1, em Curitiba. O evento ocorreu entre os dias 28 e 30 de abril de 2025, em formato h\u00edbrido. Mais de 180 pessoas se inscreveram de mais de 30 institui\u00e7\u00f5es de todas as regi\u00f5es do Brasil. O evento registrou 86 apresenta\u00e7\u00f5es no 20\u00ba Ciclo Nacional de Pesquisas em Ensino e Extens\u00e3o em Jornalismo.","post_author":"2","post_date":"2025-06-02 14:59:45","post_date_gmt":"2025-06-02 17:59:45","post_status":"publish","comment_status":"closed","ping_status":"closed","post_password":"","post_name":"24a-enejor","to_ping":"","pinged":"","post_modified":"2026-04-06 18:20:13","post_modified_gmt":"2026-04-06 21:20:13","post_content_filtered":"","post_parent":0,"guid":"https:\/\/repositorio.abejor.org.br\/?post_type=evento&#038;p=2304","menu_order":0,"post_type":"evento","post_mime_type":"","comment_count":"0","comments":false,"_thumbnail_id":["2305","2","2025-06-02 14:54:05","2025-06-02 17:54:05","","\u2601\ufe0f-GaloD_142novo","","inherit","open","closed","","%e2%98%81%ef%b8%8f-galod_142novo","","","2025-06-02 14:54:05","2025-06-02 17:54:05","","2304","https:\/\/repositorio.abejor.org.br\/wp-content\/uploads\/2025\/06\/\u2601\ufe0f-GaloD_142novo.png","0","attachment","image\/png","0","2305"],"id":2304}],"grupo_de_pesquisa":[{"term_id":12,"name":"Produ\u00e7\u00e3o Laboratorial eletr\u00f4nicos e impressos","slug":"producao-laboratorial-eletronicos-e-impressos","description":"","taxonomy":"grupo_pesquisa","parent":0,"term_taxonomy_id":12,"term_group":0,"count":167,"object_id":null,"term_order":null,"id":12}],"_links":{"self":[{"href":"https:\/\/repositorio.abejor.org.br\/index.php\/wp-json\/wp\/v2\/anal\/2471","targetHints":{"allow":["GET"]}}],"collection":[{"href":"https:\/\/repositorio.abejor.org.br\/index.php\/wp-json\/wp\/v2\/anal"}],"about":[{"href":"https:\/\/repositorio.abejor.org.br\/index.php\/wp-json\/wp\/v2\/types\/anal"}],"wp:attachment":[{"href":"https:\/\/repositorio.abejor.org.br\/index.php\/wp-json\/wp\/v2\/media?parent=2471"}],"wp:term":[{"taxonomy":"grupo_pesquisa","embeddable":true,"href":"https:\/\/repositorio.abejor.org.br\/index.php\/wp-json\/wp\/v2\/grupo_pesquisa?post=2471"}],"curies":[{"name":"wp","href":"https:\/\/api.w.org\/{rel}","templated":true}]}}

A EXPERIÊNCIA DA PRODUÇÃO DE UM BLOG-LABORATÓRIO EM JORNALISMO NA UFPR: DA PAUTA GERAL À EMERGÊNCIA CLIMÁTICA EM PAUTA

<p>Este relato de experiência apresenta a produção jornalística desenvolvida na disciplina obrigatória de Redação Jornalística II, do curso de Jornalismo, da Universidade Federal do Paraná, por meio de um blog-laboratório, com cobertura local em editorias diversas, que se desenvolve há cerca de treze anos.</p>

A EXPERIÊNCIA DA PRODUÇÃO DE UM BLOG-LABORATÓRIO EM JORNALISMO NA UFPR

MYRIAN REGINA DEL VECCHIO-LIMA, Criselli Montipó

Redação Jornalística,
Ensino,
Produção laboratorial,
Reportagem multimídia,
Emergência climática

24º Encontro Nacional de Ensino de Jornalismo

A Associação Brasileira de Ensino de Jornalismo (ABEJ) realizou o seu 24º Encontro Nacional de Ensino de Jornalismo (ENEJor),  sediado pela Pontifícia Universidade Católica do Paraná, em Curitiba. O evento ocorreu entre os dias 28 e 30 de abril de 2025, em formato híbrido. Mais de 180 pessoas se inscreveram de mais de 30 instituições de todas as regiões do Brasil. O evento registrou 86 apresentações no 20º Ciclo Nacional de Pesquisas em Ensino e Extensão em Jornalismo.

Produção Laboratorial eletrônicos e impressos
