{"id":2455,"date":"2025-06-04T18:28:22","date_gmt":"2025-06-04T21:28:22","guid":{"rendered":"https:\/\/repositorio.abejor.org.br\/?post_type=anal&#038;p=2455"},"modified":"2025-06-04T18:28:22","modified_gmt":"2025-06-04T21:28:22","slug":"um-ciclo-multidisciplinar-para-descomemorar-golpes-como-estrategia-de-formacao-cidada-em-jornalismo","status":"publish","type":"anal","link":"https:\/\/repositorio.abejor.org.br\/?anal=um-ciclo-multidisciplinar-para-descomemorar-golpes-como-estrategia-de-formacao-cidada-em-jornalismo","title":{"rendered":"UM CICLO MULTIDISCIPLINAR PARA DESCOMEMORAR GOLPES COMO ESTRAT\u00c9GIA DE FORMA\u00c7\u00c3O CIDAD\u00c3 EM JORNALISMO"},"excerpt":{"rendered":"<p>Na forma\u00e7\u00e3o universit\u00e1ria existem temas que nem sempre est\u00e3o presentes nas grades das disciplinas curriculares, por variadas raz\u00f5es ou justificativas. Pautar a hist\u00f3ria recente, a partir de ataques registrados aos direitos humanos e \u00e0 democracia, que afetam diretamente o exercicio da cidadania da maioria da popula\u00e7\u00e3o \u00e9 um desafio constante<\/p>\n","protected":false},"template":"","grupo_pesquisa":[9],"class_list":["post-2455","anal","type-anal","status-publish","hentry","grupo_pesquisa-atividades-de-extensao"],"arquivo":{"ID":"2456","post_author":"4","post_date":"2025-06-04 18:28:03","post_date_gmt":"2025-06-04 21:28:03","post_content":"","post_title":"UM CICLO MULTIDISCIPLINAR PARA DESCOMEMORAR GOLPES COMO ESTRAT\u00c9GIA DE FORMA\u00c7\u00c3O CIDAD\u00c3 EM JORNALISMO","post_excerpt":"","post_status":"inherit","comment_status":"open","ping_status":"closed","post_password":"","post_name":"um-ciclo-multidisciplinar-para-descomemorar-golpes-como-estrategia-de-formacao-cidada-em-jornalismo-2","to_ping":"","pinged":"","post_modified":"2025-06-04 18:28:22","post_modified_gmt":"2025-06-04 21:28:22","post_content_filtered":"","post_parent":"2455","guid":"https:\/\/repositorio.abejor.org.br\/wp-content\/uploads\/2025\/06\/UM-CICLO-MULTIDISCIPLINAR-PARA-DESCOMEMORAR-GOLPES-COMO-ESTRATEGIA-DE-FORMACAO-CIDADA-EM-JORNALISMO.pdf","menu_order":"0","post_type":"attachment","post_mime_type":"application\/pdf","comment_count":"0","pod_item_id":"2456"},"autor":"Jo\u00e3o Paulo Goes, S\u00e9rgio Luiz Gadini","palavras_chaves":"Ensino de Jornalismo,\r\nA\u00e7\u00e3o Extensionista,\r\nMultidisciplinariedade,\r\nForma\u00e7\u00e3o Profissional Cidad\u00e3,\r\nCiclo Descomemorar Golpes","evento":[{"ID":2304,"post_title":"24\u00ba Encontro Nacional de Ensino de Jornalismo","post_content":"","post_excerpt":"A Associa\u00e7\u00e3o Brasileira de Ensino de Jornalismo (ABEJ) realizou o seu 24\u00ba Encontro Nacional de Ensino de Jornalismo (ENEJor),  sediado pela Pontif\u00edcia Universidade Cat\u00f3lica do Paran\u00e1, em Curitiba. O evento ocorreu entre os dias 28 e 30 de abril de 2025, em formato h\u00edbrido. Mais de 180 pessoas se inscreveram de mais de 30 institui\u00e7\u00f5es de todas as regi\u00f5es do Brasil. O evento registrou 86 apresenta\u00e7\u00f5es no 20\u00ba Ciclo Nacional de Pesquisas em Ensino e Extens\u00e3o em Jornalismo.","post_author":"2","post_date":"2025-06-02 14:59:45","post_date_gmt":"2025-06-02 17:59:45","post_status":"publish","comment_status":"closed","ping_status":"closed","post_password":"","post_name":"24a-enejor","to_ping":"","pinged":"","post_modified":"2026-04-06 18:20:13","post_modified_gmt":"2026-04-06 21:20:13","post_content_filtered":"","post_parent":0,"guid":"https:\/\/repositorio.abejor.org.br\/?post_type=evento&#038;p=2304","menu_order":0,"post_type":"evento","post_mime_type":"","comment_count":"0","comments":false,"_thumbnail_id":["2305","2","2025-06-02 14:54:05","2025-06-02 17:54:05","","\u2601\ufe0f-GaloD_142novo","","inherit","open","closed","","%e2%98%81%ef%b8%8f-galod_142novo","","","2025-06-02 14:54:05","2025-06-02 17:54:05","","2304","https:\/\/repositorio.abejor.org.br\/wp-content\/uploads\/2025\/06\/\u2601\ufe0f-GaloD_142novo.png","0","attachment","image\/png","0","2305"],"id":2304}],"grupo_de_pesquisa":[{"term_id":9,"name":"Atividades de Extens\u00e3o","slug":"atividades-de-extensao","description":"","taxonomy":"grupo_pesquisa","parent":0,"term_taxonomy_id":9,"term_group":0,"count":151,"object_id":null,"term_order":null,"id":9}],"_links":{"self":[{"href":"https:\/\/repositorio.abejor.org.br\/index.php\/wp-json\/wp\/v2\/anal\/2455","targetHints":{"allow":["GET"]}}],"collection":[{"href":"https:\/\/repositorio.abejor.org.br\/index.php\/wp-json\/wp\/v2\/anal"}],"about":[{"href":"https:\/\/repositorio.abejor.org.br\/index.php\/wp-json\/wp\/v2\/types\/anal"}],"wp:attachment":[{"href":"https:\/\/repositorio.abejor.org.br\/index.php\/wp-json\/wp\/v2\/media?parent=2455"}],"wp:term":[{"taxonomy":"grupo_pesquisa","embeddable":true,"href":"https:\/\/repositorio.abejor.org.br\/index.php\/wp-json\/wp\/v2\/grupo_pesquisa?post=2455"}],"curies":[{"name":"wp","href":"https:\/\/api.w.org\/{rel}","templated":true}]}}

UM CICLO MULTIDISCIPLINAR PARA DESCOMEMORAR GOLPES COMO ESTRATÉGIA DE FORMAÇÃO CIDADÃ EM JORNALISMO

<p>Na formação universitária existem temas que nem sempre estão presentes nas grades das disciplinas curriculares, por variadas razões ou justificativas. Pautar a história recente, a partir de ataques registrados aos direitos humanos e à democracia, que afetam diretamente o exercicio da cidadania da maioria da população é um desafio constante</p>

João Paulo Goes, Sérgio Luiz Gadini

Ensino de Jornalismo,
Ação Extensionista,
Multidisciplinariedade,
Formação Profissional Cidadã,
Ciclo Descomemorar Golpes

24º Encontro Nacional de Ensino de Jornalismo

A Associação Brasileira de Ensino de Jornalismo (ABEJ) realizou o seu 24º Encontro Nacional de Ensino de Jornalismo (ENEJor),  sediado pela Pontifícia Universidade Católica do Paraná, em Curitiba. O evento ocorreu entre os dias 28 e 30 de abril de 2025, em formato híbrido. Mais de 180 pessoas se inscreveram de mais de 30 instituições de todas as regiões do Brasil. O evento registrou 86 apresentações no 20º Ciclo Nacional de Pesquisas em Ensino e Extensão em Jornalismo.

Atividades de Extensão
