{"id":2437,"date":"2025-06-04T18:13:47","date_gmt":"2025-06-04T21:13:47","guid":{"rendered":"https:\/\/repositorio.abejor.org.br\/?post_type=anal&#038;p=2437"},"modified":"2025-06-04T18:13:47","modified_gmt":"2025-06-04T21:13:47","slug":"pesquisa-de-desenvolvimento-como-tecnica-de-pesquisa-aplicada-em-jornalismo","status":"publish","type":"anal","link":"https:\/\/repositorio.abejor.org.br\/?anal=pesquisa-de-desenvolvimento-como-tecnica-de-pesquisa-aplicada-em-jornalismo","title":{"rendered":"PESQUISA DE DESENVOLVIMENTO COMO T\u00c9CNICA DE PESQUISA APLICADA EM JORNALISMO"},"excerpt":{"rendered":"<p>O artigo apresenta um modelo para utiliza\u00e7\u00e3o da pesquisa de desenvolvimento como t\u00e9cnica para a pesquisa aplicada em Jornalismo, destacando sua relev\u00e2ncia na produ\u00e7\u00e3o de artefatos jornal\u00edsticos. A pesquisa de desenvolvimento prop\u00f5e um modelo metodol\u00f3gico que alia teoria e pr\u00e1tica, promovendo a cria\u00e7\u00e3o de produtos jornal\u00edsticos inovadores.<\/p>\n","protected":false},"template":"","grupo_pesquisa":[13],"class_list":["post-2437","anal","type-anal","status-publish","hentry","grupo_pesquisa-projetos-pedagogicos-e-metodologias-de-ensino"],"arquivo":{"ID":"2438","post_author":"4","post_date":"2025-06-04 18:13:04","post_date_gmt":"2025-06-04 21:13:04","post_content":"","post_title":"PESQUISA DE DESENVOLVIMENTO COMO T\u00c9CNICA DE PESQUISA APLICADA EM JORNALISMO","post_excerpt":"","post_status":"inherit","comment_status":"open","ping_status":"closed","post_password":"","post_name":"pesquisa-de-desenvolvimento-como-tecnica-de-pesquisa-aplicada-em-jornalismo-2","to_ping":"","pinged":"","post_modified":"2025-06-04 18:13:47","post_modified_gmt":"2025-06-04 21:13:47","post_content_filtered":"","post_parent":"2437","guid":"https:\/\/repositorio.abejor.org.br\/wp-content\/uploads\/2025\/06\/PESQUISA-DE-DESENVOLVIMENTO-COMO-TECNICA-DE-PESQUISA-APLICADA-EM-JORNALISMO.pdf","menu_order":"0","post_type":"attachment","post_mime_type":"application\/pdf","comment_count":"0","pod_item_id":"2438"},"autor":"Guilherme Carvalho","palavras_chaves":"Pesquisa de desenvolvimento,\r\nPesquisa aplicada,\r\nArtefatos jornal\u00edstico,\r\nMetodologia em jornalismo","evento":[{"ID":2304,"post_title":"24\u00ba Encontro Nacional de Ensino de Jornalismo","post_content":"","post_excerpt":"A Associa\u00e7\u00e3o Brasileira de Ensino de Jornalismo (ABEJ) realizou o seu 24\u00ba Encontro Nacional de Ensino de Jornalismo (ENEJor),  sediado pela Pontif\u00edcia Universidade Cat\u00f3lica do Paran\u00e1, em Curitiba. O evento ocorreu entre os dias 28 e 30 de abril de 2025, em formato h\u00edbrido. Mais de 180 pessoas se inscreveram de mais de 30 institui\u00e7\u00f5es de todas as regi\u00f5es do Brasil. O evento registrou 86 apresenta\u00e7\u00f5es no 20\u00ba Ciclo Nacional de Pesquisas em Ensino e Extens\u00e3o em Jornalismo.","post_author":"2","post_date":"2025-06-02 14:59:45","post_date_gmt":"2025-06-02 17:59:45","post_status":"publish","comment_status":"closed","ping_status":"closed","post_password":"","post_name":"24a-enejor","to_ping":"","pinged":"","post_modified":"2026-04-06 18:20:13","post_modified_gmt":"2026-04-06 21:20:13","post_content_filtered":"","post_parent":0,"guid":"https:\/\/repositorio.abejor.org.br\/?post_type=evento&#038;p=2304","menu_order":0,"post_type":"evento","post_mime_type":"","comment_count":"0","comments":false,"_thumbnail_id":["2305","2","2025-06-02 14:54:05","2025-06-02 17:54:05","","\u2601\ufe0f-GaloD_142novo","","inherit","open","closed","","%e2%98%81%ef%b8%8f-galod_142novo","","","2025-06-02 14:54:05","2025-06-02 17:54:05","","2304","https:\/\/repositorio.abejor.org.br\/wp-content\/uploads\/2025\/06\/\u2601\ufe0f-GaloD_142novo.png","0","attachment","image\/png","0","2305"],"id":2304}],"grupo_de_pesquisa":[{"term_id":13,"name":"Projetos Pedag\u00f3gicos e Metodologias de Ensino","slug":"projetos-pedagogicos-e-metodologias-de-ensino","description":"","taxonomy":"grupo_pesquisa","parent":0,"term_taxonomy_id":13,"term_group":0,"count":162,"object_id":null,"term_order":null,"id":13}],"_links":{"self":[{"href":"https:\/\/repositorio.abejor.org.br\/index.php\/wp-json\/wp\/v2\/anal\/2437","targetHints":{"allow":["GET"]}}],"collection":[{"href":"https:\/\/repositorio.abejor.org.br\/index.php\/wp-json\/wp\/v2\/anal"}],"about":[{"href":"https:\/\/repositorio.abejor.org.br\/index.php\/wp-json\/wp\/v2\/types\/anal"}],"wp:attachment":[{"href":"https:\/\/repositorio.abejor.org.br\/index.php\/wp-json\/wp\/v2\/media?parent=2437"}],"wp:term":[{"taxonomy":"grupo_pesquisa","embeddable":true,"href":"https:\/\/repositorio.abejor.org.br\/index.php\/wp-json\/wp\/v2\/grupo_pesquisa?post=2437"}],"curies":[{"name":"wp","href":"https:\/\/api.w.org\/{rel}","templated":true}]}}

PESQUISA DE DESENVOLVIMENTO COMO TÉCNICA DE PESQUISA APLICADA EM JORNALISMO

<p>O artigo apresenta um modelo para utilização da pesquisa de desenvolvimento como técnica para a pesquisa aplicada em Jornalismo, destacando sua relevância na produção de artefatos jornalísticos. A pesquisa de desenvolvimento propõe um modelo metodológico que alia teoria e prática, promovendo a criação de produtos jornalísticos inovadores.</p>

Pesquisa de desenvolvimento,
Pesquisa aplicada,
Artefatos jornalístico,
Metodologia em jornalismo

24º Encontro Nacional de Ensino de Jornalismo

A Associação Brasileira de Ensino de Jornalismo (ABEJ) realizou o seu 24º Encontro Nacional de Ensino de Jornalismo (ENEJor),  sediado pela Pontifícia Universidade Católica do Paraná, em Curitiba. O evento ocorreu entre os dias 28 e 30 de abril de 2025, em formato híbrido. Mais de 180 pessoas se inscreveram de mais de 30 instituições de todas as regiões do Brasil. O evento registrou 86 apresentações no 20º Ciclo Nacional de Pesquisas em Ensino e Extensão em Jornalismo.

Projetos Pedagógicos e Metodologias de Ensino
