{"id":2389,"date":"2025-06-02T17:10:28","date_gmt":"2025-06-02T20:10:28","guid":{"rendered":"https:\/\/repositorio.abejor.org.br\/?post_type=anal&#038;p=2389"},"modified":"2025-06-02T17:10:28","modified_gmt":"2025-06-02T20:10:28","slug":"redesenho-da-matriz-curricular-de-um-curso-de-jornalismo-ead-desafios-limites-e-possibilidades","status":"publish","type":"anal","link":"https:\/\/repositorio.abejor.org.br\/?anal=redesenho-da-matriz-curricular-de-um-curso-de-jornalismo-ead-desafios-limites-e-possibilidades","title":{"rendered":"Redesenho da matriz curricular de um curso de jornalismo EaD: Desafios, limites e possibilidades"},"excerpt":{"rendered":"<p>Este trabalho visa discutir te\u00f3rica e metodologicamente a atualiza\u00e7\u00e3o curricular do curso de Jornalismo na modalidade \u00e0 dist\u00e2ncia de uma universidade privada no interior do estado de Goi\u00e1s. Buscou-se alinhar as boas pr\u00e1ticas no que tange \u00e0 constru\u00e7\u00e3o dos curr\u00edculos de cursos de Jornalismo no Brasil, a legisla\u00e7\u00e3o vigente, e os desafios pr\u00f3prios da forma de oferta do curso bem com as media\u00e7\u00f5es de interesses de diversas ordens, inclusive mercadol\u00f3gicos.<\/p>\n","protected":false},"template":"","grupo_pesquisa":[13],"class_list":["post-2389","anal","type-anal","status-publish","hentry","grupo_pesquisa-projetos-pedagogicos-e-metodologias-de-ensino"],"arquivo":{"ID":"2390","post_author":"4","post_date":"2025-06-02 17:09:10","post_date_gmt":"2025-06-02 20:09:10","post_content":"","post_title":"Redesenho da matriz curricular de um curso de jornalismo EaD Desafios, limites e possibilidades","post_excerpt":"","post_status":"inherit","comment_status":"open","ping_status":"closed","post_password":"","post_name":"redesenho-da-matriz-curricular-de-um-curso-de-jornalismo-ead-desafios-limites-e-possibilidades-2","to_ping":"","pinged":"","post_modified":"2025-06-02 17:10:28","post_modified_gmt":"2025-06-02 20:10:28","post_content_filtered":"","post_parent":"2389","guid":"https:\/\/repositorio.abejor.org.br\/wp-content\/uploads\/2025\/06\/Redesenho-da-matriz-curricular-de-um-curso-de-jornalismo-EaD-Desafios-limites-e-possibilidades.pdf","menu_order":"0","post_type":"attachment","post_mime_type":"application\/pdf","comment_count":"0","pod_item_id":"2390"},"autor":"Luiz Eduardo Kr\u00fcger Dias, Kellen Ceretta","palavras_chaves":"Matriz curricular,\r\nEnsino \u00e0 dist\u00e2ncia,\r\nJornalismo","evento":[{"ID":2304,"post_title":"24\u00ba Encontro Nacional de Ensino de Jornalismo","post_content":"","post_excerpt":"A Associa\u00e7\u00e3o Brasileira de Ensino de Jornalismo (ABEJ) realizou o seu 24\u00ba Encontro Nacional de Ensino de Jornalismo (ENEJor),  sediado pela Pontif\u00edcia Universidade Cat\u00f3lica do Paran\u00e1, em Curitiba. O evento ocorreu entre os dias 28 e 30 de abril de 2025, em formato h\u00edbrido. Mais de 180 pessoas se inscreveram de mais de 30 institui\u00e7\u00f5es de todas as regi\u00f5es do Brasil. O evento registrou 86 apresenta\u00e7\u00f5es no 20\u00ba Ciclo Nacional de Pesquisas em Ensino e Extens\u00e3o em Jornalismo.","post_author":"2","post_date":"2025-06-02 14:59:45","post_date_gmt":"2025-06-02 17:59:45","post_status":"publish","comment_status":"closed","ping_status":"closed","post_password":"","post_name":"24a-enejor","to_ping":"","pinged":"","post_modified":"2026-04-06 18:20:13","post_modified_gmt":"2026-04-06 21:20:13","post_content_filtered":"","post_parent":0,"guid":"https:\/\/repositorio.abejor.org.br\/?post_type=evento&#038;p=2304","menu_order":0,"post_type":"evento","post_mime_type":"","comment_count":"0","comments":false,"_thumbnail_id":["2305","2","2025-06-02 14:54:05","2025-06-02 17:54:05","","\u2601\ufe0f-GaloD_142novo","","inherit","open","closed","","%e2%98%81%ef%b8%8f-galod_142novo","","","2025-06-02 14:54:05","2025-06-02 17:54:05","","2304","https:\/\/repositorio.abejor.org.br\/wp-content\/uploads\/2025\/06\/\u2601\ufe0f-GaloD_142novo.png","0","attachment","image\/png","0","2305"],"id":2304}],"grupo_de_pesquisa":[{"term_id":13,"name":"Projetos Pedag\u00f3gicos e Metodologias de Ensino","slug":"projetos-pedagogicos-e-metodologias-de-ensino","description":"","taxonomy":"grupo_pesquisa","parent":0,"term_taxonomy_id":13,"term_group":0,"count":162,"object_id":null,"term_order":null,"id":13}],"_links":{"self":[{"href":"https:\/\/repositorio.abejor.org.br\/index.php\/wp-json\/wp\/v2\/anal\/2389","targetHints":{"allow":["GET"]}}],"collection":[{"href":"https:\/\/repositorio.abejor.org.br\/index.php\/wp-json\/wp\/v2\/anal"}],"about":[{"href":"https:\/\/repositorio.abejor.org.br\/index.php\/wp-json\/wp\/v2\/types\/anal"}],"wp:attachment":[{"href":"https:\/\/repositorio.abejor.org.br\/index.php\/wp-json\/wp\/v2\/media?parent=2389"}],"wp:term":[{"taxonomy":"grupo_pesquisa","embeddable":true,"href":"https:\/\/repositorio.abejor.org.br\/index.php\/wp-json\/wp\/v2\/grupo_pesquisa?post=2389"}],"curies":[{"name":"wp","href":"https:\/\/api.w.org\/{rel}","templated":true}]}}

<p>Este trabalho visa discutir teórica e metodologicamente a atualização curricular do curso de Jornalismo na modalidade à distância de uma universidade privada no interior do estado de Goiás. Buscou-se alinhar as boas práticas no que tange à construção dos currículos de cursos de Jornalismo no Brasil, a legislação vigente, e os desafios próprios da forma de oferta do curso bem com as mediações de interesses de diversas ordens, inclusive mercadológicos.</p>

Luiz Eduardo Krüger Dias, Kellen Ceretta

Matriz curricular,
Ensino à distância,
Jornalismo

24º Encontro Nacional de Ensino de Jornalismo

A Associação Brasileira de Ensino de Jornalismo (ABEJ) realizou o seu 24º Encontro Nacional de Ensino de Jornalismo (ENEJor),  sediado pela Pontifícia Universidade Católica do Paraná, em Curitiba. O evento ocorreu entre os dias 28 e 30 de abril de 2025, em formato híbrido. Mais de 180 pessoas se inscreveram de mais de 30 instituições de todas as regiões do Brasil. O evento registrou 86 apresentações no 20º Ciclo Nacional de Pesquisas em Ensino e Extensão em Jornalismo.

Projetos Pedagógicos e Metodologias de Ensino
