{"id":2385,"date":"2025-06-02T17:07:23","date_gmt":"2025-06-02T20:07:23","guid":{"rendered":"https:\/\/repositorio.abejor.org.br\/?post_type=anal&#038;p=2385"},"modified":"2025-06-02T17:07:23","modified_gmt":"2025-06-02T20:07:23","slug":"curricularizacao-da-extensao-a-desanimadora-experiencia-do-curso-de-jornalismo","status":"publish","type":"anal","link":"https:\/\/repositorio.abejor.org.br\/?anal=curricularizacao-da-extensao-a-desanimadora-experiencia-do-curso-de-jornalismo","title":{"rendered":"CURRICULARIZA\u00c7\u00c3O DA EXTENS\u00c3O: A (DES)ANIMADORA EXPERI\u00caNCIA DO CURSO DE JORNALISMO"},"excerpt":{"rendered":"<p>A urg\u00eancia de implementar a   curriculariza\u00e7\u00e3o da extens\u00e3o se apresentou de forma mais aguda, em muitas universidades, ainda durante a pandemia e se concretizou de forma desconexa e maquiada logo no retorno das aulas presencias.   Nos cursos de jornalismo este per\u00edodo foi marcado por uma ang\u00fastia ainda maior que envolveu tecnologia, falta de  olho no olho e uma certa acomoda\u00e7\u00e3o, talvez  fruto da perplexidade que atingiu a todos. <\/p>\n","protected":false},"template":"","grupo_pesquisa":[9],"class_list":["post-2385","anal","type-anal","status-publish","hentry","grupo_pesquisa-atividades-de-extensao"],"arquivo":{"ID":"2386","post_author":"4","post_date":"2025-06-02 17:06:29","post_date_gmt":"2025-06-02 20:06:29","post_content":"","post_title":"CURRICULARIZA\u00c7\u00c3O DA EXTENS\u00c3O","post_excerpt":"","post_status":"inherit","comment_status":"open","ping_status":"closed","post_password":"","post_name":"curricularizacao-da-extensao","to_ping":"","pinged":"","post_modified":"2025-06-02 17:07:23","post_modified_gmt":"2025-06-02 20:07:23","post_content_filtered":"","post_parent":"2385","guid":"https:\/\/repositorio.abejor.org.br\/wp-content\/uploads\/2025\/06\/CURRICULARIZACAO-DA-EXTENSAO.pdf","menu_order":"0","post_type":"attachment","post_mime_type":"application\/pdf","comment_count":"0","pod_item_id":"2386"},"autor":"Nilton Jos\u00e9 Rocha, Sandra de Deus","palavras_chaves":"extens\u00e3o,\r\ncurriculariza\u00e7\u00e3o,\r\nmicropoderes,\r\ncomunidade","evento":[{"ID":2304,"post_title":"24\u00ba Encontro Nacional de Ensino de Jornalismo","post_content":"","post_excerpt":"A Associa\u00e7\u00e3o Brasileira de Ensino de Jornalismo (ABEJ) realizou o seu 24\u00ba Encontro Nacional de Ensino de Jornalismo (ENEJor),  sediado pela Pontif\u00edcia Universidade Cat\u00f3lica do Paran\u00e1, em Curitiba. O evento ocorreu entre os dias 28 e 30 de abril de 2025, em formato h\u00edbrido. Mais de 180 pessoas se inscreveram de mais de 30 institui\u00e7\u00f5es de todas as regi\u00f5es do Brasil. O evento registrou 86 apresenta\u00e7\u00f5es no 20\u00ba Ciclo Nacional de Pesquisas em Ensino e Extens\u00e3o em Jornalismo.","post_author":"2","post_date":"2025-06-02 14:59:45","post_date_gmt":"2025-06-02 17:59:45","post_status":"publish","comment_status":"closed","ping_status":"closed","post_password":"","post_name":"24a-enejor","to_ping":"","pinged":"","post_modified":"2026-04-06 18:20:13","post_modified_gmt":"2026-04-06 21:20:13","post_content_filtered":"","post_parent":0,"guid":"https:\/\/repositorio.abejor.org.br\/?post_type=evento&#038;p=2304","menu_order":0,"post_type":"evento","post_mime_type":"","comment_count":"0","comments":false,"_thumbnail_id":["2305","2","2025-06-02 14:54:05","2025-06-02 17:54:05","","\u2601\ufe0f-GaloD_142novo","","inherit","open","closed","","%e2%98%81%ef%b8%8f-galod_142novo","","","2025-06-02 14:54:05","2025-06-02 17:54:05","","2304","https:\/\/repositorio.abejor.org.br\/wp-content\/uploads\/2025\/06\/\u2601\ufe0f-GaloD_142novo.png","0","attachment","image\/png","0","2305"],"id":2304}],"grupo_de_pesquisa":[{"term_id":9,"name":"Atividades de Extens\u00e3o","slug":"atividades-de-extensao","description":"","taxonomy":"grupo_pesquisa","parent":0,"term_taxonomy_id":9,"term_group":0,"count":151,"object_id":null,"term_order":null,"id":9}],"_links":{"self":[{"href":"https:\/\/repositorio.abejor.org.br\/index.php\/wp-json\/wp\/v2\/anal\/2385","targetHints":{"allow":["GET"]}}],"collection":[{"href":"https:\/\/repositorio.abejor.org.br\/index.php\/wp-json\/wp\/v2\/anal"}],"about":[{"href":"https:\/\/repositorio.abejor.org.br\/index.php\/wp-json\/wp\/v2\/types\/anal"}],"wp:attachment":[{"href":"https:\/\/repositorio.abejor.org.br\/index.php\/wp-json\/wp\/v2\/media?parent=2385"}],"wp:term":[{"taxonomy":"grupo_pesquisa","embeddable":true,"href":"https:\/\/repositorio.abejor.org.br\/index.php\/wp-json\/wp\/v2\/grupo_pesquisa?post=2385"}],"curies":[{"name":"wp","href":"https:\/\/api.w.org\/{rel}","templated":true}]}}

CURRICULARIZAÇÃO DA EXTENSÃO: A (DES)ANIMADORA EXPERIÊNCIA DO CURSO DE JORNALISMO

<p>A urgência de implementar a   curricularização da extensão se apresentou de forma mais aguda, em muitas universidades, ainda durante a pandemia e se concretizou de forma desconexa e maquiada logo no retorno das aulas presencias.   Nos cursos de jornalismo este período foi marcado por uma angústia ainda maior que envolveu tecnologia, falta de  olho no olho e uma certa acomodação, talvez  fruto da perplexidade que atingiu a todos. </p>

CURRICULARIZAÇÃO DA EXTENSÃO

Nilton José Rocha, Sandra de Deus

extensão,
curricularização,
micropoderes,
comunidade

24º Encontro Nacional de Ensino de Jornalismo

A Associação Brasileira de Ensino de Jornalismo (ABEJ) realizou o seu 24º Encontro Nacional de Ensino de Jornalismo (ENEJor),  sediado pela Pontifícia Universidade Católica do Paraná, em Curitiba. O evento ocorreu entre os dias 28 e 30 de abril de 2025, em formato híbrido. Mais de 180 pessoas se inscreveram de mais de 30 instituições de todas as regiões do Brasil. O evento registrou 86 apresentações no 20º Ciclo Nacional de Pesquisas em Ensino e Extensão em Jornalismo.

Atividades de Extensão
