{"id":2373,"date":"2025-06-02T16:58:42","date_gmt":"2025-06-02T19:58:42","guid":{"rendered":"https:\/\/repositorio.abejor.org.br\/?post_type=anal&#038;p=2373"},"modified":"2025-06-02T16:58:42","modified_gmt":"2025-06-02T19:58:42","slug":"a-comunicacao-social-na-era-digital-um-estudo-de-caso-da-realidade-de-mocambique-a-partir-da-perspectiva-de-marshall-mcluhan","status":"publish","type":"anal","link":"https:\/\/repositorio.abejor.org.br\/?anal=a-comunicacao-social-na-era-digital-um-estudo-de-caso-da-realidade-de-mocambique-a-partir-da-perspectiva-de-marshall-mcluhan","title":{"rendered":"A COMUNICA\u00c7\u00c3O SOCIAL NA ERA DIGITAL: UM ESTUDO DE CASO DA REALIDADE DE MO\u00c7AMBIQUE, A PARTIR DA PERSPECTIVA DE MARSHALL MCLUHAN"},"excerpt":{"rendered":"<p>A era digital tem transformado a comunica\u00e7\u00e3o social, impactando a produ\u00e7\u00e3o e consumo de informa\u00e7\u00f5es e reconfigurando estruturas sociais, pol\u00edticas e culturais. Este artigo investiga essas mudan\u00e7as em Mo\u00e7ambique, aplicando a teoria de Marshall McLuhan.<\/p>\n","protected":false},"template":"","grupo_pesquisa":[15],"class_list":["post-2373","anal","type-anal","status-publish","hentry","grupo_pesquisa-producao-cientifica"],"arquivo":{"ID":"2374","post_author":"4","post_date":"2025-06-02 16:58:02","post_date_gmt":"2025-06-02 19:58:02","post_content":"","post_title":"A COMUNICA\u00c7\u00c3O SOCIAL NA ERA DIGITAL UM ESTUDO DE CASO DA REALIDADE DE MO\u00c7AMBIQUE, A PARTIR DA PERSPECTIVA DE MARSHALL MCLUHAN","post_excerpt":"","post_status":"inherit","comment_status":"open","ping_status":"closed","post_password":"","post_name":"a-comunicacao-social-na-era-digital-um-estudo-de-caso-da-realidade-de-mocambique-a-partir-da-perspectiva-de-marshall-mcluhan-2","to_ping":"","pinged":"","post_modified":"2025-06-02 16:58:42","post_modified_gmt":"2025-06-02 19:58:42","post_content_filtered":"","post_parent":"2373","guid":"https:\/\/repositorio.abejor.org.br\/wp-content\/uploads\/2025\/06\/A-COMUNICACAO-SOCIAL-NA-ERA-DIGITAL-UM-ESTUDO-DE-CASO-DA-REALIDADE-DE-MOCAMBIQUE-A-PARTIR-DA-PERSPECTIVA-DE-MARSHALL-MCLUHAN.pdf","menu_order":"0","post_type":"attachment","post_mime_type":"application\/pdf","comment_count":"0","pod_item_id":"2374"},"autor":"Edgar Mundulai Armindo Barroso","palavras_chaves":"Comunica\u00e7\u00e3o Social,\r\nEra Digital,\r\nMarshall McLuhan,\r\nMo\u00e7ambique","evento":[{"ID":2304,"post_title":"24\u00ba Encontro Nacional de Ensino de Jornalismo","post_content":"","post_excerpt":"A Associa\u00e7\u00e3o Brasileira de Ensino de Jornalismo (ABEJ) realizou o seu 24\u00ba Encontro Nacional de Ensino de Jornalismo (ENEJor),  sediado pela Pontif\u00edcia Universidade Cat\u00f3lica do Paran\u00e1, em Curitiba. O evento ocorreu entre os dias 28 e 30 de abril de 2025, em formato h\u00edbrido. Mais de 180 pessoas se inscreveram de mais de 30 institui\u00e7\u00f5es de todas as regi\u00f5es do Brasil. O evento registrou 86 apresenta\u00e7\u00f5es no 20\u00ba Ciclo Nacional de Pesquisas em Ensino e Extens\u00e3o em Jornalismo.","post_author":"2","post_date":"2025-06-02 14:59:45","post_date_gmt":"2025-06-02 17:59:45","post_status":"publish","comment_status":"closed","ping_status":"closed","post_password":"","post_name":"24a-enejor","to_ping":"","pinged":"","post_modified":"2026-04-06 18:20:13","post_modified_gmt":"2026-04-06 21:20:13","post_content_filtered":"","post_parent":0,"guid":"https:\/\/repositorio.abejor.org.br\/?post_type=evento&#038;p=2304","menu_order":0,"post_type":"evento","post_mime_type":"","comment_count":"0","comments":false,"_thumbnail_id":["2305","2","2025-06-02 14:54:05","2025-06-02 17:54:05","","\u2601\ufe0f-GaloD_142novo","","inherit","open","closed","","%e2%98%81%ef%b8%8f-galod_142novo","","","2025-06-02 14:54:05","2025-06-02 17:54:05","","2304","https:\/\/repositorio.abejor.org.br\/wp-content\/uploads\/2025\/06\/\u2601\ufe0f-GaloD_142novo.png","0","attachment","image\/png","0","2305"],"id":2304}],"grupo_de_pesquisa":[{"term_id":15,"name":"Produ\u00e7\u00e3o Cient\u00edfica","slug":"producao-cientifica","description":"","taxonomy":"grupo_pesquisa","parent":0,"term_taxonomy_id":15,"term_group":0,"count":101,"object_id":null,"term_order":null,"id":15}],"_links":{"self":[{"href":"https:\/\/repositorio.abejor.org.br\/index.php\/wp-json\/wp\/v2\/anal\/2373","targetHints":{"allow":["GET"]}}],"collection":[{"href":"https:\/\/repositorio.abejor.org.br\/index.php\/wp-json\/wp\/v2\/anal"}],"about":[{"href":"https:\/\/repositorio.abejor.org.br\/index.php\/wp-json\/wp\/v2\/types\/anal"}],"wp:attachment":[{"href":"https:\/\/repositorio.abejor.org.br\/index.php\/wp-json\/wp\/v2\/media?parent=2373"}],"wp:term":[{"taxonomy":"grupo_pesquisa","embeddable":true,"href":"https:\/\/repositorio.abejor.org.br\/index.php\/wp-json\/wp\/v2\/grupo_pesquisa?post=2373"}],"curies":[{"name":"wp","href":"https:\/\/api.w.org\/{rel}","templated":true}]}}

A COMUNICAÇÃO SOCIAL NA ERA DIGITAL: UM ESTUDO DE CASO DA REALIDADE DE MOÇAMBIQUE, A PARTIR DA PERSPECTIVA DE MARSHALL MCLUHAN

<p>A era digital tem transformado a comunicação social, impactando a produção e consumo de informações e reconfigurando estruturas sociais, políticas e culturais. Este artigo investiga essas mudanças em Moçambique, aplicando a teoria de Marshall McLuhan.</p>

A COMUNICAÇÃO SOCIAL NA ERA DIGITAL UM ESTUDO DE CASO DA REALIDADE DE MOÇAMBIQUE, A PARTIR DA PERSPECTIVA DE MARSHALL MCLUHAN

Comunicação Social,
Era Digital,
Marshall McLuhan,
Moçambique

24º Encontro Nacional de Ensino de Jornalismo

A Associação Brasileira de Ensino de Jornalismo (ABEJ) realizou o seu 24º Encontro Nacional de Ensino de Jornalismo (ENEJor),  sediado pela Pontifícia Universidade Católica do Paraná, em Curitiba. O evento ocorreu entre os dias 28 e 30 de abril de 2025, em formato híbrido. Mais de 180 pessoas se inscreveram de mais de 30 instituições de todas as regiões do Brasil. O evento registrou 86 apresentações no 20º Ciclo Nacional de Pesquisas em Ensino e Extensão em Jornalismo.

Produção Científica
