{"id":2359,"date":"2025-06-02T16:41:31","date_gmt":"2025-06-02T19:41:31","guid":{"rendered":"https:\/\/repositorio.abejor.org.br\/?post_type=anal&#038;p=2359"},"modified":"2025-06-02T16:41:31","modified_gmt":"2025-06-02T19:41:31","slug":"lider-negra-e-favelada-uma-grande-reportagem-multimidia-sobre-a-deputada-federal-benedita-da-silva","status":"publish","type":"anal","link":"https:\/\/repositorio.abejor.org.br\/?anal=lider-negra-e-favelada-uma-grande-reportagem-multimidia-sobre-a-deputada-federal-benedita-da-silva","title":{"rendered":"L\u00cdDER NEGRA E FAVELADA: UMA GRANDE REPORTAGEM MULTIM\u00cdDIA SOBRE A DEPUTADA FEDERAL BENEDITA DA SILVA"},"excerpt":{"rendered":"<p>Ap\u00f3s 21 anos de ditadura, a redemocratiza\u00e7\u00e3o no Brasil foi marcada por elei\u00e7\u00f5es diretas para o Congresso Nacional, que elaborou a Constitui\u00e7\u00e3o Federal de 1988. A primeira e \u00fanica mulher negra eleita para esse processo foi a l\u00edder comunit\u00e1ria Benedita da Silva, vinda da favela do Chap\u00e9u-Mangueira (RJ).<\/p>\n","protected":false},"template":"","grupo_pesquisa":[11],"class_list":["post-2359","anal","type-anal","status-publish","hentry","grupo_pesquisa-pesquisa-na-graduacao"],"arquivo":{"ID":"2360","post_author":"4","post_date":"2025-06-02 16:40:35","post_date_gmt":"2025-06-02 19:40:35","post_content":"","post_title":"L\u00cdDER NEGRA E FAVELADA UMA GRANDE REPORTAGEM MULTIM\u00cdDIA SOBRE A DEPUTADA FEDERAL BENEDITA DA SILVA","post_excerpt":"","post_status":"inherit","comment_status":"open","ping_status":"closed","post_password":"","post_name":"lider-negra-e-favelada-uma-grande-reportagem-multimidia-sobre-a-deputada-federal-benedita-da-silva-2","to_ping":"","pinged":"","post_modified":"2025-06-02 16:41:31","post_modified_gmt":"2025-06-02 19:41:31","post_content_filtered":"","post_parent":"2359","guid":"https:\/\/repositorio.abejor.org.br\/wp-content\/uploads\/2025\/06\/LIDER-NEGRA-E-FAVELADA-UMA-GRANDE-REPORTAGEM-MULTIMIDIA-SOBRE-A-DEPUTADA-FEDERAL-BENEDITA-DA-SILVA.pdf","menu_order":"0","post_type":"attachment","post_mime_type":"application\/pdf","comment_count":"0","pod_item_id":"2360"},"autor":"Aline Rossi C\u00easpedes Paes, Fernanda Vasques Ferreira","palavras_chaves":"Grande Reportagem Multim\u00eddia,\r\nLongform,\r\nBenedita da Silva,\r\nJornalismo","evento":[{"ID":2304,"post_title":"24\u00ba Encontro Nacional de Ensino de Jornalismo","post_content":"","post_excerpt":"A Associa\u00e7\u00e3o Brasileira de Ensino de Jornalismo (ABEJ) realizou o seu 24\u00ba Encontro Nacional de Ensino de Jornalismo (ENEJor),  sediado pela Pontif\u00edcia Universidade Cat\u00f3lica do Paran\u00e1, em Curitiba. O evento ocorreu entre os dias 28 e 30 de abril de 2025, em formato h\u00edbrido. Mais de 180 pessoas se inscreveram de mais de 30 institui\u00e7\u00f5es de todas as regi\u00f5es do Brasil. O evento registrou 86 apresenta\u00e7\u00f5es no 20\u00ba Ciclo Nacional de Pesquisas em Ensino e Extens\u00e3o em Jornalismo.","post_author":"2","post_date":"2025-06-02 14:59:45","post_date_gmt":"2025-06-02 17:59:45","post_status":"publish","comment_status":"closed","ping_status":"closed","post_password":"","post_name":"24a-enejor","to_ping":"","pinged":"","post_modified":"2026-04-06 18:20:13","post_modified_gmt":"2026-04-06 21:20:13","post_content_filtered":"","post_parent":0,"guid":"https:\/\/repositorio.abejor.org.br\/?post_type=evento&#038;p=2304","menu_order":0,"post_type":"evento","post_mime_type":"","comment_count":"0","comments":false,"_thumbnail_id":["2305","2","2025-06-02 14:54:05","2025-06-02 17:54:05","","\u2601\ufe0f-GaloD_142novo","","inherit","open","closed","","%e2%98%81%ef%b8%8f-galod_142novo","","","2025-06-02 14:54:05","2025-06-02 17:54:05","","2304","https:\/\/repositorio.abejor.org.br\/wp-content\/uploads\/2025\/06\/\u2601\ufe0f-GaloD_142novo.png","0","attachment","image\/png","0","2305"],"id":2304}],"grupo_de_pesquisa":[{"term_id":11,"name":"Pesquisa na Gradua\u00e7\u00e3o","slug":"pesquisa-na-graduacao","description":"","taxonomy":"grupo_pesquisa","parent":0,"term_taxonomy_id":11,"term_group":0,"count":316,"object_id":null,"term_order":null,"id":11}],"_links":{"self":[{"href":"https:\/\/repositorio.abejor.org.br\/index.php\/wp-json\/wp\/v2\/anal\/2359","targetHints":{"allow":["GET"]}}],"collection":[{"href":"https:\/\/repositorio.abejor.org.br\/index.php\/wp-json\/wp\/v2\/anal"}],"about":[{"href":"https:\/\/repositorio.abejor.org.br\/index.php\/wp-json\/wp\/v2\/types\/anal"}],"wp:attachment":[{"href":"https:\/\/repositorio.abejor.org.br\/index.php\/wp-json\/wp\/v2\/media?parent=2359"}],"wp:term":[{"taxonomy":"grupo_pesquisa","embeddable":true,"href":"https:\/\/repositorio.abejor.org.br\/index.php\/wp-json\/wp\/v2\/grupo_pesquisa?post=2359"}],"curies":[{"name":"wp","href":"https:\/\/api.w.org\/{rel}","templated":true}]}}

LÍDER NEGRA E FAVELADA: UMA GRANDE REPORTAGEM MULTIMÍDIA SOBRE A DEPUTADA FEDERAL BENEDITA DA SILVA

<p>Após 21 anos de ditadura, a redemocratização no Brasil foi marcada por eleições diretas para o Congresso Nacional, que elaborou a Constituição Federal de 1988. A primeira e única mulher negra eleita para esse processo foi a líder comunitária Benedita da Silva, vinda da favela do Chapéu-Mangueira (RJ).</p>

LÍDER NEGRA E FAVELADA UMA GRANDE REPORTAGEM MULTIMÍDIA SOBRE A DEPUTADA FEDERAL BENEDITA DA SILVA

Aline Rossi Cêspedes Paes, Fernanda Vasques Ferreira

Grande Reportagem Multimídia,
Longform,
Benedita da Silva,
Jornalismo

24º Encontro Nacional de Ensino de Jornalismo

A Associação Brasileira de Ensino de Jornalismo (ABEJ) realizou o seu 24º Encontro Nacional de Ensino de Jornalismo (ENEJor),  sediado pela Pontifícia Universidade Católica do Paraná, em Curitiba. O evento ocorreu entre os dias 28 e 30 de abril de 2025, em formato híbrido. Mais de 180 pessoas se inscreveram de mais de 30 instituições de todas as regiões do Brasil. O evento registrou 86 apresentações no 20º Ciclo Nacional de Pesquisas em Ensino e Extensão em Jornalismo.

Pesquisa na Graduação
