{"id":2357,"date":"2025-06-02T16:30:05","date_gmt":"2025-06-02T19:30:05","guid":{"rendered":"https:\/\/repositorio.abejor.org.br\/?post_type=anal&#038;p=2357"},"modified":"2025-06-02T16:30:05","modified_gmt":"2025-06-02T19:30:05","slug":"trabalho-jornalistico-em-palmas-relatos-e-retratos-da-precarizacao","status":"publish","type":"anal","link":"https:\/\/repositorio.abejor.org.br\/?anal=trabalho-jornalistico-em-palmas-relatos-e-retratos-da-precarizacao","title":{"rendered":"TRABALHO JORNAL\u00cdSTICO EM PALMAS: RELATOS E RETRATOS DA PRECARIZA\u00c7\u00c3O"},"excerpt":{"rendered":"<p>A revolu\u00e7\u00e3o digital vem provocando mudan\u00e7as estruturais no mundo do trabalho e, com efeito, no campo do jornalismo e da comunica\u00e7\u00e3o. As reda\u00e7\u00f5es est\u00e3o sendo reestruturadas, com efeitos como a fragmenta\u00e7\u00e3o do trabalho, altera\u00e7\u00e3o das rela\u00e7\u00f5es contratuais e diminui\u00e7\u00e3o de profissionais. Este cen\u00e1rio impactou a pr\u00e1tica jornal\u00edstica. Dentro deste contexto, este estudo buscou compreender as percep\u00e7\u00f5es dos jornalistas de Palmas sobre a profiss\u00e3o, identificando os sentidos do fazer jornal\u00edstico, tendo como refer\u00eancia dados da pesquisa &#8220;Perfil do Jornalista Brasileiro 2021&#8221;<\/p>\n","protected":false},"template":"","grupo_pesquisa":[15],"class_list":["post-2357","anal","type-anal","status-publish","hentry","grupo_pesquisa-producao-cientifica"],"arquivo":{"ID":"2358","post_author":"4","post_date":"2025-06-02 16:29:57","post_date_gmt":"2025-06-02 19:29:57","post_content":"","post_title":"TRABALHO JORNAL\u00cdSTICO EM PALMAS RELATOS E RETRATOS DA PRECARIZA\u00c7\u00c3O","post_excerpt":"","post_status":"inherit","comment_status":"open","ping_status":"closed","post_password":"","post_name":"trabalho-jornalistico-em-palmas-relatos-e-retratos-da-precarizacao-2","to_ping":"","pinged":"","post_modified":"2025-06-02 16:30:05","post_modified_gmt":"2025-06-02 19:30:05","post_content_filtered":"","post_parent":"2357","guid":"https:\/\/repositorio.abejor.org.br\/wp-content\/uploads\/2025\/06\/TRABALHO-JORNALISTICO-EM-PALMAS-RELATOS-E-RETRATOS-DA-PRECARIZACAO.pdf","menu_order":"0","post_type":"attachment","post_mime_type":"application\/pdf","comment_count":"0","pod_item_id":"2358"},"autor":"J\u00falia Carvalho Maia dos Anjos, Marluce Zacariotti","palavras_chaves":"Transforma\u00e7\u00f5es digitais,\r\nPrecariza\u00e7\u00e3o,\r\nJornalismo,\r\nPalmas,\r\nPerfil do Jornalista Brasileiro","evento":[{"ID":2304,"post_title":"24\u00ba Encontro Nacional de Ensino de Jornalismo","post_content":"","post_excerpt":"A Associa\u00e7\u00e3o Brasileira de Ensino de Jornalismo (ABEJ) realizou o seu 24\u00ba Encontro Nacional de Ensino de Jornalismo (ENEJor),  sediado pela Pontif\u00edcia Universidade Cat\u00f3lica do Paran\u00e1, em Curitiba. O evento ocorreu entre os dias 28 e 30 de abril de 2025, em formato h\u00edbrido. Mais de 180 pessoas se inscreveram de mais de 30 institui\u00e7\u00f5es de todas as regi\u00f5es do Brasil. O evento registrou 86 apresenta\u00e7\u00f5es no 20\u00ba Ciclo Nacional de Pesquisas em Ensino e Extens\u00e3o em Jornalismo.","post_author":"2","post_date":"2025-06-02 14:59:45","post_date_gmt":"2025-06-02 17:59:45","post_status":"publish","comment_status":"closed","ping_status":"closed","post_password":"","post_name":"24a-enejor","to_ping":"","pinged":"","post_modified":"2026-04-06 18:20:13","post_modified_gmt":"2026-04-06 21:20:13","post_content_filtered":"","post_parent":0,"guid":"https:\/\/repositorio.abejor.org.br\/?post_type=evento&#038;p=2304","menu_order":0,"post_type":"evento","post_mime_type":"","comment_count":"0","comments":false,"_thumbnail_id":["2305","2","2025-06-02 14:54:05","2025-06-02 17:54:05","","\u2601\ufe0f-GaloD_142novo","","inherit","open","closed","","%e2%98%81%ef%b8%8f-galod_142novo","","","2025-06-02 14:54:05","2025-06-02 17:54:05","","2304","https:\/\/repositorio.abejor.org.br\/wp-content\/uploads\/2025\/06\/\u2601\ufe0f-GaloD_142novo.png","0","attachment","image\/png","0","2305"],"id":2304}],"grupo_de_pesquisa":[{"term_id":15,"name":"Produ\u00e7\u00e3o Cient\u00edfica","slug":"producao-cientifica","description":"","taxonomy":"grupo_pesquisa","parent":0,"term_taxonomy_id":15,"term_group":0,"count":101,"object_id":null,"term_order":null,"id":15}],"_links":{"self":[{"href":"https:\/\/repositorio.abejor.org.br\/index.php\/wp-json\/wp\/v2\/anal\/2357","targetHints":{"allow":["GET"]}}],"collection":[{"href":"https:\/\/repositorio.abejor.org.br\/index.php\/wp-json\/wp\/v2\/anal"}],"about":[{"href":"https:\/\/repositorio.abejor.org.br\/index.php\/wp-json\/wp\/v2\/types\/anal"}],"wp:attachment":[{"href":"https:\/\/repositorio.abejor.org.br\/index.php\/wp-json\/wp\/v2\/media?parent=2357"}],"wp:term":[{"taxonomy":"grupo_pesquisa","embeddable":true,"href":"https:\/\/repositorio.abejor.org.br\/index.php\/wp-json\/wp\/v2\/grupo_pesquisa?post=2357"}],"curies":[{"name":"wp","href":"https:\/\/api.w.org\/{rel}","templated":true}]}}

TRABALHO JORNALÍSTICO EM PALMAS: RELATOS E RETRATOS DA PRECARIZAÇÃO

<p>A revolução digital vem provocando mudanças estruturais no mundo do trabalho e, com efeito, no campo do jornalismo e da comunicação. As redações estão sendo reestruturadas, com efeitos como a fragmentação do trabalho, alteração das relações contratuais e diminuição de profissionais. Este cenário impactou a prática jornalística. Dentro deste contexto, este estudo buscou compreender as percepções dos jornalistas de Palmas sobre a profissão, identificando os sentidos do fazer jornalístico, tendo como referência dados da pesquisa &#8220;Perfil do Jornalista Brasileiro 2021&#8221;</p>

TRABALHO JORNALÍSTICO EM PALMAS RELATOS E RETRATOS DA PRECARIZAÇÃO

Júlia Carvalho Maia dos Anjos, Marluce Zacariotti

Transformações digitais,
Precarização,
Jornalismo,
Palmas,
Perfil do Jornalista Brasileiro

24º Encontro Nacional de Ensino de Jornalismo

A Associação Brasileira de Ensino de Jornalismo (ABEJ) realizou o seu 24º Encontro Nacional de Ensino de Jornalismo (ENEJor),  sediado pela Pontifícia Universidade Católica do Paraná, em Curitiba. O evento ocorreu entre os dias 28 e 30 de abril de 2025, em formato híbrido. Mais de 180 pessoas se inscreveram de mais de 30 instituições de todas as regiões do Brasil. O evento registrou 86 apresentações no 20º Ciclo Nacional de Pesquisas em Ensino e Extensão em Jornalismo.

Produção Científica
