{"id":2335,"date":"2025-06-02T16:10:27","date_gmt":"2025-06-02T19:10:27","guid":{"rendered":"https:\/\/repositorio.abejor.org.br\/?post_type=anal&#038;p=2335"},"modified":"2025-06-02T16:10:27","modified_gmt":"2025-06-02T19:10:27","slug":"logicas-de-producao-em-jornal-laboratorio-impresso-o-caso-do-jornal-foca-livre-uepg","status":"publish","type":"anal","link":"https:\/\/repositorio.abejor.org.br\/?anal=logicas-de-producao-em-jornal-laboratorio-impresso-o-caso-do-jornal-foca-livre-uepg","title":{"rendered":"L\u00f3gicas de produ\u00e7\u00e3o em jornal laborat\u00f3rio impresso \u2013 o caso do jornal Foca Livre &#8211; UEPG"},"excerpt":{"rendered":"<p>O presente relato tem por objetivo compartilhar experi\u00eancias da produ\u00e7\u00e3o do Jornal Laborat\u00f3rio Foca Livre, produto impresso do curso de jornalismo da Universidade Estadual de Ponta Grosso realizado no ano letivo de 2024. A<\/p>\n","protected":false},"template":"","grupo_pesquisa":[12],"class_list":["post-2335","anal","type-anal","status-publish","hentry","grupo_pesquisa-producao-laboratorial-eletronicos-e-impressos"],"arquivo":{"ID":"2336","post_author":"4","post_date":"2025-06-02 16:09:50","post_date_gmt":"2025-06-02 19:09:50","post_content":"","post_title":"L\u00f3gicas de produ\u00e7\u00e3o em jornal laborat\u00f3rio impresso \u2013 o caso do jornal Foca Livre - UEPG","post_excerpt":"","post_status":"inherit","comment_status":"open","ping_status":"closed","post_password":"","post_name":"logicas-de-producao-em-jornal-laboratorio-impresso-o-caso-do-jornal-foca-livre-uepg-2","to_ping":"","pinged":"","post_modified":"2025-06-02 16:10:27","post_modified_gmt":"2025-06-02 19:10:27","post_content_filtered":"","post_parent":"2335","guid":"https:\/\/repositorio.abejor.org.br\/wp-content\/uploads\/2025\/06\/Logicas-de-producao-em-jornal-laboratorio-impresso-\u2013-o-caso-do-jornal-Foca-Livre-UEPG.pdf","menu_order":"0","post_type":"attachment","post_mime_type":"application\/pdf","comment_count":"0","pod_item_id":"2336"},"autor":"Manoel Moabis, Marcelo Engel Bronosky","palavras_chaves":"Jornal laborat\u00f3rio,\r\nFoca Livre,\r\nRotinas,\r\nProdu\u00e7\u00e3o,\r\nJornalismo,","evento":[{"ID":2304,"post_title":"24\u00ba Encontro Nacional de Ensino de Jornalismo","post_content":"","post_excerpt":"A Associa\u00e7\u00e3o Brasileira de Ensino de Jornalismo (ABEJ) realizou o seu 24\u00ba Encontro Nacional de Ensino de Jornalismo (ENEJor),  sediado pela Pontif\u00edcia Universidade Cat\u00f3lica do Paran\u00e1, em Curitiba. O evento ocorreu entre os dias 28 e 30 de abril de 2025, em formato h\u00edbrido. Mais de 180 pessoas se inscreveram de mais de 30 institui\u00e7\u00f5es de todas as regi\u00f5es do Brasil. O evento registrou 86 apresenta\u00e7\u00f5es no 20\u00ba Ciclo Nacional de Pesquisas em Ensino e Extens\u00e3o em Jornalismo.","post_author":"2","post_date":"2025-06-02 14:59:45","post_date_gmt":"2025-06-02 17:59:45","post_status":"publish","comment_status":"closed","ping_status":"closed","post_password":"","post_name":"24a-enejor","to_ping":"","pinged":"","post_modified":"2026-04-06 18:20:13","post_modified_gmt":"2026-04-06 21:20:13","post_content_filtered":"","post_parent":0,"guid":"https:\/\/repositorio.abejor.org.br\/?post_type=evento&#038;p=2304","menu_order":0,"post_type":"evento","post_mime_type":"","comment_count":"0","comments":false,"_thumbnail_id":["2305","2","2025-06-02 14:54:05","2025-06-02 17:54:05","","\u2601\ufe0f-GaloD_142novo","","inherit","open","closed","","%e2%98%81%ef%b8%8f-galod_142novo","","","2025-06-02 14:54:05","2025-06-02 17:54:05","","2304","https:\/\/repositorio.abejor.org.br\/wp-content\/uploads\/2025\/06\/\u2601\ufe0f-GaloD_142novo.png","0","attachment","image\/png","0","2305"],"id":2304}],"grupo_de_pesquisa":[{"term_id":12,"name":"Produ\u00e7\u00e3o Laboratorial eletr\u00f4nicos e impressos","slug":"producao-laboratorial-eletronicos-e-impressos","description":"","taxonomy":"grupo_pesquisa","parent":0,"term_taxonomy_id":12,"term_group":0,"count":167,"object_id":null,"term_order":null,"id":12}],"_links":{"self":[{"href":"https:\/\/repositorio.abejor.org.br\/index.php\/wp-json\/wp\/v2\/anal\/2335","targetHints":{"allow":["GET"]}}],"collection":[{"href":"https:\/\/repositorio.abejor.org.br\/index.php\/wp-json\/wp\/v2\/anal"}],"about":[{"href":"https:\/\/repositorio.abejor.org.br\/index.php\/wp-json\/wp\/v2\/types\/anal"}],"wp:attachment":[{"href":"https:\/\/repositorio.abejor.org.br\/index.php\/wp-json\/wp\/v2\/media?parent=2335"}],"wp:term":[{"taxonomy":"grupo_pesquisa","embeddable":true,"href":"https:\/\/repositorio.abejor.org.br\/index.php\/wp-json\/wp\/v2\/grupo_pesquisa?post=2335"}],"curies":[{"name":"wp","href":"https:\/\/api.w.org\/{rel}","templated":true}]}}

Lógicas de produção em jornal laboratório impresso – o caso do jornal Foca Livre &#8211; UEPG

<p>O presente relato tem por objetivo compartilhar experiências da produção do Jornal Laboratório Foca Livre, produto impresso do curso de jornalismo da Universidade Estadual de Ponta Grosso realizado no ano letivo de 2024. A</p>

Lógicas de produção em jornal laboratório impresso – o caso do jornal Foca Livre - UEPG

Jornal laboratório,
Foca Livre,
Rotinas,
Produção,
Jornalismo,

24º Encontro Nacional de Ensino de Jornalismo

A Associação Brasileira de Ensino de Jornalismo (ABEJ) realizou o seu 24º Encontro Nacional de Ensino de Jornalismo (ENEJor),  sediado pela Pontifícia Universidade Católica do Paraná, em Curitiba. O evento ocorreu entre os dias 28 e 30 de abril de 2025, em formato híbrido. Mais de 180 pessoas se inscreveram de mais de 30 instituições de todas as regiões do Brasil. O evento registrou 86 apresentações no 20º Ciclo Nacional de Pesquisas em Ensino e Extensão em Jornalismo.

Produção Laboratorial eletrônicos e impressos
