{"id":2220,"date":"2025-05-22T16:31:06","date_gmt":"2025-05-22T19:31:06","guid":{"rendered":"https:\/\/repositorio.abejor.org.br\/?post_type=anal&#038;p=2220"},"modified":"2025-05-22T16:31:06","modified_gmt":"2025-05-22T19:31:06","slug":"a-saida-de-silvio-almeida-do-ministerio-dos-direitos-humanos-e-cidadania-uma-analise-de-conteudo-e-formacao-da-opiniao-publica","status":"publish","type":"anal","link":"https:\/\/repositorio.abejor.org.br\/?anal=a-saida-de-silvio-almeida-do-ministerio-dos-direitos-humanos-e-cidadania-uma-analise-de-conteudo-e-formacao-da-opiniao-publica","title":{"rendered":"A SA\u00cdDA DE SILVIO ALMEIDA DO MINIST\u00c9RIO DOS DIREITOS HUMANOS E CIDADANIA: UMA AN\u00c1LISE DE CONTE\u00daDO E FORMA\u00c7\u00c3O DA OPINI\u00c3O P\u00daBLICA"},"excerpt":{"rendered":"<p>O objetivo deste trabalho \u00e9 analisar as publica\u00e7\u00f5es feitas nas m\u00eddias do Minist\u00e9rio a partir do caso, buscando compreender como o assunto foi abordado nas<br \/>\nredes oficiais do \u00f3rg\u00e3o e conta pessoal do ex-ministro Silvio Almeida.<\/p>\n","protected":false},"template":"","grupo_pesquisa":[11],"class_list":["post-2220","anal","type-anal","status-publish","hentry","grupo_pesquisa-pesquisa-na-graduacao"],"arquivo":false,"autor":"","palavras_chaves":"","evento":false,"grupo_de_pesquisa":false,"_links":{"self":[{"href":"https:\/\/repositorio.abejor.org.br\/index.php\/wp-json\/wp\/v2\/anal\/2220","targetHints":{"allow":["GET"]}}],"collection":[{"href":"https:\/\/repositorio.abejor.org.br\/index.php\/wp-json\/wp\/v2\/anal"}],"about":[{"href":"https:\/\/repositorio.abejor.org.br\/index.php\/wp-json\/wp\/v2\/types\/anal"}],"wp:attachment":[{"href":"https:\/\/repositorio.abejor.org.br\/index.php\/wp-json\/wp\/v2\/media?parent=2220"}],"wp:term":[{"taxonomy":"grupo_pesquisa","embeddable":true,"href":"https:\/\/repositorio.abejor.org.br\/index.php\/wp-json\/wp\/v2\/grupo_pesquisa?post=2220"}],"curies":[{"name":"wp","href":"https:\/\/api.w.org\/{rel}","templated":true}]}}

A SAÍDA DE SILVIO ALMEIDA DO MINISTÉRIO DOS DIREITOS HUMANOS E CIDADANIA: UMA ANÁLISE DE CONTEÚDO E FORMAÇÃO DA OPINIÃO PÚBLICA

<p>O objetivo deste trabalho é analisar as publicações feitas nas mídias do Ministério a partir do caso, buscando compreender como o assunto foi abordado nas<br />
redes oficiais do órgão e conta pessoal do ex-ministro Silvio Almeida.</p>
