{"id":2116,"date":"2024-06-17T13:05:25","date_gmt":"2024-06-17T16:05:25","guid":{"rendered":"https:\/\/repositorio.abejor.org.br\/?post_type=anal&#038;p=2116"},"modified":"2024-06-24T09:06:56","modified_gmt":"2024-06-24T12:06:56","slug":"grupo-de-estudos-sobre-desinformacao-integra-ensino-pesquisa-e-extensao-no-parana","status":"publish","type":"anal","link":"https:\/\/repositorio.abejor.org.br\/?anal=grupo-de-estudos-sobre-desinformacao-integra-ensino-pesquisa-e-extensao-no-parana","title":{"rendered":"Grupo de estudos sobre desinforma\u00e7\u00e3o integra ensino, pesquisa e extens\u00e3o no Paran\u00e1"},"excerpt":{"rendered":"<p>O presente texto discute os trabalhos do Grupo de Pesquisa Combate \u00e0 Desinforma\u00e7\u00e3o que funciona como atividade investigativa-extensionista na Universidade Estadual de Ponta Grossa (UEPG). O relato registra a cria\u00e7\u00e3o do grupo e a metodologia utilizada. Entre as a\u00e7\u00f5es do Projeto de extens\u00e3o Combate \u00e0 Desinforma\u00e7\u00e3o nos Campos Gerais do Paran\u00e1 destaca-se o Grupo de Estudos sobre os impactos e rela\u00e7\u00f5es transversais do fen\u00f4meno da desinforma\u00e7\u00e3o nas sociedades contempor\u00e2neas. Com um encontro mensal de 2h de dura\u00e7\u00e3o, o Grupo objetiva integrar a\u00e7\u00f5es de pesquisa e ensino (gradua\u00e7\u00e3o e p\u00f3s) com a extens\u00e3o, atrav\u00e9s de leituras, an\u00e1lises e di\u00e1logos entre os participantes. A indica\u00e7\u00e3o dos primeiros resultados das atividades realizadas a partir do segundo semestre de 2023, j\u00e1 indicando a necessidade de integrar a\u00e7\u00f5es de pesquisa, ensino (na gradua\u00e7\u00e3o e p\u00f3s) e extens\u00e3o universit\u00e1ria.<\/p>\n","protected":false},"template":"","grupo_pesquisa":[9],"class_list":["post-2116","anal","type-anal","status-publish","hentry","grupo_pesquisa-atividades-de-extensao"],"arquivo":{"ID":"2120","post_author":"2","post_date":"2024-06-17 13:05:40","post_date_gmt":"2024-06-17 16:05:40","post_content":"","post_title":"galoa-proceedings--enejor-2024--181922","post_excerpt":"","post_status":"inherit","comment_status":"open","ping_status":"closed","post_password":"","post_name":"galoa-proceedings-enejor-2024-181922-2","to_ping":"","pinged":"","post_modified":"2024-06-17 13:06:01","post_modified_gmt":"2024-06-17 16:06:01","post_content_filtered":"","post_parent":"2116","guid":"https:\/\/repositorio.abejor.org.br\/wp-content\/uploads\/2024\/06\/galoa-proceedings-enejor-2024-181922-2.pdf","menu_order":"0","post_type":"attachment","post_mime_type":"application\/pdf","comment_count":"0","pod_item_id":"2120"},"autor":"Amanda Crissi, Paulo Pess\u00f4a Neto e S\u00e9rgio Gadini","palavras_chaves":"Extens\u00e3o Universit\u00e1ria. Combate \u00e0 Desinforma\u00e7\u00e3o. Extens\u00e3o em Jornalismo.","evento":[{"ID":1960,"post_title":"23\u00ba Encontro Nacional de Ensino de Jornalismo","post_content":"","post_excerpt":"23\u00ba Encontro Nacional de Ensino de Jornalismo (ENEJor), realizado na Pontif\u00edcia Universidade Cat\u00f3lica de Goi\u00e1s (PUC-GO), entre os dias 23 e 26 de abril de 2024, na Escola de Forma de Professores. O tema do evento foi \"Ensino de Jornalismo e Educa\u00e7\u00e3o midi\u00e1tica: Princ\u00edpios e pr\u00e1ticas contra a desinforma\u00e7\u00e3o\". articiparam mais de 130 pessoas presencial e remotamente. Registrou-se um recorde de trabalhos inscritos no evento. Foram 81 submiss\u00f5es nos Grupos de Pesquisa (GPs) e de Trabalho (GT) do 19\u00ba Ciclo de Pesquisa em Ensino e Extens\u00e3o, realizado durante o Encontro, com a participa\u00e7\u00e3o de professores(as) e estudantes de diferentes regi\u00f5es e institui\u00e7\u00f5es do pa\u00eds.","post_author":"2","post_date":"2024-06-06 20:12:33","post_date_gmt":"2024-06-06 23:12:33","post_status":"publish","comment_status":"closed","ping_status":"closed","post_password":"","post_name":"23o-encontro-nacional-de-ensino-de-jornalismo","to_ping":"","pinged":"","post_modified":"2024-06-26 09:27:20","post_modified_gmt":"2024-06-26 12:27:20","post_content_filtered":"","post_parent":0,"guid":"https:\/\/repositorio.abejor.org.br\/?post_type=evento&#038;p=1960","menu_order":0,"post_type":"evento","post_mime_type":"","comment_count":"0","comments":false,"_thumbnail_id":["2167","2","2024-06-25 18:57:19","2024-06-25 21:57:19","","enejor 24","","inherit","open","closed","","enejor-24-2","","","2024-06-25 18:57:19","2024-06-25 21:57:19","","1960","https:\/\/repositorio.abejor.org.br\/wp-content\/uploads\/2024\/06\/enejor-24.jpg","0","attachment","image\/jpeg","0","2167"],"id":1960}],"grupo_de_pesquisa":[{"term_id":9,"name":"Atividades de Extens\u00e3o","slug":"atividades-de-extensao","description":"","taxonomy":"grupo_pesquisa","parent":0,"term_taxonomy_id":9,"term_group":0,"count":151,"object_id":null,"term_order":null,"id":9}],"_links":{"self":[{"href":"https:\/\/repositorio.abejor.org.br\/index.php\/wp-json\/wp\/v2\/anal\/2116","targetHints":{"allow":["GET"]}}],"collection":[{"href":"https:\/\/repositorio.abejor.org.br\/index.php\/wp-json\/wp\/v2\/anal"}],"about":[{"href":"https:\/\/repositorio.abejor.org.br\/index.php\/wp-json\/wp\/v2\/types\/anal"}],"wp:attachment":[{"href":"https:\/\/repositorio.abejor.org.br\/index.php\/wp-json\/wp\/v2\/media?parent=2116"}],"wp:term":[{"taxonomy":"grupo_pesquisa","embeddable":true,"href":"https:\/\/repositorio.abejor.org.br\/index.php\/wp-json\/wp\/v2\/grupo_pesquisa?post=2116"}],"curies":[{"name":"wp","href":"https:\/\/api.w.org\/{rel}","templated":true}]}}

Grupo de estudos sobre desinformação integra ensino, pesquisa e extensão no Paraná

<p>O presente texto discute os trabalhos do Grupo de Pesquisa Combate à Desinformação que funciona como atividade investigativa-extensionista na Universidade Estadual de Ponta Grossa (UEPG). O relato registra a criação do grupo e a metodologia utilizada. Entre as ações do Projeto de extensão Combate à Desinformação nos Campos Gerais do Paraná destaca-se o Grupo de Estudos sobre os impactos e relações transversais do fenômeno da desinformação nas sociedades contemporâneas. Com um encontro mensal de 2h de duração, o Grupo objetiva integrar ações de pesquisa e ensino (graduação e pós) com a extensão, através de leituras, análises e diálogos entre os participantes. A indicação dos primeiros resultados das atividades realizadas a partir do segundo semestre de 2023, já indicando a necessidade de integrar ações de pesquisa, ensino (na graduação e pós) e extensão universitária.</p>

Amanda Crissi, Paulo Pessôa Neto e Sérgio Gadini

Extensão Universitária. Combate à Desinformação. Extensão em Jornalismo.

23º Encontro Nacional de Ensino de Jornalismo

23º Encontro Nacional de Ensino de Jornalismo (ENEJor), realizado na Pontifícia Universidade Católica de Goiás (PUC-GO), entre os dias 23 e 26 de abril de 2024, na Escola de Forma de Professores. O tema do evento foi "Ensino de Jornalismo e Educação midiática: Princípios e práticas contra a desinformação". articiparam mais de 130 pessoas presencial e remotamente. Registrou-se um recorde de trabalhos inscritos no evento. Foram 81 submissões nos Grupos de Pesquisa (GPs) e de Trabalho (GT) do 19º Ciclo de Pesquisa em Ensino e Extensão, realizado durante o Encontro, com a participação de professores(as) e estudantes de diferentes regiões e instituições do país.

Atividades de Extensão
