{"id":2095,"date":"2024-06-17T12:30:51","date_gmt":"2024-06-17T15:30:51","guid":{"rendered":"https:\/\/repositorio.abejor.org.br\/?post_type=anal&#038;p=2095"},"modified":"2024-06-24T12:15:36","modified_gmt":"2024-06-24T15:15:36","slug":"politicas-de-acessibilidade-para-estudantes-pcds-na-uft-breve-estudo-para-identificar-o-perfil-do-estudante-pvc","status":"publish","type":"anal","link":"https:\/\/repositorio.abejor.org.br\/?anal=politicas-de-acessibilidade-para-estudantes-pcds-na-uft-breve-estudo-para-identificar-o-perfil-do-estudante-pvc","title":{"rendered":"Pol\u00edticas de acessibilidade para estudantes PCDS na UFT: breve estudo para identificar o perfil do estudante PVC"},"excerpt":{"rendered":"<p>Este artigo tem como objetivo tra\u00e7ar o perfil dos estudantes PcDs na Universidade Federal do Tocantins (UFT), a partir de dados e observa\u00e7\u00f5es pontuais, que foram obtidos nos anos de 2022-2023, na vig\u00eancia do Projeto Inovajor, do curso de jornalismo, vinculado ao Programa Institucional de Inova\u00e7\u00e3o Pedag\u00f3gica (PIIP). Constatou-se que 341 estudantes, de um total de 16.385, s\u00e3o categorizados como PcDs. A acessibilidade e a inclus\u00e3o s\u00e3o temas importantes nas agendas p\u00fablicas e tornaram-se um grande desafio, especialmente, para as institui\u00e7\u00f5es de ensino superior. A pesquisa mostrou que a maioria dos estudantes PcDs da UFT s\u00e3o do sexo masculino e de estados como Tocantins, Goi\u00e1s e Par\u00e1. Concluiu-se, nesta etapa da pesquisa, que \u00e9 preciso rever as estrat\u00e9gias de ensino e adaptar os planos pedag\u00f3gicos, para atender as necessidades dos acad\u00eamicos. A pesquisa tamb\u00e9m identificou as dificuldades enfrentadas em implementar pol\u00edticas de inclus\u00e3o.<\/p>\n","protected":false},"template":"","grupo_pesquisa":[13],"class_list":["post-2095","anal","type-anal","status-publish","hentry","grupo_pesquisa-projetos-pedagogicos-e-metodologias-de-ensino"],"arquivo":{"ID":"2096","post_author":"2","post_date":"2024-06-17 12:29:42","post_date_gmt":"2024-06-17 15:29:42","post_content":"","post_title":"galoa-proceedings--enejor-2024--181899","post_excerpt":"","post_status":"inherit","comment_status":"open","ping_status":"closed","post_password":"","post_name":"galoa-proceedings-enejor-2024-181899","to_ping":"","pinged":"","post_modified":"2024-06-17 12:30:51","post_modified_gmt":"2024-06-17 15:30:51","post_content_filtered":"","post_parent":"2095","guid":"https:\/\/repositorio.abejor.org.br\/wp-content\/uploads\/2024\/06\/galoa-proceedings-enejor-2024-181899.pdf","menu_order":"0","post_type":"attachment","post_mime_type":"application\/pdf","comment_count":"0","pod_item_id":"2096"},"autor":"Maria de F\u00e1tima Caracristi, Idglan Souza Maia e Fenelon Milhomem","palavras_chaves":": Acessibilidade. Inclus\u00e3o. Pessoa com defici\u00eancia. Pol\u00edtica P\u00fablica","evento":[{"ID":1960,"post_title":"23\u00ba Encontro Nacional de Ensino de Jornalismo","post_content":"","post_excerpt":"23\u00ba Encontro Nacional de Ensino de Jornalismo (ENEJor), realizado na Pontif\u00edcia Universidade Cat\u00f3lica de Goi\u00e1s (PUC-GO), entre os dias 23 e 26 de abril de 2024, na Escola de Forma de Professores. O tema do evento foi \"Ensino de Jornalismo e Educa\u00e7\u00e3o midi\u00e1tica: Princ\u00edpios e pr\u00e1ticas contra a desinforma\u00e7\u00e3o\". articiparam mais de 130 pessoas presencial e remotamente. Registrou-se um recorde de trabalhos inscritos no evento. Foram 81 submiss\u00f5es nos Grupos de Pesquisa (GPs) e de Trabalho (GT) do 19\u00ba Ciclo de Pesquisa em Ensino e Extens\u00e3o, realizado durante o Encontro, com a participa\u00e7\u00e3o de professores(as) e estudantes de diferentes regi\u00f5es e institui\u00e7\u00f5es do pa\u00eds.","post_author":"2","post_date":"2024-06-06 20:12:33","post_date_gmt":"2024-06-06 23:12:33","post_status":"publish","comment_status":"closed","ping_status":"closed","post_password":"","post_name":"23o-encontro-nacional-de-ensino-de-jornalismo","to_ping":"","pinged":"","post_modified":"2024-06-26 09:27:20","post_modified_gmt":"2024-06-26 12:27:20","post_content_filtered":"","post_parent":0,"guid":"https:\/\/repositorio.abejor.org.br\/?post_type=evento&#038;p=1960","menu_order":0,"post_type":"evento","post_mime_type":"","comment_count":"0","comments":false,"_thumbnail_id":["2167","2","2024-06-25 18:57:19","2024-06-25 21:57:19","","enejor 24","","inherit","open","closed","","enejor-24-2","","","2024-06-25 18:57:19","2024-06-25 21:57:19","","1960","https:\/\/repositorio.abejor.org.br\/wp-content\/uploads\/2024\/06\/enejor-24.jpg","0","attachment","image\/jpeg","0","2167"],"id":1960}],"grupo_de_pesquisa":[{"term_id":9,"name":"Atividades de Extens\u00e3o","slug":"atividades-de-extensao","description":"","taxonomy":"grupo_pesquisa","parent":0,"term_taxonomy_id":9,"term_group":0,"count":151,"object_id":null,"term_order":null,"id":9}],"_links":{"self":[{"href":"https:\/\/repositorio.abejor.org.br\/index.php\/wp-json\/wp\/v2\/anal\/2095","targetHints":{"allow":["GET"]}}],"collection":[{"href":"https:\/\/repositorio.abejor.org.br\/index.php\/wp-json\/wp\/v2\/anal"}],"about":[{"href":"https:\/\/repositorio.abejor.org.br\/index.php\/wp-json\/wp\/v2\/types\/anal"}],"wp:attachment":[{"href":"https:\/\/repositorio.abejor.org.br\/index.php\/wp-json\/wp\/v2\/media?parent=2095"}],"wp:term":[{"taxonomy":"grupo_pesquisa","embeddable":true,"href":"https:\/\/repositorio.abejor.org.br\/index.php\/wp-json\/wp\/v2\/grupo_pesquisa?post=2095"}],"curies":[{"name":"wp","href":"https:\/\/api.w.org\/{rel}","templated":true}]}}

Políticas de acessibilidade para estudantes PCDS na UFT: breve estudo para identificar o perfil do estudante PVC

<p>Este artigo tem como objetivo traçar o perfil dos estudantes PcDs na Universidade Federal do Tocantins (UFT), a partir de dados e observações pontuais, que foram obtidos nos anos de 2022-2023, na vigência do Projeto Inovajor, do curso de jornalismo, vinculado ao Programa Institucional de Inovação Pedagógica (PIIP). Constatou-se que 341 estudantes, de um total de 16.385, são categorizados como PcDs. A acessibilidade e a inclusão são temas importantes nas agendas públicas e tornaram-se um grande desafio, especialmente, para as instituições de ensino superior. A pesquisa mostrou que a maioria dos estudantes PcDs da UFT são do sexo masculino e de estados como Tocantins, Goiás e Pará. Concluiu-se, nesta etapa da pesquisa, que é preciso rever as estratégias de ensino e adaptar os planos pedagógicos, para atender as necessidades dos acadêmicos. A pesquisa também identificou as dificuldades enfrentadas em implementar políticas de inclusão.</p>

Maria de Fátima Caracristi, Idglan Souza Maia e Fenelon Milhomem

: Acessibilidade. Inclusão. Pessoa com deficiência. Política Pública

23º Encontro Nacional de Ensino de Jornalismo

23º Encontro Nacional de Ensino de Jornalismo (ENEJor), realizado na Pontifícia Universidade Católica de Goiás (PUC-GO), entre os dias 23 e 26 de abril de 2024, na Escola de Forma de Professores. O tema do evento foi "Ensino de Jornalismo e Educação midiática: Princípios e práticas contra a desinformação". articiparam mais de 130 pessoas presencial e remotamente. Registrou-se um recorde de trabalhos inscritos no evento. Foram 81 submissões nos Grupos de Pesquisa (GPs) e de Trabalho (GT) do 19º Ciclo de Pesquisa em Ensino e Extensão, realizado durante o Encontro, com a participação de professores(as) e estudantes de diferentes regiões e instituições do país.

Atividades de Extensão
