{"id":2018,"date":"2024-06-17T11:09:04","date_gmt":"2024-06-17T14:09:04","guid":{"rendered":"https:\/\/repositorio.abejor.org.br\/?post_type=anal&#038;p=2018"},"modified":"2024-06-24T12:16:56","modified_gmt":"2024-06-24T15:16:56","slug":"teorias-e-tecnicas-do-jornalismo-aplicadas-ao-ensino-profissionalizante-uma-experienicia-no-curso-desenvolvedor-de-conteudos-youtube-no-senai-tres-rios","status":"publish","type":"anal","link":"https:\/\/repositorio.abejor.org.br\/?anal=teorias-e-tecnicas-do-jornalismo-aplicadas-ao-ensino-profissionalizante-uma-experienicia-no-curso-desenvolvedor-de-conteudos-youtube-no-senai-tres-rios","title":{"rendered":"Teorias e t\u00e9cnicas do jornalismo aplicadas ao ensino profissionalizante: uma experi\u00eanicia no curso \u2018desenvolvedor de conte\u00fados youtube\u2019, no senai tr\u00eas rios"},"excerpt":{"rendered":"<p>Este relato descreve a experi\u00eancia do jornalista como instrutor no curso \u201cDesenvolvedor de Conte\u00fados YouTube\u201d, no Senai Tr\u00eas Rios, com estudantes do ensino m\u00e9dio. Parte do curso baseou-se em princ\u00edpios jornal\u00edsticos, abarcando teoria e pr\u00e1tica da \u00e1rea adaptadas \u00e0 produ\u00e7\u00e3o de conte\u00fado audiovisual para o YouTube e redes sociais. Exploraram-se conceitos das teorias da comunica\u00e7\u00e3o e do jornalismo, al\u00e9m de t\u00e9cnicas de apura\u00e7\u00e3o, edi\u00e7\u00e3o, design para o audiovisual e literacia midi\u00e1tica. O relato destaca a import\u00e2ncia da rela\u00e7\u00e3o entre jornalismo e produ\u00e7\u00e3o audiovisual, as responsabilidades \u00e9ticas e legais na produ\u00e7\u00e3o digital e a adapta\u00e7\u00e3o dos m\u00e9todos de ensino e avalia\u00e7\u00e3o. Como resultado relatado, tem-se o progresso profissional dos alunos, com despertado interesse pela comunica\u00e7\u00e3o e at\u00e9 a considera\u00e7\u00e3o de futuras incurs\u00f5es acad\u00eamicas na \u00e1rea, alinhado \u00e0s demandas contempor\u00e2neas do ambiente midi\u00e1tico digital e seus desafios.<\/p>\n","protected":false},"template":"","grupo_pesquisa":[12],"class_list":["post-2018","anal","type-anal","status-publish","hentry","grupo_pesquisa-producao-laboratorial-eletronicos-e-impressos"],"arquivo":{"ID":"2021","post_author":"2","post_date":"2024-06-17 11:09:34","post_date_gmt":"2024-06-17 14:09:34","post_content":"","post_title":"galoa-proceedings--enejor-2024--181902","post_excerpt":"","post_status":"inherit","comment_status":"open","ping_status":"closed","post_password":"","post_name":"galoa-proceedings-enejor-2024-181902","to_ping":"","pinged":"","post_modified":"2024-06-17 11:10:02","post_modified_gmt":"2024-06-17 14:10:02","post_content_filtered":"","post_parent":"2018","guid":"https:\/\/repositorio.abejor.org.br\/wp-content\/uploads\/2024\/06\/galoa-proceedings-enejor-2024-181902.pdf","menu_order":"0","post_type":"attachment","post_mime_type":"application\/pdf","comment_count":"0","pod_item_id":"2021"},"autor":"Ra\u00ed Gabriel de Castro Gomes,","palavras_chaves":"Jornalismo; ensino profissionalizante; produ\u00e7\u00e3o audiovisual; redes sociais; YouTube","evento":[{"ID":1960,"post_title":"23\u00ba Encontro Nacional de Ensino de Jornalismo","post_content":"","post_excerpt":"23\u00ba Encontro Nacional de Ensino de Jornalismo (ENEJor), realizado na Pontif\u00edcia Universidade Cat\u00f3lica de Goi\u00e1s (PUC-GO), entre os dias 23 e 26 de abril de 2024, na Escola de Forma de Professores. O tema do evento foi \"Ensino de Jornalismo e Educa\u00e7\u00e3o midi\u00e1tica: Princ\u00edpios e pr\u00e1ticas contra a desinforma\u00e7\u00e3o\". articiparam mais de 130 pessoas presencial e remotamente. Registrou-se um recorde de trabalhos inscritos no evento. Foram 81 submiss\u00f5es nos Grupos de Pesquisa (GPs) e de Trabalho (GT) do 19\u00ba Ciclo de Pesquisa em Ensino e Extens\u00e3o, realizado durante o Encontro, com a participa\u00e7\u00e3o de professores(as) e estudantes de diferentes regi\u00f5es e institui\u00e7\u00f5es do pa\u00eds.","post_author":"2","post_date":"2024-06-06 20:12:33","post_date_gmt":"2024-06-06 23:12:33","post_status":"publish","comment_status":"closed","ping_status":"closed","post_password":"","post_name":"23o-encontro-nacional-de-ensino-de-jornalismo","to_ping":"","pinged":"","post_modified":"2024-06-26 09:27:20","post_modified_gmt":"2024-06-26 12:27:20","post_content_filtered":"","post_parent":0,"guid":"https:\/\/repositorio.abejor.org.br\/?post_type=evento&#038;p=1960","menu_order":0,"post_type":"evento","post_mime_type":"","comment_count":"0","comments":false,"_thumbnail_id":["2167","2","2024-06-25 18:57:19","2024-06-25 21:57:19","","enejor 24","","inherit","open","closed","","enejor-24-2","","","2024-06-25 18:57:19","2024-06-25 21:57:19","","1960","https:\/\/repositorio.abejor.org.br\/wp-content\/uploads\/2024\/06\/enejor-24.jpg","0","attachment","image\/jpeg","0","2167"],"id":1960}],"grupo_de_pesquisa":[{"term_id":9,"name":"Atividades de Extens\u00e3o","slug":"atividades-de-extensao","description":"","taxonomy":"grupo_pesquisa","parent":0,"term_taxonomy_id":9,"term_group":0,"count":151,"object_id":null,"term_order":null,"id":9}],"_links":{"self":[{"href":"https:\/\/repositorio.abejor.org.br\/index.php\/wp-json\/wp\/v2\/anal\/2018","targetHints":{"allow":["GET"]}}],"collection":[{"href":"https:\/\/repositorio.abejor.org.br\/index.php\/wp-json\/wp\/v2\/anal"}],"about":[{"href":"https:\/\/repositorio.abejor.org.br\/index.php\/wp-json\/wp\/v2\/types\/anal"}],"wp:attachment":[{"href":"https:\/\/repositorio.abejor.org.br\/index.php\/wp-json\/wp\/v2\/media?parent=2018"}],"wp:term":[{"taxonomy":"grupo_pesquisa","embeddable":true,"href":"https:\/\/repositorio.abejor.org.br\/index.php\/wp-json\/wp\/v2\/grupo_pesquisa?post=2018"}],"curies":[{"name":"wp","href":"https:\/\/api.w.org\/{rel}","templated":true}]}}

Teorias e técnicas do jornalismo aplicadas ao ensino profissionalizante: uma experiênicia no curso ‘desenvolvedor de conteúdos youtube’, no senai três rios

<p>Este relato descreve a experiência do jornalista como instrutor no curso “Desenvolvedor de Conteúdos YouTube”, no Senai Três Rios, com estudantes do ensino médio. Parte do curso baseou-se em princípios jornalísticos, abarcando teoria e prática da área adaptadas à produção de conteúdo audiovisual para o YouTube e redes sociais. Exploraram-se conceitos das teorias da comunicação e do jornalismo, além de técnicas de apuração, edição, design para o audiovisual e literacia midiática. O relato destaca a importância da relação entre jornalismo e produção audiovisual, as responsabilidades éticas e legais na produção digital e a adaptação dos métodos de ensino e avaliação. Como resultado relatado, tem-se o progresso profissional dos alunos, com despertado interesse pela comunicação e até a consideração de futuras incursões acadêmicas na área, alinhado às demandas contemporâneas do ambiente midiático digital e seus desafios.</p>

Raí Gabriel de Castro Gomes,

Jornalismo; ensino profissionalizante; produção audiovisual; redes sociais; YouTube

23º Encontro Nacional de Ensino de Jornalismo

23º Encontro Nacional de Ensino de Jornalismo (ENEJor), realizado na Pontifícia Universidade Católica de Goiás (PUC-GO), entre os dias 23 e 26 de abril de 2024, na Escola de Forma de Professores. O tema do evento foi "Ensino de Jornalismo e Educação midiática: Princípios e práticas contra a desinformação". articiparam mais de 130 pessoas presencial e remotamente. Registrou-se um recorde de trabalhos inscritos no evento. Foram 81 submissões nos Grupos de Pesquisa (GPs) e de Trabalho (GT) do 19º Ciclo de Pesquisa em Ensino e Extensão, realizado durante o Encontro, com a participação de professores(as) e estudantes de diferentes regiões e instituições do país.

Atividades de Extensão
